000
CDUS43 KGLD 160100
CLIGLD

CLIMATE REPORT
NATIONAL WEATHER SERVICE GOODLAND
653 PM MDT MON MAY 15 2017

...................................

...THE GOODLAND KS CLIMATE SUMMARY FOR MAY 15 2017...
VALID TODAY AS OF 0600 PM LOCAL TIME.

CLIMATE NORMAL PERIOD 1981 TO 2010
CLIMATE RECORD PERIOD 1895 TO 2017

WEATHER ITEM   OBSERVED TIME   RECORD YEAR NORMAL DEPARTURE LAST
                VALUE   (LST)  VALUE       VALUE  FROM      YEAR
                                                  NORMAL
..................................................................
TEMPERATURE (F)
 TODAY
  MAXIMUM         88    327 PM  94    1936  73     15       52
  MINIMUM         62    100 AM  24    1907  46     16       43
  AVERAGE         75                        59     16       48

PRECIPITATION (IN)
  TODAY            0.17          1.53 1969   0.10   0.07     0.17
  MONTH TO DATE    2.96                      1.23   1.73     0.65
  SINCE MAR 1      6.76                      3.89   2.87     5.19
  SINCE JAN 1      7.69                      4.76   2.93     6.05

SNOWFALL (IN)
  TODAY            T                         0.1   -0.1      0.0
  MONTH TO DATE    T                         0.5   -0.5       T
  SINCE MAR 1      4.8                      11.5   -6.7      6.7
  SINCE JUL 1     14.2                      35.5  -21.3     30.1
  SNOW DEPTH      MM

DEGREE DAYS
 HEATING
  TODAY            0                         7     -7       17
  MONTH TO DATE   98                       134    -36      151
  SINCE MAR 1   1109                      1372   -263     1191
  SINCE JUL 1   4994                      5789   -795     5037

 COOLING
  TODAY           10                         1      9        0
  MONTH TO DATE   25                        13     12        6
  SINCE MAR 1     32                        17     15        6
  SINCE JAN 1     32                        17     15        6
..................................................................

WIND (MPH)
  HIGHEST WIND SPEED    28   HIGHEST WIND DIRECTION     W (260)
  HIGHEST GUST SPEED    35   HIGHEST GUST DIRECTION     W (270)
  AVERAGE WIND SPEED    14.3


SKY COVER
  AVERAGE SKY COVER 0.0


WEATHER CONDITIONS
 THE FOLLOWING WEATHER WAS RECORDED TODAY.
  THUNDERSTORM
  RAIN
  LIGHT RAIN
  HAIL


RELATIVE HUMIDITY (PERCENT)
 HIGHEST    78          1200 AM
 LOWEST     19           100 PM
 AVERAGE    49

..........................................................


THE GOODLAND KS CLIMATE NORMALS FOR TOMORROW
                         NORMAL    RECORD    YEAR
 MAXIMUM TEMPERATURE (F)   73        94      1996
 MINIMUM TEMPERATURE (F)   46        27      1945


SUNRISE AND SUNSET
MAY 15 2017...........SUNRISE   533 AM MDT   SUNSET   754 PM MDT
MAY 16 2017...........SUNRISE   532 AM MDT   SUNSET   755 PM MDT


-  INDICATES NEGATIVE NUMBERS.
R  INDICATES RECORD WAS SET OR TIED.
MM INDICATES DATA IS MISSING.
T  INDICATES TRACE AMOUNT.

&&

THE AVERAGE SOIL TEMPERATURE AT THE FOUR INCH DEPTH... 64

$$
