000
CDUS43 KGLD 160812
CLIGLD

CLIMATE REPORT
NATIONAL WEATHER SERVICE GOODLAND
138 AM MDT TUE AUG 16 2016

...................................

...THE GOODLAND KS CLIMATE SUMMARY FOR AUGUST 15 2016...

CLIMATE NORMAL PERIOD 1981 TO 2010
CLIMATE RECORD PERIOD 1895 TO 2016

WEATHER ITEM   OBSERVED TIME   RECORD YEAR NORMAL DEPARTURE LAST
                VALUE   (LST)  VALUE       VALUE  FROM      YEAR
                                                  NORMAL
..................................................................
TEMPERATURE (F)
 YESTERDAY
  MAXIMUM         92    414 PM 106    1937  88      4       95
  MINIMUM         59    602 AM  49    1978  61     -2       66
  AVERAGE         76                        74      2       81

PRECIPITATION (IN)
  YESTERDAY        0.00          1.21 1953   0.09  -0.09     0.00
  MONTH TO DATE    0.79                      1.53  -0.74     0.11
  SINCE JUN 1      5.16                      8.25  -3.09     4.70
  SINCE JAN 1     12.52                     14.73  -2.21    16.49

SNOWFALL (IN)
  YESTERDAY        0.0                       0.0    0.0      0.0
  MONTH TO DATE    0.0                       0.0    0.0      0.0
  SINCE JUN 1      0.0                       0.0    0.0      0.0
  SINCE JUL 1      0.0                       0.0    0.0      0.0
  SNOW DEPTH       0

DEGREE DAYS
 HEATING
  YESTERDAY        0                         0      0        0
  MONTH TO DATE    0                         0      0        0
  SINCE JUN 1      2                        41    -39        6
  SINCE JUL 1      0                         4     -4        1

 COOLING
  YESTERDAY       11                         9      2       16
  MONTH TO DATE  154                       150      4      185
  SINCE JUN 1    845                       663    182      770
  SINCE JAN 1    869                       704    165      776
..................................................................

WIND (MPH)
  HIGHEST WIND SPEED    24   HIGHEST WIND DIRECTION    SE (120)
  HIGHEST GUST SPEED    33   HIGHEST GUST DIRECTION    NE (30)
  AVERAGE WIND SPEED    12.4

SKY COVER
  AVERAGE SKY COVER 0.0

WEATHER CONDITIONS
 THE FOLLOWING WEATHER WAS RECORDED YESTERDAY.
  THUNDERSTORM

RELATIVE HUMIDITY (PERCENT)
 HIGHEST    72
 LOWEST     20
 AVERAGE    46

..........................................................

THE GOODLAND KS CLIMATE NORMALS FOR TODAY
                         NORMAL    RECORD    YEAR
 MAXIMUM TEMPERATURE (F)   88       105      1983
                                             1914
 MINIMUM TEMPERATURE (F)   60        50      1897

SUNRISE AND SUNSET
AUGUST 16 2016........SUNRISE   601 AM MDT   SUNSET   740 PM MDT
AUGUST 17 2016........SUNRISE   602 AM MDT   SUNSET   739 PM MDT

-  INDICATES NEGATIVE NUMBERS.
R  INDICATES RECORD WAS SET OR TIED.
MM INDICATES DATA IS MISSING.
T  INDICATES TRACE AMOUNT.

&&

THE AVERAGE SOIL TEMPERATURE AT THE FOUR INCH DEPTH... 75

$$
