000
CDUS43 KGLD 210741
CLIGLD

CLIMATE REPORT
NATIONAL WEATHER SERVICE GOODLAND
137 AM MDT THU JUL 21 2016

...................................

...THE GOODLAND KS CLIMATE SUMMARY FOR JULY 20 2016...

CLIMATE NORMAL PERIOD 1981 TO 2010
CLIMATE RECORD PERIOD 1895 TO 2016

WEATHER ITEM   OBSERVED TIME   RECORD YEAR NORMAL DEPARTURE LAST
                VALUE   (LST)  VALUE       VALUE  FROM      YEAR
                                                  NORMAL
..................................................................
TEMPERATURE (F)
 YESTERDAY
  MAXIMUM        102    320 PM 109    2005  90     12       89
                                      1939
  MINIMUM         69    428 AM  50    1897  62      7       63
  AVERAGE         86                        76     10       76

PRECIPITATION (IN)
  YESTERDAY        0.00          1.60 1942   0.12  -0.12     0.00
  MONTH TO DATE    1.22                      2.23  -1.01     1.12
  SINCE JUN 1      2.84                      5.48  -2.64     3.43
  SINCE JAN 1     10.20                     11.96  -1.76    15.22

SNOWFALL (IN)
  YESTERDAY        0.0                       0.0    0.0      0.0
  MONTH TO DATE    0.0                       0.0    0.0      0.0
  SINCE JUN 1      0.0                       0.0    0.0      0.0
  SINCE JUL 1      0.0                       0.0    0.0      0.0
  SNOW DEPTH       0

DEGREE DAYS
 HEATING
  YESTERDAY        0                         0      0        0
  MONTH TO DATE    0                         0      0        1
  SINCE JUN 1      2                        37    -35        6
  SINCE JUL 1      0                         0      0        1

 COOLING
  YESTERDAY       21                        11     10       11
  MONTH TO DATE  255                       213     42      218
  SINCE JUN 1    544                       392    152      460
  SINCE JAN 1    568                       433    135      466
..................................................................

WIND (MPH)
  HIGHEST WIND SPEED    21   HIGHEST WIND DIRECTION     W (260)
  HIGHEST GUST SPEED    28   HIGHEST GUST DIRECTION     W (270)
  AVERAGE WIND SPEED    10.5


SKY COVER
  AVERAGE SKY COVER 0.0


WEATHER CONDITIONS
 THE FOLLOWING WEATHER WAS RECORDED YESTERDAY.
  NO SIGNIFICANT WEATHER WAS OBSERVED.


RELATIVE HUMIDITY (PERCENT)
 HIGHEST    64
 LOWEST     21
 AVERAGE    43

..........................................................


THE GOODLAND KS CLIMATE NORMALS FOR TODAY
                         NORMAL    RECORD    YEAR
 MAXIMUM TEMPERATURE (F)   90       105      2012
                                             2005
                                             1934
 MINIMUM TEMPERATURE (F)   62        50      1958


SUNRISE AND SUNSET
JULY 21 2016..........SUNRISE   538 AM MDT   SUNSET   808 PM MDT
JULY 22 2016..........SUNRISE   538 AM MDT   SUNSET   808 PM MDT


-  INDICATES NEGATIVE NUMBERS.
R  INDICATES RECORD WAS SET OR TIED.
MM INDICATES DATA IS MISSING.
T  INDICATES TRACE AMOUNT.

&&

THE AVERAGE SOIL TEMPERATURE AT THE FOUR INCH DEPTH... 81

$$
