000
CDUS43 KGLD 040740
CLIGLD

CLIMATE REPORT
NATIONAL WEATHER SERVICE GOODLAND
137 AM MDT FRI APR 4 2014

...................................

...THE GOODLAND KS CLIMATE SUMMARY FOR APRIL 3 2014...

CLIMATE NORMAL PERIOD 1981 TO 2010
CLIMATE RECORD PERIOD 1895 TO 2014

WEATHER ITEM   OBSERVED TIME   RECORD YEAR NORMAL DEPARTURE LAST
                VALUE   (LST)  VALUE       VALUE  FROM      YEAR
                                                  NORMAL
..................................................................
TEMPERATURE (F)
 YESTERDAY
  MAXIMUM         41    513 PM  86    1943  60    -19       49
  MINIMUM         26   1037 PM  15    1936  31     -5       29
                                      1926
  AVERAGE         34                        45    -11       39

PRECIPITATION (IN)
  YESTERDAY        0.15          1.19 2012   0.04   0.11      T
  MONTH TO DATE    0.15                      0.12   0.03     0.01
  SINCE MAR 1      0.57                      1.19  -0.62     1.46
  SINCE JAN 1      1.51                      2.06  -0.55     2.31

SNOWFALL (IN)
  YESTERDAY        T                         0.2   -0.2       T
  MONTH TO DATE    T                         0.7   -0.7       T
  SINCE MAR 1      3.5                       7.5   -4.0     19.8
  SINCE JUL 1     28.7                      31.5   -2.8     43.0
  SNOW DEPTH       0

DEGREE DAYS
 HEATING
  YESTERDAY       31                        20     11       26
  MONTH TO DATE   79                        60     19       82
  SINCE MAR 1    847                       818     29      925
  SINCE JUL 1   5391                      5235    156     5212

 COOLING
  YESTERDAY        0                         0      0        0
  MONTH TO DATE    0                         0      0        0
  SINCE MAR 1      0                         0      0        0
  SINCE JAN 1      0                         0      0        0
..................................................................

WIND (MPH)
  HIGHEST WIND SPEED    25   HIGHEST WIND DIRECTION     N (360)
  HIGHEST GUST SPEED    31   HIGHEST GUST DIRECTION     N (360)
  AVERAGE WIND SPEED    13.6

SKY COVER
  AVERAGE SKY COVER 0.7

WEATHER CONDITIONS
 THE FOLLOWING WEATHER WAS RECORDED YESTERDAY.
  SNOW
  LIGHT SNOW
  FOG

RELATIVE HUMIDITY (PERCENT)
 HIGHEST   100
 LOWEST     79
 AVERAGE    90

..........................................................

THE GOODLAND KS CLIMATE NORMALS FOR TODAY
                         NORMAL    RECORD    YEAR
 MAXIMUM TEMPERATURE (F)   60        86      1942
                                             1929
 MINIMUM TEMPERATURE (F)   31         8      1920

SUNRISE AND SUNSET
APRIL  4 2014.........SUNRISE   626 AM MDT   SUNSET   714 PM MDT
APRIL  5 2014.........SUNRISE   625 AM MDT   SUNSET   715 PM MDT

-  INDICATES NEGATIVE NUMBERS.
R  INDICATES RECORD WAS SET OR TIED.
MM INDICATES DATA IS MISSING.
T  INDICATES TRACE AMOUNT.

&&

THE AVERAGE SOIL TEMPERATURE AT THE FOUR INCH DEPTH... 44

$$
