000
CDUS43 KGLD 110744
CLIGLD

CLIMATE REPORT
NATIONAL WEATHER SERVICE GOODLAND
142 AM MDT THU SEP 11 2014

...................................

...THE GOODLAND KS CLIMATE SUMMARY FOR SEPTEMBER 10 2014...

CLIMATE NORMAL PERIOD 1981 TO 2010
CLIMATE RECORD PERIOD 1895 TO 2014

WEATHER ITEM   OBSERVED TIME   RECORD YEAR NORMAL DEPARTURE LAST
                VALUE   (LST)  VALUE       VALUE  FROM      YEAR
                                                  NORMAL
..................................................................
TEMPERATURE (F)
 YESTERDAY
  MAXIMUM         68    256 PM 100    1936  82    -14       89
                                      1895
  MINIMUM         48   1037 PM  34    1907  53     -5       57
  AVERAGE         58                        67     -9       73

PRECIPITATION (IN)
  YESTERDAY        T             0.71 1967   0.04  -0.04     0.01
  MONTH TO DATE    0.30                      0.45  -0.15     0.01
  SINCE SEP 1      0.30                      0.45  -0.15     0.01
  SINCE JAN 1     14.20                     16.35  -2.15     8.80

SNOWFALL (IN)
  YESTERDAY        0.0                       0.0    0.0      0.0
  MONTH TO DATE    0.0                       0.0    0.0      0.0
  SINCE SEP 1      0.0                       0.0    0.0      0.0
  SINCE JUL 1      0.0                       0.0    0.0      0.0
  SNOW DEPTH       0

DEGREE DAYS
 HEATING
  YESTERDAY        7                         2      5        0
  MONTH TO DATE   19                        14      5        0
  SINCE SEP 1     19                        14      5        0
  SINCE JUL 1     32                        26      6        7

 COOLING
  YESTERDAY        0                         4     -4        8
  MONTH TO DATE   50                        54     -4      143
  SINCE SEP 1     50                        54     -4      143
  SINCE JAN 1    852                       887    -35     1141
..................................................................

WIND (MPH)
  HIGHEST WIND SPEED    23   HIGHEST WIND DIRECTION     N (340)
  HIGHEST GUST SPEED    30   HIGHEST GUST DIRECTION     N (360)
  AVERAGE WIND SPEED    13.1

SKY COVER
  AVERAGE SKY COVER 0.6

WEATHER CONDITIONS
 THE FOLLOWING WEATHER WAS RECORDED YESTERDAY.
  LIGHT RAIN
  FOG

RELATIVE HUMIDITY (PERCENT)
 HIGHEST   100
 LOWEST     52
 AVERAGE    76

..........................................................

THE GOODLAND KS CLIMATE NORMALS FOR TODAY
                         NORMAL    RECORD    YEAR
 MAXIMUM TEMPERATURE (F)   81        99      1895
 MINIMUM TEMPERATURE (F)   52        37      1989

SUNRISE AND SUNSET
SEPTEMBER 11 2014.....SUNRISE   624 AM MDT   SUNSET   702 PM MDT
SEPTEMBER 12 2014.....SUNRISE   625 AM MDT   SUNSET   700 PM MDT

-  INDICATES NEGATIVE NUMBERS.
R  INDICATES RECORD WAS SET OR TIED.
MM INDICATES DATA IS MISSING.
T  INDICATES TRACE AMOUNT.

&&

THE AVERAGE SOIL TEMPERATURE AT THE FOUR INCH DEPTH... 71

$$
