000
CDUS43 KGLD 100740
CLIGLD

CLIMATE REPORT
NATIONAL WEATHER SERVICE GOODLAND
137 AM MDT SAT JUN 10 2017

...................................

...THE GOODLAND KS CLIMATE SUMMARY FOR JUNE 9 2017...

CLIMATE NORMAL PERIOD 1981 TO 2010
CLIMATE RECORD PERIOD 1895 TO 2017

WEATHER ITEM   OBSERVED TIME   RECORD YEAR NORMAL DEPARTURE LAST
                VALUE   (LST)  VALUE       VALUE  FROM      YEAR
                                                  NORMAL
..................................................................
TEMPERATURE (F)
 YESTERDAY
  MAXIMUM         88    340 PM 101    2012  81      7       93
  MINIMUM         59    459 AM  39    1955  54      5       60
                                      1917
  AVERAGE         74                        68      6       77

PRECIPITATION (IN)
  YESTERDAY        0.00          1.35 1951   0.11  -0.11     0.00
  MONTH TO DATE    1.82                      1.01   0.81     0.00
  SINCE JUN 1      1.82                      1.01   0.81     0.00
  SINCE JAN 1     14.21                      7.49   6.72     7.36

SNOWFALL (IN)
  YESTERDAY        0.0                       0.0    0.0      0.0
  MONTH TO DATE    0.0                       0.0    0.0      0.0
  SINCE JUN 1      0.0                       0.0    0.0      0.0
  SINCE JUL 1     14.2                      35.5  -21.3     30.1
  SNOW DEPTH       0

DEGREE DAYS
 HEATING
  YESTERDAY        0                         2     -2        0
  MONTH TO DATE    0                        22    -22        2
  SINCE JUN 1      0                        22    -22        2
  SINCE JUL 1   5118                      5888   -770     5131

 COOLING
  YESTERDAY        9                         4      5       12
  MONTH TO DATE   39                        32      7       39
  SINCE JUN 1     39                        32      7       39
  SINCE JAN 1     77                        73      4       63
..................................................................

WIND (MPH)
  HIGHEST WIND SPEED    26   HIGHEST WIND DIRECTION     S (170)
  HIGHEST GUST SPEED    32   HIGHEST GUST DIRECTION     S (180)
  AVERAGE WIND SPEED    17.8


SKY COVER
  AVERAGE SKY COVER 0.0


WEATHER CONDITIONS
 THE FOLLOWING WEATHER WAS RECORDED YESTERDAY.
  NO SIGNIFICANT WEATHER WAS OBSERVED.


RELATIVE HUMIDITY (PERCENT)
 HIGHEST   100
 LOWEST     40
 AVERAGE    70

..........................................................


THE GOODLAND KS CLIMATE NORMALS FOR TODAY
                         NORMAL    RECORD    YEAR
 MAXIMUM TEMPERATURE (F)   82       104      2013
 MINIMUM TEMPERATURE (F)   54        41      1997
                                             1984


SUNRISE AND SUNSET
JUNE 10 2017..........SUNRISE   520 AM MDT   SUNSET   813 PM MDT
JUNE 11 2017..........SUNRISE   519 AM MDT   SUNSET   814 PM MDT


-  INDICATES NEGATIVE NUMBERS.
R  INDICATES RECORD WAS SET OR TIED.
MM INDICATES DATA IS MISSING.
T  INDICATES TRACE AMOUNT.

&&

THE AVERAGE SOIL TEMPERATURE AT THE FOUR INCH DEPTH... 70

$$
