475
CDUS43 KGLD 220737
CLIGLD

CLIMATE REPORT
NATIONAL WEATHER SERVICE GOODLAND
136 AM MDT WED MAR 22 2017

...................................

...THE GOODLAND KS CLIMATE SUMMARY FOR MARCH 21 2017...

CLIMATE NORMAL PERIOD 1981 TO 2010
CLIMATE RECORD PERIOD 1895 TO 2017

WEATHER ITEM   OBSERVED TIME   RECORD YEAR NORMAL DEPARTURE LAST
                VALUE   (LST)  VALUE       VALUE  FROM      YEAR
                                                  NORMAL
..................................................................
TEMPERATURE (F)
 YESTERDAY
  MAXIMUM         61    248 PM  84    2011  56      5       81
                                      1907
  MINIMUM         34    537 AM   0    1913  28      6       30
  AVERAGE         48                        42      6       56

PRECIPITATION (IN)
  YESTERDAY        0.00          0.88 1979   0.04  -0.04     0.00
  MONTH TO DATE    0.02                      0.67  -0.65     0.09
  SINCE MAR 1      0.02                      0.67  -0.65     0.09
  SINCE JAN 1      0.95                      1.54  -0.59     0.95

SNOWFALL (IN)
  YESTERDAY        0.0                       0.2   -0.2      0.0
  MONTH TO DATE    T                         4.3   -4.3      0.8
  SINCE MAR 1      T                         4.3   -4.3      0.8
  SINCE JUL 1      9.4                      28.3  -18.9     24.2
  SNOW DEPTH       0

DEGREE DAYS
 HEATING
  YESTERDAY       17                        23     -6        9
  MONTH TO DATE  407                       542   -135      397
  SINCE MAR 1    407                       542   -135      397
  SINCE JUL 1   4292                      4959   -667     4243

 COOLING
  YESTERDAY        0                         0      0        0
  MONTH TO DATE    0                         0      0        0
  SINCE MAR 1      0                         0      0        0
  SINCE JAN 1      0                         0      0        0
..................................................................

WIND (MPH)
  HIGHEST WIND SPEED    23   HIGHEST WIND DIRECTION    SE (120)
  HIGHEST GUST SPEED    28   HIGHEST GUST DIRECTION    SE (120)
  AVERAGE WIND SPEED    13.2


SKY COVER
  AVERAGE SKY COVER 0.2


WEATHER CONDITIONS
 THE FOLLOWING WEATHER WAS RECORDED YESTERDAY.
  NO SIGNIFICANT WEATHER WAS OBSERVED.


RELATIVE HUMIDITY (PERCENT)
 HIGHEST    70
 LOWEST     35
 AVERAGE    53

..........................................................


THE GOODLAND KS CLIMATE NORMALS FOR TODAY
                         NORMAL    RECORD    YEAR
 MAXIMUM TEMPERATURE (F)   57        83      1916
 MINIMUM TEMPERATURE (F)   28         3      1912


SUNRISE AND SUNSET
MARCH 22 2017.........SUNRISE   647 AM MDT   SUNSET   701 PM MDT
MARCH 23 2017.........SUNRISE   645 AM MDT   SUNSET   702 PM MDT


-  INDICATES NEGATIVE NUMBERS.
R  INDICATES RECORD WAS SET OR TIED.
MM INDICATES DATA IS MISSING.
T  INDICATES TRACE AMOUNT.

&&

THE AVERAGE SOIL TEMPERATURE AT THE FOUR INCH DEPTH... 55
THE CURRENT DEPTH OF FROST... 0 INCHES

$$
