000
CDUS43 KGLD 030739
CLIGLD

CLIMATE REPORT
NATIONAL WEATHER SERVICE GOODLAND
1237 AM MST FRI FEB 3 2017

...................................

...THE GOODLAND KS CLIMATE SUMMARY FOR FEBRUARY 2 2017...

CLIMATE NORMAL PERIOD 1981 TO 2010
CLIMATE RECORD PERIOD 1895 TO 2017

WEATHER ITEM   OBSERVED TIME   RECORD YEAR NORMAL DEPARTURE LAST
                VALUE   (LST)  VALUE       VALUE  FROM      YEAR
                                                  NORMAL
..................................................................
TEMPERATURE (F)
 YESTERDAY
  MAXIMUM         23    344 PM  72    1934  43    -20       27
  MINIMUM         11   1153 PM -13    2011  17     -6       14
                                      1989
                                      1917
  AVERAGE         17                        30    -13       21

PRECIPITATION (IN)
  YESTERDAY        T             0.57 2016   0.01  -0.01     0.57
  MONTH TO DATE    T                         0.03  -0.03     0.81
  SINCE DEC 1      1.52                      0.87   0.65     1.01
  SINCE JAN 1      0.92                      0.41   0.51     0.85

SNOWFALL (IN)
  YESTERDAY        T                         0.2   -0.2      9.5
  MONTH TO DATE    T                         0.4   -0.4     13.3
  SINCE DEC 1      8.8                      11.8   -3.0     15.2
  SINCE JUL 1      9.4                      19.0   -9.6     23.4
  SNOW DEPTH       0

DEGREE DAYS
 HEATING
  YESTERDAY       48                        35     13       44
  MONTH TO DATE   86                        70     16       78
  SINCE DEC 1   2404                      2254    150     2079
  SINCE JUL 1   3267                      3573   -306     3139

 COOLING
  YESTERDAY        0                         0      0        0
  MONTH TO DATE    0                         0      0        0
  SINCE DEC 1      0                         0      0        0
  SINCE JAN 1      0                         0      0        0
..................................................................

WIND (MPH)
  HIGHEST WIND SPEED    18   HIGHEST WIND DIRECTION     S (170)
  HIGHEST GUST SPEED    22   HIGHEST GUST DIRECTION     S (170)
  AVERAGE WIND SPEED    10.7


SKY COVER
  AVERAGE SKY COVER 1.0


WEATHER CONDITIONS
 THE FOLLOWING WEATHER WAS RECORDED YESTERDAY.
  NO SIGNIFICANT WEATHER WAS OBSERVED.


RELATIVE HUMIDITY (PERCENT)
 HIGHEST    84
 LOWEST     57
 AVERAGE    71

..........................................................


THE GOODLAND KS CLIMATE NORMALS FOR TODAY
                         NORMAL    RECORD    YEAR
 MAXIMUM TEMPERATURE (F)   43        74      1962
 MINIMUM TEMPERATURE (F)   17       -19      1996


SUNRISE AND SUNSET
FEBRUARY  3 2017......SUNRISE   652 AM MST   SUNSET   510 PM MST
FEBRUARY  4 2017......SUNRISE   651 AM MST   SUNSET   511 PM MST


-  INDICATES NEGATIVE NUMBERS.
R  INDICATES RECORD WAS SET OR TIED.
MM INDICATES DATA IS MISSING.
T  INDICATES TRACE AMOUNT.

&&

THE AVERAGE SOIL TEMPERATURE AT THE FOUR INCH DEPTH... 31
THE CURRENT DEPTH OF FROST... 8 INCHES

$$
