000
CDUS43 KGLD 140743
CLIGLD

CLIMATE REPORT
NATIONAL WEATHER SERVICE GOODLAND
141 AM MDT THU JUL 14 2016

...................................

...THE GOODLAND KS CLIMATE SUMMARY FOR JULY 13 2016...

CLIMATE NORMAL PERIOD 1981 TO 2010
CLIMATE RECORD PERIOD 1895 TO 2016

WEATHER ITEM   OBSERVED TIME   RECORD YEAR NORMAL DEPARTURE LAST
                VALUE   (LST)  VALUE       VALUE  FROM      YEAR
                                                  NORMAL
..................................................................
TEMPERATURE (F)
 YESTERDAY
  MAXIMUM         94    344 PM 108    1934  91      3      100
  MINIMUM         59    450 AM  43    1990  61     -2       68
  AVERAGE         77                        76      1       84

PRECIPITATION (IN)
  YESTERDAY        0.24          1.01 1989   0.11   0.13     0.00
  MONTH TO DATE    0.93                      1.44  -0.51     0.32
  SINCE JUN 1      2.55                      4.69  -2.14     2.63
  SINCE JAN 1      9.91                     11.17  -1.26    14.42

SNOWFALL (IN)
  YESTERDAY        0.0                       0.0    0.0      0.0
  MONTH TO DATE    0.0                       0.0    0.0      0.0
  SINCE JUN 1      0.0                       0.0    0.0      0.0
  SINCE JUL 1      0.0                       0.0    0.0      0.0
  SNOW DEPTH       0

DEGREE DAYS
 HEATING
  YESTERDAY        0                         0      0        0
  MONTH TO DATE    0                         0      0        1
  SINCE JUN 1      2                        37    -35        6
  SINCE JUL 1      0                         0      0        1

 COOLING
  YESTERDAY       12                        11      1       19
  MONTH TO DATE  158                       136     22      127
  SINCE JUN 1    447                       315    132      369
  SINCE JAN 1    471                       356    115      375
..................................................................

WIND (MPH)
  HIGHEST WIND SPEED    54   HIGHEST WIND DIRECTION     N (360)
  HIGHEST GUST SPEED    66   HIGHEST GUST DIRECTION     N (360)
  AVERAGE WIND SPEED    10.4


SKY COVER
  AVERAGE SKY COVER 0.2


WEATHER CONDITIONS
 THE FOLLOWING WEATHER WAS RECORDED YESTERDAY.
  THUNDERSTORM
  HEAVY RAIN
  LIGHT RAIN
  HAIL
  FOG
  HAZE


RELATIVE HUMIDITY (PERCENT)
 HIGHEST    84
 LOWEST     24
 AVERAGE    54

..........................................................


THE GOODLAND KS CLIMATE NORMALS FOR TODAY
                         NORMAL    RECORD    YEAR
 MAXIMUM TEMPERATURE (F)   91       107      1934
 MINIMUM TEMPERATURE (F)   62        47      1990


SUNRISE AND SUNSET
JULY 14 2016..........SUNRISE   532 AM MDT   SUNSET   813 PM MDT
JULY 15 2016..........SUNRISE   533 AM MDT   SUNSET   812 PM MDT


-  INDICATES NEGATIVE NUMBERS.
R  INDICATES RECORD WAS SET OR TIED.
MM INDICATES DATA IS MISSING.
T  INDICATES TRACE AMOUNT.

&&

THE AVERAGE SOIL TEMPERATURE AT THE FOUR INCH DEPTH... 77

$$
