000
CDUS43 KGLD 140758
CLIGLD

CLIMATE REPORT
NATIONAL WEATHER SERVICE GOODLAND
155 AM MDT MON JUL 14 2014

...................................

...THE GOODLAND KS CLIMATE SUMMARY FOR JULY 13 2014...

CLIMATE NORMAL PERIOD 1981 TO 2010
CLIMATE RECORD PERIOD 1895 TO 2014

WEATHER ITEM   OBSERVED TIME   RECORD YEAR NORMAL DEPARTURE LAST
                VALUE   (LST)  VALUE       VALUE  FROM      YEAR
                                                  NORMAL
..................................................................
TEMPERATURE (F)
 YESTERDAY
  MAXIMUM         85    119 PM 108    1934  91     -6      100
  MINIMUM         63   1159 PM  43    1990  61      2       64
  AVERAGE         74                        76     -2       82

PRECIPITATION (IN)
  YESTERDAY        0.50          1.01 1989   0.11   0.39      T
  MONTH TO DATE    1.40                      1.44  -0.04     0.02
  SINCE JUN 1      6.93                      4.69   2.24     3.06
  SINCE JAN 1     10.47                     11.17  -0.70     7.42

SNOWFALL (IN)
  YESTERDAY        0.0                       0.0    0.0      0.0
  MONTH TO DATE    0.0                       0.0    0.0      0.0
  SINCE JUN 1      0.0                       0.0    0.0      0.0
  SINCE JUL 1      0.0                       0.0    0.0      0.0
  SNOW DEPTH       0

DEGREE DAYS
 HEATING
  YESTERDAY        0                         0      0        0
  MONTH TO DATE    0                         0      0        0
  SINCE JUN 1     38                        37      1       31
  SINCE JUL 1      0                         0      0        0

 COOLING
  YESTERDAY        9                        11     -2       17
  MONTH TO DATE  135                       136     -1      170
  SINCE JUN 1    284                       315    -31      427
  SINCE JAN 1    330                       356    -26      516
..................................................................

WIND (MPH)
  HIGHEST WIND SPEED    31   HIGHEST WIND DIRECTION     N (350)
  HIGHEST GUST SPEED    37   HIGHEST GUST DIRECTION     N (340)
  AVERAGE WIND SPEED     8.4

SKY COVER
  AVERAGE SKY COVER 0.2

WEATHER CONDITIONS
THE FOLLOWING WEATHER WAS RECORDED YESTERDAY.
  THUNDERSTORM
  HEAVY RAIN
  RAIN
  LIGHT RAIN
  FOG

RELATIVE HUMIDITY (PERCENT)
 HIGHEST    93
 LOWEST     43
 AVERAGE    68

..........................................................

THE GOODLAND KS CLIMATE NORMALS FOR TODAY
                         NORMAL    RECORD    YEAR
 MAXIMUM TEMPERATURE (F)   91       107      1934
 MINIMUM TEMPERATURE (F)   62        47      1990

SUNRISE AND SUNSET
JULY 14 2014..........SUNRISE   532 AM MDT   SUNSET   813 PM MDT
JULY 15 2014..........SUNRISE   532 AM MDT   SUNSET   813 PM MDT

-  INDICATES NEGATIVE NUMBERS.
R  INDICATES RECORD WAS SET OR TIED.
MM INDICATES DATA IS MISSING.
T  INDICATES TRACE AMOUNT.

&&

THE AVERAGE SOIL TEMPERATURE AT THE FOUR INCH DEPTH... 75

$$
