000
CDUS43 KGLD 030745
CLIGLD

CLIMATE REPORT
NATIONAL WEATHER SERVICE GOODLAND
1243 AM MST WED JAN 3 2018

...................................

...THE GOODLAND KS CLIMATE SUMMARY FOR JANUARY 2 2018...

CLIMATE NORMAL PERIOD 1981 TO 2010
CLIMATE RECORD PERIOD 1895 TO 2018

WEATHER ITEM   OBSERVED TIME   RECORD YEAR NORMAL DEPARTURE LAST
                VALUE   (LST)  VALUE       VALUE  FROM      YEAR
                                                  NORMAL
..................................................................
TEMPERATURE (F)
 YESTERDAY
  MAXIMUM         38    320 PM  71    1997  42     -4       29
  MINIMUM          0    734 AM -13    1919  17    -17       15
  AVERAGE         19                        30    -11       22

PRECIPITATION (IN)
  YESTERDAY        0.00          0.27 1971   0.01  -0.01     0.00
  MONTH TO DATE    0.00                      0.02  -0.02     0.00
  SINCE DEC 1      0.09                      0.48  -0.39     0.60
  SINCE JAN 1      0.00                      0.02  -0.02     0.00

SNOWFALL (IN)
  YESTERDAY        0.0                       0.2   -0.2      0.0
  MONTH TO DATE    0.0                       0.4   -0.4      0.0
  SINCE DEC 1      1.5                       5.9   -4.4      5.0
  SINCE JUL 1      1.6                      13.1  -11.5      5.6
  SNOW DEPTH       0

DEGREE DAYS
 HEATING
  YESTERDAY       46                        36     10       43
  MONTH TO DATE  102                        72     30       75
  SINCE DEC 1   1176                      1160     16     1277
  SINCE JUL 1   2327                      2479   -152     2140

 COOLING
  YESTERDAY        0                         0      0        0
  MONTH TO DATE    0                         0      0        0
  SINCE DEC 1      0                         0      0        0
  SINCE JAN 1      0                         0      0        0
..................................................................

WIND (MPH)
  HIGHEST WIND SPEED    21   HIGHEST WIND DIRECTION    NW (320)
  HIGHEST GUST SPEED    28   HIGHEST GUST DIRECTION    NW (320)
  AVERAGE WIND SPEED    10.4


SKY COVER
  AVERAGE SKY COVER 0.0


WEATHER CONDITIONS
 THE FOLLOWING WEATHER WAS RECORDED YESTERDAY.
  NO SIGNIFICANT WEATHER WAS OBSERVED.


RELATIVE HUMIDITY (PERCENT)
 HIGHEST    75
 LOWEST     25
 AVERAGE    50

..........................................................

THE GOODLAND KS CLIMATE NORMALS FOR TODAY
                         NORMAL    RECORD    YEAR
 MAXIMUM TEMPERATURE (F)   42        68      2006
 MINIMUM TEMPERATURE (F)   17       -26      1959


SUNRISE AND SUNSET
JANUARY  3 2018.......SUNRISE   707 AM MST   SUNSET   436 PM MST
JANUARY  4 2018.......SUNRISE   707 AM MST   SUNSET   437 PM MST


-  INDICATES NEGATIVE NUMBERS.
R  INDICATES RECORD WAS SET OR TIED.
MM INDICATES DATA IS MISSING.
T  INDICATES TRACE AMOUNT.

&&

THE AVERAGE SOIL TEMPERATURE AT THE FOUR INCH DEPTH... 22
THE CURRENT DEPTH OF FROST... 11 INCHES

$$
