111
CDUS43 KGLD 090055
CLIGLD

CLIMATE REPORT
NATIONAL WEATHER SERVICE GOODLAND
553 PM MST THU FEB 8 2018

...................................

...THE GOODLAND KS CLIMATE SUMMARY FOR FEBRUARY 8 2018...
VALID TODAY AS OF 0500 PM LOCAL TIME.

CLIMATE NORMAL PERIOD 1981 TO 2010
CLIMATE RECORD PERIOD 1895 TO 2018

WEATHER ITEM   OBSERVED TIME   RECORD YEAR NORMAL DEPARTURE LAST
                VALUE   (LST)  VALUE       VALUE  FROM      YEAR
                                                  NORMAL
..................................................................
TEMPERATURE (F)
 TODAY
  MAXIMUM         60    219 PM  76    1943  44     16       35
  MINIMUM         30    452 AM -22    1936  18     12       15
  AVERAGE         45                        31     14       25

PRECIPITATION (IN)
  TODAY            0.00          0.34 2011   0.01  -0.01      T
  MONTH TO DATE    0.33                      0.12   0.21      T
  SINCE DEC 1      1.10                      0.96   0.14     1.52
  SINCE JAN 1      1.01                      0.50   0.51     0.92

SNOWFALL (IN)
  TODAY            0.0                       0.2   -0.2       T
  MONTH TO DATE    5.3                       1.7    3.6       T
  SINCE DEC 1     15.8                      13.1    2.7      8.8
  SINCE JUL 1     15.9                      20.3   -4.4      9.4
  SNOW DEPTH       3

DEGREE DAYS
 HEATING
  TODAY           20                        34    -14       40
  MONTH TO DATE  280                       278      2      252
  SINCE DEC 1   2382                      2462    -80     2570
  SINCE JUL 1   3533                      3781   -248     3433

 COOLING
  TODAY            0                         0      0        0
  MONTH TO DATE    0                         0      0        0
  SINCE DEC 1      0                         0      0        0
  SINCE JAN 1      0                         0      0        0
..................................................................

WIND (MPH)
  HIGHEST WIND SPEED    16   HIGHEST WIND DIRECTION    SW (230)
  HIGHEST GUST SPEED    20   HIGHEST GUST DIRECTION    SW (240)
  AVERAGE WIND SPEED    10.3


SKY COVER
  AVERAGE SKY COVER 0.0


WEATHER CONDITIONS
 THE FOLLOWING WEATHER WAS RECORDED TODAY.
  NO SIGNIFICANT WEATHER WAS OBSERVED.


RELATIVE HUMIDITY (PERCENT)
 HIGHEST    69          1200 AM
 LOWEST     36           300 PM
 AVERAGE    53

..........................................................


THE GOODLAND KS CLIMATE NORMALS FOR TOMORROW
                         NORMAL    RECORD    YEAR
 MAXIMUM TEMPERATURE (F)   44        78      1976
 MINIMUM TEMPERATURE (F)   18       -22      1933


SUNRISE AND SUNSET
FEBRUARY  8 2018......SUNRISE   647 AM MST   SUNSET   516 PM MST
FEBRUARY  9 2018......SUNRISE   646 AM MST   SUNSET   517 PM MST


-  INDICATES NEGATIVE NUMBERS.
R  INDICATES RECORD WAS SET OR TIED.
MM INDICATES DATA IS MISSING.
T  INDICATES TRACE AMOUNT.

&&

THE AVERAGE SOIL TEMPERATURE AT THE FOUR INCH DEPTH... 31
THE CURRENT DEPTH OF FROST... 03 INCHES

$$
