000
CDUS43 KGLD 090745
CLIGLD

CLIMATE REPORT
NATIONAL WEATHER SERVICE GOODLAND
145 AM MDT MON OCT 9 2017

...THE GOODLAND KS CLIMATE SUMMARY FOR OCTOBER 8 2017...

CLIMATE NORMAL PERIOD 1981 TO 2010
CLIMATE RECORD PERIOD 1895 TO 2017

WEATHER ITEM   OBSERVED TIME   RECORD YEAR NORMAL DEPARTURE LAST
                VALUE   (LST)  VALUE       VALUE  FROM      YEAR
                                                  NORMAL
..................................................................
TEMPERATURE (F)
 YESTERDAY
  MAXIMUM         69    244 PM  91    1910  69      0       78
  MINIMUM         40    442 AM  20    2000  40      0       39
  AVERAGE         55                        55      0       59

PRECIPITATION (IN)
  YESTERDAY        0.00          0.85 2011   0.05  -0.05     0.00
  MONTH TO DATE    0.39                      0.38   0.01      T
  SINCE SEP 1      4.24                      1.60   2.64     2.49
  SINCE JAN 1     26.20                     17.50   8.70    16.53

SNOWFALL (IN)
  YESTERDAY        0.0                       0.0    0.0      0.0
  MONTH TO DATE    0.0                       0.2   -0.2      0.0
  SINCE SEP 1      0.0                       0.6   -0.6       T
  SINCE JUL 1      T                         0.6   -0.6       T
  SNOW DEPTH       0

DEGREE DAYS
 HEATING
  YESTERDAY       10                        11     -1        6
  MONTH TO DATE   54                        75    -21       73
  SINCE SEP 1    162                       187    -25      131
  SINCE JUL 1    162                       199    -37      138

 COOLING
  YESTERDAY        0                         0      0        0
  MONTH TO DATE    0                         5     -5        6
  SINCE SEP 1    139                       105     34      128
  SINCE JAN 1    958                       938     20     1077
..................................................................

WIND (MPH)
  HIGHEST WIND SPEED    29   HIGHEST WIND DIRECTION    NE (30)
  HIGHEST GUST SPEED    40   HIGHEST GUST DIRECTION    NE (30)
  AVERAGE WIND SPEED    12.6


SKY COVER
  AVERAGE SKY COVER 0.0


WEATHER CONDITIONS
 THE FOLLOWING WEATHER WAS RECORDED YESTERDAY.
  NO SIGNIFICANT WEATHER WAS OBSERVED.


RELATIVE HUMIDITY (PERCENT)
 HIGHEST    92
 LOWEST     39
 AVERAGE    66

..........................................................


THE GOODLAND KS CLIMATE NORMALS FOR TODAY
                         NORMAL    RECORD    YEAR
 MAXIMUM TEMPERATURE (F)   69        90      2003
                                             1910
 MINIMUM TEMPERATURE (F)   40        23      2000


SUNRISE AND SUNSET
OCTOBER  9 2017.......SUNRISE   651 AM MDT   SUNSET   616 PM MDT
OCTOBER 10 2017.......SUNRISE   652 AM MDT   SUNSET   615 PM MDT


-  INDICATES NEGATIVE NUMBERS.
R  INDICATES RECORD WAS SET OR TIED.
MM INDICATES DATA IS MISSING.
T  INDICATES TRACE AMOUNT.

&&

THE AVERAGE SOIL TEMPERATURE AT THE FOUR INCH DEPTH... 58

$$
