000
CDUS43 KGLD 220747
CLIGLD

CLIMATE REPORT
NATIONAL WEATHER SERVICE GOODLAND
1240 AM MST THU JAN 22 2015

...................................

...THE GOODLAND KS CLIMATE SUMMARY FOR JANUARY 21 2015...

CLIMATE NORMAL PERIOD 1981 TO 2010
CLIMATE RECORD PERIOD 1895 TO 2015

WEATHER ITEM   OBSERVED TIME   RECORD YEAR NORMAL DEPARTURE LAST
                VALUE   (LST)  VALUE       VALUE  FROM      YEAR
                                                  NORMAL
..................................................................
TEMPERATURE (F)
 YESTERDAY
  MAXIMUM         37   1243 PM  73    1950  42     -5       61
  MINIMUM         18   1157 PM -16    1930  17      1       10
  AVERAGE         28                        30     -2       36

PRECIPITATION (IN)
  YESTERDAY        0.00          0.06 1941   0.01  -0.01     0.00
  MONTH TO DATE    0.21                      0.24  -0.03     0.12
  SINCE DEC 1      1.67                      0.70   0.97     0.17
  SINCE JAN 1      0.21                      0.24  -0.03     0.12

SNOWFALL (IN)
  YESTERDAY        0.0                       0.2   -0.2      0.0
  MONTH TO DATE    2.0                       3.8   -1.8      3.1
  SINCE DEC 1     11.7                       9.3    2.4      5.6
  SINCE JUL 1     11.9                      16.5   -4.6      9.9
  SNOW DEPTH       0

DEGREE DAYS
 HEATING
  YESTERDAY       37                        35      2       29
  MONTH TO DATE  782                       737     45      690
  SINCE DEC 1   1841                      1825     16     1783
  SINCE JUL 1   3096                      3144    -48     3056

 COOLING
  YESTERDAY        0                         0      0        0
  MONTH TO DATE    0                         0      0        0
  SINCE DEC 1      0                         0      0        0
  SINCE JAN 1      0                         0      0        0
..................................................................

WIND (MPH)
  HIGHEST WIND SPEED    10   HIGHEST WIND DIRECTION     N (350)
  HIGHEST GUST SPEED    13   HIGHEST GUST DIRECTION     N (340)
  AVERAGE WIND SPEED     6.2


SKY COVER
  AVERAGE SKY COVER 0.8


WEATHER CONDITIONS
 THE FOLLOWING WEATHER WAS RECORDED YESTERDAY.
  NO SIGNIFICANT WEATHER WAS OBSERVED.


RELATIVE HUMIDITY (PERCENT)
 HIGHEST    92
 LOWEST     56
 AVERAGE    74

..........................................................


THE GOODLAND KS CLIMATE NORMALS FOR TODAY
                         NORMAL    RECORD    YEAR
 MAXIMUM TEMPERATURE (F)   42        73      2009
                                             1967
 MINIMUM TEMPERATURE (F)   17       -10      1966
                                             1917


SUNRISE AND SUNSET
JANUARY 22 2015.......SUNRISE   702 AM MST   SUNSET   455 PM MST
JANUARY 23 2015.......SUNRISE   701 AM MST   SUNSET   457 PM MST


-  INDICATES NEGATIVE NUMBERS.
R  INDICATES RECORD WAS SET OR TIED.
MM INDICATES DATA IS MISSING.
T  INDICATES TRACE AMOUNT.

&&

THE AVERAGE SOIL TEMPERATURE AT THE FOUR INCH DEPTH... 31
THE CURRENT DEPTH OF FROST... 13 INCHES

$$
