000
CDUS43 KGLD 210745
CLIGLD

CLIMATE REPORT
NATIONAL WEATHER SERVICE GOODLAND
142 AM MDT FRI AUG 21 2015

...................................

...THE GOODLAND KS CLIMATE SUMMARY FOR AUGUST 20 2015...

CLIMATE NORMAL PERIOD 1981 TO 2010
CLIMATE RECORD PERIOD 1895 TO 2015

WEATHER ITEM   OBSERVED TIME   RECORD YEAR NORMAL DEPARTURE LAST
                VALUE   (LST)  VALUE       VALUE  FROM      YEAR
                                                  NORMAL
..................................................................
TEMPERATURE (F)
 YESTERDAY
  MAXIMUM         87    257 PM 104    1987  87      0       97
  MINIMUM         55    243 AM  46    2004  60     -5       64
  AVERAGE         71                        73     -2       81

PRECIPITATION (IN)
  YESTERDAY        0.00          2.83 1993   0.08  -0.08     0.00
  MONTH TO DATE    0.33                      1.95  -1.62     1.20
  SINCE JUN 1      4.92                      8.67  -3.75     8.80
  SINCE JAN 1     16.71                     15.15   1.56    12.34

SNOWFALL (IN)
  YESTERDAY        0.0                       0.0    0.0      0.0
  MONTH TO DATE    0.0                       0.0    0.0      0.0
  SINCE JUN 1      0.0                       0.0    0.0      0.0
  SINCE JUL 1      0.0                       0.0    0.0      0.0
  SNOW DEPTH       0

DEGREE DAYS
 HEATING
  YESTERDAY        0                         0      0        0
  MONTH TO DATE    2                         0      2        0
  SINCE JUN 1      8                        41    -33       51
  SINCE JUL 1      3                         4     -1       13

 COOLING
  YESTERDAY        6                         9     -3       16
  MONTH TO DATE  213                       195     18      226
  SINCE JUN 1    798                       708     90      678
  SINCE JAN 1    804                       749     55      724
..................................................................

WIND (MPH)
  HIGHEST WIND SPEED    24   HIGHEST WIND DIRECTION     S (190)
  HIGHEST GUST SPEED    30   HIGHEST GUST DIRECTION     S (200)
  AVERAGE WIND SPEED    15.0


SKY COVER
  AVERAGE SKY COVER 0.0


WEATHER CONDITIONS
 THE FOLLOWING WEATHER WAS RECORDED YESTERDAY.
  NO SIGNIFICANT WEATHER WAS OBSERVED.


RELATIVE HUMIDITY (PERCENT)
 HIGHEST    83
 LOWEST     30
 AVERAGE    57

..........................................................


THE GOODLAND KS CLIMATE NORMALS FOR TODAY
                         NORMAL    RECORD    YEAR
 MAXIMUM TEMPERATURE (F)   87       102      1943
 MINIMUM TEMPERATURE (F)   60        46      1964


SUNRISE AND SUNSET
AUGUST 21 2015........SUNRISE   605 AM MDT   SUNSET   734 PM MDT
AUGUST 22 2015........SUNRISE   606 AM MDT   SUNSET   733 PM MDT


-  INDICATES NEGATIVE NUMBERS.
R  INDICATES RECORD WAS SET OR TIED.
MM INDICATES DATA IS MISSING.
T  INDICATES TRACE AMOUNT.

&&

THE AVERAGE SOIL TEMPERATURE AT THE FOUR INCH DEPTH... 71

$$
