000
CDUS43 KGLD 160747
CLIGLD

CLIMATE REPORT
NATIONAL WEATHER SERVICE GOODLAND
143 AM MDT MON MAR 16 2015

...................................

...THE GOODLAND KS CLIMATE SUMMARY FOR MARCH 15 2015...

CLIMATE NORMAL PERIOD 1981 TO 2010
CLIMATE RECORD PERIOD 1895 TO 2015

WEATHER ITEM   OBSERVED TIME   RECORD YEAR NORMAL DEPARTURE LAST
                VALUE   (LST)  VALUE       VALUE  FROM      YEAR
                                                  NORMAL
..................................................................
TEMPERATURE (F)
 YESTERDAY
  MAXIMUM         81    300 PM  82    1935  55     26       61
  MINIMUM         42    622 AM   2    1912  26     16       29
  AVERAGE         62                        40     22       45

PRECIPITATION (IN)
  YESTERDAY        0.00          1.62 1946   0.03  -0.03     0.00
  MONTH TO DATE    0.03                      0.44  -0.41     0.08
  SINCE MAR 1      0.03                      0.44  -0.41     0.08
  SINCE JAN 1      1.11                      1.31  -0.20     1.02

SNOWFALL (IN)
  YESTERDAY        0.0                       0.2   -0.2      0.0
  MONTH TO DATE    0.6                       2.9   -2.3      0.6
  SINCE MAR 1      0.6                       2.9   -2.3      0.6
  SINCE JUL 1     22.7                      26.9   -4.2     25.8
  SNOW DEPTH       0

DEGREE DAYS
 HEATING
  YESTERDAY        3                        25    -22       20
  MONTH TO DATE  342                       400    -58      399
  SINCE MAR 1    342                       400    -58      399
  SINCE JUL 1   4557                      4817   -260     4943

 COOLING
  YESTERDAY        0                         0      0        0
  MONTH TO DATE    0                         0      0        0
  SINCE MAR 1      0                         0      0        0
  SINCE JAN 1      0                         0      0        0
..................................................................

WIND (MPH)
  HIGHEST WIND SPEED    26   HIGHEST WIND DIRECTION    SW (220)
  HIGHEST GUST SPEED    34   HIGHEST GUST DIRECTION    SW (220)
  AVERAGE WIND SPEED    18.5


SKY COVER
  AVERAGE SKY COVER 0.0


WEATHER CONDITIONS
 THE FOLLOWING WEATHER WAS RECORDED YESTERDAY.
  NO SIGNIFICANT WEATHER WAS OBSERVED.


RELATIVE HUMIDITY (PERCENT)
 HIGHEST    45
 LOWEST      4
 AVERAGE    25

..........................................................


THE GOODLAND KS CLIMATE NORMALS FOR TODAY
                         NORMAL    RECORD    YEAR
 MAXIMUM TEMPERATURE (F)   55        83      2012
 MINIMUM TEMPERATURE (F)   27         7      1928


SUNRISE AND SUNSET
MARCH 16 2015.........SUNRISE   657 AM MDT   SUNSET   655 PM MDT
MARCH 17 2015.........SUNRISE   655 AM MDT   SUNSET   656 PM MDT


-  INDICATES NEGATIVE NUMBERS.
R  INDICATES RECORD WAS SET OR TIED.
MM INDICATES DATA IS MISSING.
T  INDICATES TRACE AMOUNT.

&&

THE AVERAGE SOIL TEMPERATURE AT THE FOUR INCH DEPTH... 46
THE CURRENT DEPTH OF FROST... 0 INCHES

$$
