000
CDUS43 KGLD 050854
CLIGLD

CLIMATE REPORT
NATIONAL WEATHER SERVICE GOODLAND
252 AM MDT TUE JUL 5 2016

...................................

...THE GOODLAND KS CLIMATE SUMMARY FOR JULY 4 2016...

CLIMATE NORMAL PERIOD 1981 TO 2010
CLIMATE RECORD PERIOD 1895 TO 2016

WEATHER ITEM   OBSERVED TIME   RECORD YEAR NORMAL DEPARTURE LAST
                VALUE   (LST)  VALUE       VALUE  FROM      YEAR
                                                  NORMAL
..................................................................
TEMPERATURE (F)
 YESTERDAY
  MAXIMUM         96    357 PM 108    1964  90      6       93
  MINIMUM         58    449 AM  42    1915  60     -2       62
  AVERAGE         77                        75      2       78

PRECIPITATION (IN)
  YESTERDAY        0.00          0.99 1987   0.11  -0.11     0.00
  MONTH TO DATE    0.41                      0.42  -0.01     0.16
  SINCE JUN 1      2.03                      3.67  -1.64     2.47
  SINCE JAN 1      9.39                     10.15  -0.76    14.26

SNOWFALL (IN)
  YESTERDAY        0.0                       0.0    0.0      0.0
  MONTH TO DATE    0.0                       0.0    0.0      0.0
  SINCE JUN 1      0.0                       0.0    0.0      0.0
  SINCE JUL 1      0.0                       0.0    0.0      0.0
  SNOW DEPTH       0

DEGREE DAYS
 HEATING
  YESTERDAY        0                         0      0        0
  MONTH TO DATE    0                         0      0        0
  SINCE JUN 1      2                        37    -35        5
  SINCE JUL 1      0                         0      0        0

 COOLING
  YESTERDAY       12                        10      2       13
  MONTH TO DATE   32                        40     -8       45
  SINCE JUN 1    321                       219    102      287
  SINCE JAN 1    345                       260     85      293
..................................................................

WIND (MPH)
  HIGHEST WIND SPEED    20   HIGHEST WIND DIRECTION     N (340)
  HIGHEST GUST SPEED    23   HIGHEST GUST DIRECTION    NW (330)
  AVERAGE WIND SPEED     8.2


SKY COVER
  AVERAGE SKY COVER 0.0


WEATHER CONDITIONS
 THE FOLLOWING WEATHER WAS RECORDED YESTERDAY.
  FOG


RELATIVE HUMIDITY (PERCENT)
 HIGHEST   100
 LOWEST     19
 AVERAGE    60

..........................................................


THE GOODLAND KS CLIMATE NORMALS FOR TODAY
                         NORMAL    RECORD    YEAR
 MAXIMUM TEMPERATURE (F)   90       106      1964
 MINIMUM TEMPERATURE (F)   60        44      1931


SUNRISE AND SUNSET
JULY  5 2016..........SUNRISE   526 AM MDT   SUNSET   817 PM MDT
JULY  6 2016..........SUNRISE   527 AM MDT   SUNSET   816 PM MDT


-  INDICATES NEGATIVE NUMBERS.
R  INDICATES RECORD WAS SET OR TIED.
MM INDICATES DATA IS MISSING.
T  INDICATES TRACE AMOUNT.

&&

THE AVERAGE SOIL TEMPERATURE AT THE FOUR INCH DEPTH... 74

$$
