000
CDUS43 KGLD 300801
CLIGLD

CLIMATE REPORT
NATIONAL WEATHER SERVICE GOODLAND
1255 AM MST FRI DEC 30 2016

...................................

...THE GOODLAND KS CLIMATE SUMMARY FOR DECEMBER 29 2016...

CLIMATE NORMAL PERIOD 1981 TO 2010
CLIMATE RECORD PERIOD 1895 TO 2016

WEATHER ITEM   OBSERVED TIME   RECORD YEAR NORMAL DEPARTURE LAST
                VALUE   (LST)  VALUE       VALUE  FROM      YEAR
                                                  NORMAL
..................................................................
TEMPERATURE (F)
 YESTERDAY
  MAXIMUM         46    340 PM  68    2011  42      4       32
  MINIMUM         18    310 AM -12    1911  17      1        7
  AVERAGE         32                        29      3       20

PRECIPITATION (IN)
  YESTERDAY        0.00          1.36 2006   0.01  -0.01     0.00
  MONTH TO DATE    0.60                      0.43   0.17     0.16
  SINCE DEC 1      0.60                      0.43   0.17     0.16
  SINCE JAN 1     17.38                     19.63  -2.25    20.53

SNOWFALL (IN)
  YESTERDAY        0.0                       0.1   -0.1      0.0
  MONTH TO DATE    3.4                       5.1   -1.7      1.7
  SINCE DEC 1      3.4                       5.1   -1.7      1.7
  SINCE JUL 1      4.0                      12.3   -8.3      9.9
  SNOW DEPTH       0

DEGREE DAYS
 HEATING
  YESTERDAY       33                        36     -3       45
  MONTH TO DATE 1149                      1020    129      895
  SINCE DEC 1   1149                      1020    129      895
  SINCE JUL 1   2012                      2339   -327     1955

 COOLING
  YESTERDAY        0                         0      0        0
  MONTH TO DATE    0                         0      0        0
  SINCE DEC 1      0                         0      0        0
  SINCE JAN 1   1103                       941    162     1145
..................................................................

WIND (MPH)
  HIGHEST WIND SPEED    18   HIGHEST WIND DIRECTION    NW (320)
  HIGHEST GUST SPEED    23   HIGHEST GUST DIRECTION    NW (330)
  AVERAGE WIND SPEED    12.4


SKY COVER
  AVERAGE SKY COVER 0.0


WEATHER CONDITIONS
 THE FOLLOWING WEATHER WAS RECORDED YESTERDAY.
  NO SIGNIFICANT WEATHER WAS OBSERVED.


RELATIVE HUMIDITY (PERCENT)
 HIGHEST    67
 LOWEST     14
 AVERAGE    41

..........................................................


THE GOODLAND KS CLIMATE NORMALS FOR TODAY
                         NORMAL    RECORD    YEAR
 MAXIMUM TEMPERATURE (F)   42        71      1921
 MINIMUM TEMPERATURE (F)   17       -13      1990


SUNRISE AND SUNSET
DECEMBER 30 2016......SUNRISE   707 AM MST   SUNSET   433 PM MST
DECEMBER 31 2016......SUNRISE   707 AM MST   SUNSET   434 PM MST


-  INDICATES NEGATIVE NUMBERS.
R  INDICATES RECORD WAS SET OR TIED.
MM INDICATES DATA IS MISSING.
T  INDICATES TRACE AMOUNT.

&&

THE AVERAGE SOIL TEMPERATURE AT THE FOUR INCH DEPTH... 31
THE CURRENT DEPTH OF FROST... 6 INCHES

$$
