000
CDUS43 KGLD 010740
CLIGLD

CLIMATE REPORT
NATIONAL WEATHER SERVICE GOODLAND
138 AM MDT TUE JUL 1 2014

...................................

...THE GOODLAND KS CLIMATE SUMMARY FOR JUNE 30 2014...

CLIMATE NORMAL PERIOD 1981 TO 2010
CLIMATE RECORD PERIOD 1895 TO 2014

WEATHER ITEM   OBSERVED TIME   RECORD YEAR NORMAL DEPARTURE LAST
                VALUE   (LST)  VALUE       VALUE  FROM      YEAR
                                                  NORMAL
..................................................................
TEMPERATURE (F)
 YESTERDAY
  MAXIMUM         89   1109 AM 105    1933  89      0       82
  MINIMUM         62   1147 PM  42    1918  59      3       54
  AVERAGE         76                        74      2       68

PRECIPITATION (IN)
  YESTERDAY        T             1.22 1957   0.10  -0.10     0.00
  MONTH TO DATE    5.53                      3.25   2.28     3.04
  SINCE JUN 1      5.53                      3.25   2.28     3.04
  SINCE JAN 1      9.07                      9.73  -0.66     7.40

SNOWFALL (IN)
  YESTERDAY        0.0                       0.0    0.0      0.0
  MONTH TO DATE    0.0                       0.0    0.0      0.0
  SINCE JUN 1      0.0                       0.0    0.0      0.0
  SINCE JUL 1     29.1                      35.5   -6.4     59.2
  SNOW DEPTH       0

DEGREE DAYS
 HEATING
  YESTERDAY        0                         0      0        0
  MONTH TO DATE   38                        36      2       31
  SINCE JUN 1     38                        37      1       31
  SINCE JUL 1   5996                      5903     93     5985

 COOLING
  YESTERDAY       11                         9      2        3
  MONTH TO DATE  149                       179    -30      257
  SINCE JUN 1    149                       179    -30      257
  SINCE JAN 1    195                       220    -25      346
..................................................................

WIND (MPH)
  HIGHEST WIND SPEED    29   HIGHEST WIND DIRECTION     N (350)
  HIGHEST GUST SPEED    37   HIGHEST GUST DIRECTION     N (340)
  AVERAGE WIND SPEED    13.9

SKY COVER
  AVERAGE SKY COVER 0.1

WEATHER CONDITIONS
THE FOLLOWING WEATHER WAS RECORDED YESTERDAY.
  FOG

RELATIVE HUMIDITY (PERCENT)
 HIGHEST   100
 LOWEST     26
 AVERAGE    63

..........................................................

THE GOODLAND KS CLIMATE NORMALS FOR TODAY
                         NORMAL    RECORD    YEAR
 MAXIMUM TEMPERATURE (F)   89       106      1990
                                             1953
 MINIMUM TEMPERATURE (F)   60        44      1959

SUNRISE AND SUNSET
JULY  1 2014..........SUNRISE   524 AM MDT   SUNSET   817 PM MDT
JULY  2 2014..........SUNRISE   524 AM MDT   SUNSET   817 PM MDT

-  INDICATES NEGATIVE NUMBERS.
R  INDICATES RECORD WAS SET OR TIED.
MM INDICATES DATA IS MISSING.
T  INDICATES TRACE AMOUNT.

&&

THE AVERAGE SOIL TEMPERATURE AT THE FOUR INCH DEPTH... 71

$$
