000
CDUS43 KGLD 130756
CLIGLD

CLIMATE REPORT
NATIONAL WEATHER SERVICE GOODLAND
152 AM MDT FRI OCT 13 2017

...................................

...THE GOODLAND KS CLIMATE SUMMARY FOR OCTOBER 12 2017...

CLIMATE NORMAL PERIOD 1981 TO 2010
CLIMATE RECORD PERIOD 1895 TO 2017

WEATHER ITEM   OBSERVED TIME   RECORD YEAR NORMAL DEPARTURE LAST
                VALUE   (LST)  VALUE       VALUE  FROM      YEAR
                                                  NORMAL
..................................................................
TEMPERATURE (F)
 YESTERDAY
  MAXIMUM         84    259 PM  94    1975  68     16       52
  MINIMUM         38    630 AM  20    1917  39     -1       35
  AVERAGE         61                        53      8       44

PRECIPITATION (IN)
  YESTERDAY        0.00          1.09 1997   0.05  -0.05     0.00
  MONTH TO DATE    0.44                      0.56  -0.12     0.04
  SINCE SEP 1      4.29                      1.78   2.51     2.53
  SINCE JAN 1     26.25                     17.68   8.57    16.57

SNOWFALL (IN)
  YESTERDAY        0.0                       0.1   -0.1      0.0
  MONTH TO DATE    T                         0.5   -0.5      0.0
  SINCE SEP 1      T                         0.9   -0.9       T
  SINCE JUL 1      T                         0.9   -0.9       T
  SNOW DEPTH       0

DEGREE DAYS
 HEATING
  YESTERDAY        4                        12     -8       21
  MONTH TO DATE  114                       121     -7      105
  SINCE SEP 1    222                       233    -11      163
  SINCE JUL 1    222                       245    -23      170

 COOLING
  YESTERDAY        0                         0      0        0
  MONTH TO DATE    0                         5     -5       10
  SINCE SEP 1    139                       105     34      132
  SINCE JAN 1    958                       938     20     1081
..................................................................

WIND (MPH)
  HIGHEST WIND SPEED    18   HIGHEST WIND DIRECTION     N (20)
  HIGHEST GUST SPEED    26   HIGHEST GUST DIRECTION     N (360)
  AVERAGE WIND SPEED     8.1


SKY COVER
  AVERAGE SKY COVER 0.0


WEATHER CONDITIONS
 THE FOLLOWING WEATHER WAS RECORDED YESTERDAY.
  NO SIGNIFICANT WEATHER WAS OBSERVED.


RELATIVE HUMIDITY (PERCENT)
 HIGHEST   100
 LOWEST     22
 AVERAGE    61

..........................................................


THE GOODLAND KS CLIMATE NORMALS FOR TODAY
                         NORMAL    RECORD    YEAR
 MAXIMUM TEMPERATURE (F)   67        91      1950
 MINIMUM TEMPERATURE (F)   39        26      1986
                                             1969


SUNRISE AND SUNSET
OCTOBER 13 2017.......SUNRISE   655 AM MDT   SUNSET   610 PM MDT
OCTOBER 14 2017.......SUNRISE   656 AM MDT   SUNSET   609 PM MDT


-  INDICATES NEGATIVE NUMBERS.
R  INDICATES RECORD WAS SET OR TIED.
MM INDICATES DATA IS MISSING.
T  INDICATES TRACE AMOUNT.

&&

THE AVERAGE SOIL TEMPERATURE AT THE FOUR INCH DEPTH... 51

$$
