000
CDUS43 KGLD 060739
CLIGLD

CLIMATE REPORT
NATIONAL WEATHER SERVICE GOODLAND
136 AM MDT FRI MAY 6 2016

...................................

...THE GOODLAND KS CLIMATE SUMMARY FOR MAY 5 2016...

CLIMATE NORMAL PERIOD 1981 TO 2010
CLIMATE RECORD PERIOD 1895 TO 2016

WEATHER ITEM   OBSERVED TIME   RECORD YEAR NORMAL DEPARTURE LAST
                VALUE   (LST)  VALUE       VALUE  FROM      YEAR
                                                  NORMAL
..................................................................
TEMPERATURE (F)
 YESTERDAY
  MAXIMUM         81   1234 PM  94    1936  70     11       60
  MINIMUM         52    445 AM  25    2013  42     10       50
                                      1944
  AVERAGE         67                        56     11       55

PRECIPITATION (IN)
  YESTERDAY        0.00          1.11 1982   0.08  -0.08     0.50
  MONTH TO DATE    0.02                      0.38  -0.36     0.56
  SINCE MAR 1      4.56                      3.04   1.52     5.51
  SINCE JAN 1      5.42                      3.91   1.51     6.59

SNOWFALL (IN)
  YESTERDAY        0.0                       0.0    0.0      0.0
  MONTH TO DATE    T                         0.2   -0.2      0.0
  SINCE MAR 1      6.7                      11.2   -4.5      2.6
  SINCE JUL 1     30.1                      35.2   -5.1     24.7
  SNOW DEPTH       0

DEGREE DAYS
 HEATING
  YESTERDAY        0                        10    -10       10
  MONTH TO DATE   60                        52      8       19
  SINCE MAR 1   1100                      1290   -190      980
  SINCE JUL 1   4946                      5707   -761     5195

 COOLING
  YESTERDAY        2                         1      1        0
  MONTH TO DATE    2                         3     -1        2
  SINCE MAR 1      2                         7     -5        2
  SINCE JAN 1      2                         7     -5        2
..................................................................

WIND (MPH)
  HIGHEST WIND SPEED    21   HIGHEST WIND DIRECTION     S (160)
  HIGHEST GUST SPEED    26   HIGHEST GUST DIRECTION     S (160)
  AVERAGE WIND SPEED    13.7


SKY COVER
  AVERAGE SKY COVER 0.0


WEATHER CONDITIONS
 THE FOLLOWING WEATHER WAS RECORDED YESTERDAY.
  HAZE


RELATIVE HUMIDITY (PERCENT)
 HIGHEST    77
 LOWEST     26
 AVERAGE    52

..........................................................


THE GOODLAND KS CLIMATE NORMALS FOR TODAY
                         NORMAL    RECORD    YEAR
 MAXIMUM TEMPERATURE (F)   70        95      1934
                                             1916
 MINIMUM TEMPERATURE (F)   42        28      1917


SUNRISE AND SUNSET
MAY  6 2016...........SUNRISE   542 AM MDT   SUNSET   746 PM MDT
MAY  7 2016...........SUNRISE   541 AM MDT   SUNSET   747 PM MDT


-  INDICATES NEGATIVE NUMBERS.
R  INDICATES RECORD WAS SET OR TIED.
MM INDICATES DATA IS MISSING.
T  INDICATES TRACE AMOUNT.

&&

THE AVERAGE SOIL TEMPERATURE AT THE FOUR INCH DEPTH... 56

$$
