000
CDUS43 KGLD 010807
CLIGLD

CLIMATE REPORT
NATIONAL WEATHER SERVICE GOODLAND
102 AM MST MON JAN 1 2018

...................................

...THE GOODLAND KS CLIMATE SUMMARY FOR DECEMBER 31 2017...

CLIMATE NORMAL PERIOD 1981 TO 2010
CLIMATE RECORD PERIOD 1895 TO 2017

WEATHER ITEM   OBSERVED TIME   RECORD YEAR NORMAL DEPARTURE LAST
                VALUE   (LST)  VALUE       VALUE  FROM      YEAR
                                                  NORMAL
..................................................................
TEMPERATURE (F)
 YESTERDAY
  MAXIMUM         10    227 PM  64    2005  42    -32       43
                                      1942
  MINIMUM          0   1251 AM -13    1927  17    -17       16
  AVERAGE          5                        29    -24       30

PRECIPITATION (IN)
  YESTERDAY        0.00          0.62 1924   0.01  -0.01     0.00
  MONTH TO DATE    0.09                      0.46  -0.37     0.60
  SINCE DEC 1      0.09                      0.46  -0.37     0.60
  SINCE JAN 1     26.37                     19.66   6.71    17.38

SNOWFALL (IN)
  YESTERDAY        0.0                       0.2   -0.2      0.0
  MONTH TO DATE    1.5                       5.5   -4.0      5.0
  SINCE DEC 1      1.5                       5.5   -4.0      5.0
  SINCE JUL 1      1.6                      12.7  -11.1      5.6
  SNOW DEPTH       0

DEGREE DAYS
 HEATING
  YESTERDAY       60                        36     24       35
  MONTH TO DATE 1074                      1092    -18     1202
  SINCE DEC 1   1074                      1088    -14     1202
  SINCE JUL 1   2225                      2407   -182     2065

 COOLING
  YESTERDAY        0                         0      0        0
  MONTH TO DATE    0                         0      0        0
  SINCE DEC 1      0                         0      0        0
  SINCE JAN 1    959                       941     18     1103
..................................................................

WIND (MPH)
  HIGHEST WIND SPEED    14   HIGHEST WIND DIRECTION     S (180)
  HIGHEST GUST SPEED    17   HIGHEST GUST DIRECTION     S (180)
  AVERAGE WIND SPEED     6.1


SKY COVER
  AVERAGE SKY COVER 0.9


WEATHER CONDITIONS
 THE FOLLOWING WEATHER WAS RECORDED YESTERDAY.
  NO SIGNIFICANT WEATHER WAS OBSERVED.


RELATIVE HUMIDITY (PERCENT)
 HIGHEST    95
 LOWEST     63
 AVERAGE    79

..........................................................


THE GOODLAND KS CLIMATE NORMALS FOR TODAY
                         NORMAL    RECORD    YEAR
 MAXIMUM TEMPERATURE (F)   42        70      1997
 MINIMUM TEMPERATURE (F)   17       -15      1928


SUNRISE AND SUNSET
JANUARY  1 2018.......SUNRISE   707 AM MST   SUNSET   434 PM MST
JANUARY  2 2018.......SUNRISE   707 AM MST   SUNSET   435 PM MST


-  INDICATES NEGATIVE NUMBERS.
R  INDICATES RECORD WAS SET OR TIED.
MM INDICATES DATA IS MISSING.
T  INDICATES TRACE AMOUNT.

&&

THE AVERAGE SOIL TEMPERATURE AT THE FOUR INCH DEPTH... 23
THE CURRENT DEPTH OF FROST... 6 INCHES

$$
