000
CDUS43 KGLD 080743
CLIGLD

CLIMATE REPORT
NATIONAL WEATHER SERVICE GOODLAND
1241 AM MST SAT NOV 8 2014

...................................

...THE GOODLAND KS CLIMATE SUMMARY FOR NOVEMBER 7 2014...

CLIMATE NORMAL PERIOD 1981 TO 2010
CLIMATE RECORD PERIOD 1895 TO 2014

WEATHER ITEM   OBSERVED TIME   RECORD YEAR NORMAL DEPARTURE LAST
                VALUE   (LST)  VALUE       VALUE  FROM      YEAR
                                                  NORMAL
..................................................................
TEMPERATURE (F)
 YESTERDAY
  MAXIMUM         75   1114 AM  82    1931  57     18       57
  MINIMUM         40    600 AM  12    1938  29     11       28
  AVERAGE         58                        43     15       43

PRECIPITATION (IN)
  YESTERDAY        0.00          1.24 1929   0.03  -0.03     0.00
  MONTH TO DATE    T                         0.21  -0.21     0.16
  SINCE SEP 1      2.49                      2.80  -0.31     7.89
  SINCE JAN 1     16.39                     18.70  -2.31    16.68

SNOWFALL (IN)
  YESTERDAY        0.0                       0.2   -0.2      0.0
  MONTH TO DATE    0.0                       0.9   -0.9       T
  SINCE SEP 1      T                         3.5   -3.5      4.0
  SINCE JUL 1      T                         3.5   -3.5      4.0
  SNOW DEPTH       0

DEGREE DAYS
 HEATING
  YESTERDAY        7                        22    -15       22
  MONTH TO DATE  103                       144    -41      162
  SINCE SEP 1    518                       672   -154      666
  SINCE JUL 1    531                       684   -153      673

 COOLING
  YESTERDAY        0                         0      0        0
  MONTH TO DATE    0                         0      0        0
  SINCE SEP 1    118                       108     10      183
  SINCE JAN 1    920                       941    -21     1181
..................................................................

WIND (MPH)
  HIGHEST WIND SPEED    37   HIGHEST WIND DIRECTION    NW (330)
  HIGHEST GUST SPEED    44   HIGHEST GUST DIRECTION    NW (330)
  AVERAGE WIND SPEED    15.5


SKY COVER
  AVERAGE SKY COVER 0.1


WEATHER CONDITIONS
 THE FOLLOWING WEATHER WAS RECORDED YESTERDAY.
  NO SIGNIFICANT WEATHER WAS OBSERVED.


RELATIVE HUMIDITY (PERCENT)
 HIGHEST    65
 LOWEST     18
 AVERAGE    42

..........................................................


THE GOODLAND KS CLIMATE NORMALS FOR TODAY
                         NORMAL    RECORD    YEAR
 MAXIMUM TEMPERATURE (F)   56        83      1934
 MINIMUM TEMPERATURE (F)   29        16      2000
                                             1955


SUNRISE AND SUNSET
NOVEMBER  8 2014......SUNRISE   623 AM MST   SUNSET   438 PM MST
NOVEMBER  9 2014......SUNRISE   624 AM MST   SUNSET   437 PM MST


-  INDICATES NEGATIVE NUMBERS.
R  INDICATES RECORD WAS SET OR TIED.
MM INDICATES DATA IS MISSING.
T  INDICATES TRACE AMOUNT.

&&

THE AVERAGE SOIL TEMPERATURE AT THE FOUR INCH DEPTH... 49
THE CURRENT DEPTH OF FROST... 0 INCHES

$$
