876
CDUS43 KGLD 040745
CLIGLD

CLIMATE REPORT
NATIONAL WEATHER SERVICE GOODLAND
1241 AM MST MON DEC 4 2017

...................................

...THE GOODLAND KS CLIMATE SUMMARY FOR DECEMBER 3 2017...

CLIMATE NORMAL PERIOD 1981 TO 2010
CLIMATE RECORD PERIOD 1895 TO 2017

WEATHER ITEM   OBSERVED TIME   RECORD YEAR NORMAL DEPARTURE LAST
                VALUE   (LST)  VALUE       VALUE  FROM      YEAR
                                                  NORMAL
..................................................................
TEMPERATURE (F)
 YESTERDAY
  MAXIMUM         63    308 PM  74    1959  44     19       40
  MINIMUM         34    658 AM  -4    1919  19     15       20
  AVERAGE         49                        32     17       30

PRECIPITATION (IN)
  YESTERDAY        0.00          0.73 1953   0.02  -0.02     0.00
  MONTH TO DATE    0.00                      0.05  -0.05      T
  SINCE DEC 1      0.00                      0.05  -0.05      T
  SINCE JAN 1     26.28                     19.25   7.03    16.78

SNOWFALL (IN)
  YESTERDAY        0.0                       0.2   -0.2      0.0
  MONTH TO DATE    0.0                       0.5   -0.5       T
  SINCE DEC 1      0.0                       0.5   -0.5       T
  SINCE JUL 1      0.1                       7.7   -7.6      0.6
  SNOW DEPTH       0

DEGREE DAYS
 HEATING
  YESTERDAY       16                        33    -17       35
  MONTH TO DATE   62                        99    -37      106
  SINCE DEC 1     62                        99    -37      106
  SINCE JUL 1   1213                      1418   -205      969

 COOLING
  YESTERDAY        0                         0      0        0
  MONTH TO DATE    0                         0      0        0
  SINCE DEC 1      0                         0      0        0
  SINCE JAN 1    959                       941     18     1103
..................................................................

WIND (MPH)
  HIGHEST WIND SPEED    23   HIGHEST WIND DIRECTION    SW (220)
  HIGHEST GUST SPEED    32   HIGHEST GUST DIRECTION    SW (230)
  AVERAGE WIND SPEED    13.6


SKY COVER
  AVERAGE SKY COVER 0.0


WEATHER CONDITIONS
 THE FOLLOWING WEATHER WAS RECORDED YESTERDAY.
  NO SIGNIFICANT WEATHER WAS OBSERVED.


RELATIVE HUMIDITY (PERCENT)
 HIGHEST    82
 LOWEST     35
 AVERAGE    59

..........................................................


THE GOODLAND KS CLIMATE NORMALS FOR TODAY
                         NORMAL    RECORD    YEAR
 MAXIMUM TEMPERATURE (F)   44        74      2007
                                             1965
 MINIMUM TEMPERATURE (F)   19         1      1955


SUNRISE AND SUNSET
DECEMBER  4 2017......SUNRISE   651 AM MST   SUNSET   423 PM MST
DECEMBER  5 2017......SUNRISE   652 AM MST   SUNSET   423 PM MST


-  INDICATES NEGATIVE NUMBERS.
R  INDICATES RECORD WAS SET OR TIED.
MM INDICATES DATA IS MISSING.
T  INDICATES TRACE AMOUNT.

&&

THE AVERAGE SOIL TEMPERATURE AT THE FOUR INCH DEPTH... 42
THE CURRENT DEPTH OF FROST... 0 INCHES

$$
