000
CDUS43 KGLD 120740
CLIGLD

CLIMATE REPORT
NATIONAL WEATHER SERVICE GOODLAND
139 AM MDT TUE AUG 12 2014

...................................

...THE GOODLAND KS CLIMATE SUMMARY FOR AUGUST 11 2014...

CLIMATE NORMAL PERIOD 1981 TO 2010
CLIMATE RECORD PERIOD 1895 TO 2014

WEATHER ITEM   OBSERVED TIME   RECORD YEAR NORMAL DEPARTURE LAST
                VALUE   (LST)  VALUE       VALUE  FROM      YEAR
                                                  NORMAL
..................................................................
TEMPERATURE (F)
 YESTERDAY
  MAXIMUM         86    400 PM 106    1936  88     -2       83
  MINIMUM         56    450 AM  48    1931  61     -5       62
  AVERAGE         71                        75     -4       73

PRECIPITATION (IN)
  YESTERDAY        0.00          1.16 1926   0.11  -0.11      T
  MONTH TO DATE    0.99                      1.15  -0.16     0.56
  SINCE JUN 1      8.59                      7.87   0.72     4.05
  SINCE JAN 1     12.13                     14.35  -2.22     8.41

SNOWFALL (IN)
  YESTERDAY        0.0                       0.0    0.0      0.0
  MONTH TO DATE    0.0                       0.0    0.0      0.0
  SINCE JUN 1      0.0                       0.0    0.0      0.0
  SINCE JUL 1      0.0                       0.0    0.0      0.0
  SNOW DEPTH       0

DEGREE DAYS
 HEATING
  YESTERDAY        0                         0      0        0
  MONTH TO DATE    0                         0      0        0
  SINCE JUN 1     51                        41     10       38
  SINCE JUL 1     13                         4      9        7

 COOLING
  YESTERDAY        6                        10     -4        8
  MONTH TO DATE  109                       112     -3       90
  SINCE JUN 1    561                       625    -64      671
  SINCE JAN 1    607                       666    -59      760
..................................................................

WIND (MPH)
  HIGHEST WIND SPEED    12   HIGHEST WIND DIRECTION     S (170)
  HIGHEST GUST SPEED    14   HIGHEST GUST DIRECTION    NE (60)
  AVERAGE WIND SPEED     4.6

SKY COVER
  AVERAGE SKY COVER 0.1

WEATHER CONDITIONS
THE FOLLOWING WEATHER WAS RECORDED YESTERDAY.
  NO SIGNIFICANT WEATHER WAS OBSERVED.

RELATIVE HUMIDITY (PERCENT)
 HIGHEST   100
 LOWEST     32
 AVERAGE    66

..........................................................

THE GOODLAND KS CLIMATE NORMALS FOR TODAY
                         NORMAL    RECORD    YEAR
 MAXIMUM TEMPERATURE (F)   88       106      1934
 MINIMUM TEMPERATURE (F)   61        47      1964

SUNRISE AND SUNSET
AUGUST 12 2014........SUNRISE   557 AM MDT   SUNSET   746 PM MDT
AUGUST 13 2014........SUNRISE   558 AM MDT   SUNSET   745 PM MDT

-  INDICATES NEGATIVE NUMBERS.
R  INDICATES RECORD WAS SET OR TIED.
MM INDICATES DATA IS MISSING.
T  INDICATES TRACE AMOUNT.

&&

THE AVERAGE SOIL TEMPERATURE AT THE FOUR INCH DEPTH... 72

$$
