000
CDUS43 KGLD 050046
CLIGLD

CLIMATE REPORT
NATIONAL WEATHER SERVICE GOODLAND
543 PM MST WED JAN 4 2017

...................................

...THE GOODLAND KS CLIMATE SUMMARY FOR JANUARY 4 2017...
VALID TODAY AS OF 0500 PM LOCAL TIME.

CLIMATE NORMAL PERIOD 1981 TO 2010
CLIMATE RECORD PERIOD 1895 TO 2016

WEATHER ITEM   OBSERVED TIME   RECORD YEAR NORMAL DEPARTURE LAST
                VALUE   (LST)  VALUE       VALUE  FROM      YEAR
                                                  NORMAL
..................................................................
TEMPERATURE (F)
 TODAY
  MAXIMUM         20    116 PM  70    2001  42    -22       50
  MINIMUM         -1    419 AM -19    1959  17    -18       15
  AVERAGE         10                        30    -20       33

PRECIPITATION (IN)
  TODAY            0.00          0.23 1963   0.01  -0.01     0.00
  MONTH TO DATE    0.00                      0.05  -0.05     0.00
  SINCE DEC 1      0.60                      0.51   0.09     0.16
  SINCE JAN 1      0.00                      0.05  -0.05     0.00

SNOWFALL (IN)
  TODAY            0.0                       0.2   -0.2      0.0
  MONTH TO DATE    0.0                       0.7   -0.7      0.0
  SINCE DEC 1      5.0                       6.2   -1.2      1.7
  SINCE JUL 1      5.6                      13.4   -7.8      9.9
  SNOW DEPTH       0

DEGREE DAYS
 HEATING
  TODAY           55                        35     20       32
  MONTH TO DATE  182                       142     40      137
  SINCE DEC 1   1384                      1230    154     1119
  SINCE JUL 1   2247                      2549   -302     2179

 COOLING
  TODAY            0                         0      0        0
  MONTH TO DATE    0                         0      0        0
  SINCE DEC 1      0                         0      0        0
  SINCE JAN 1      0                         0      0        0
..................................................................

WIND (MPH)
  HIGHEST WIND SPEED    18   HIGHEST WIND DIRECTION    SE (130)
  HIGHEST GUST SPEED    23   HIGHEST GUST DIRECTION    SE (120)
  AVERAGE WIND SPEED     9.4


SKY COVER
  AVERAGE SKY COVER 0.2


WEATHER CONDITIONS
 THE FOLLOWING WEATHER WAS RECORDED TODAY.
  NO SIGNIFICANT WEATHER WAS OBSERVED.


RELATIVE HUMIDITY (PERCENT)
 HIGHEST    87           200 AM
 LOWEST     49           400 PM
 AVERAGE    68

..........................................................


THE GOODLAND KS CLIMATE NORMALS FOR TOMORROW
                         NORMAL    RECORD    YEAR
 MAXIMUM TEMPERATURE (F)   42        73      2012
 MINIMUM TEMPERATURE (F)   17       -14      1942


SUNRISE AND SUNSET
JANUARY  4 2017.......SUNRISE   707 AM MST   SUNSET   437 PM MST
JANUARY  5 2017.......SUNRISE   707 AM MST   SUNSET   438 PM MST


-  INDICATES NEGATIVE NUMBERS.
R  INDICATES RECORD WAS SET OR TIED.
MM INDICATES DATA IS MISSING.
T  INDICATES TRACE AMOUNT.

&&

THE AVERAGE SOIL TEMPERATURE AT THE FOUR INCH DEPTH... 26
THE CURRENT DEPTH OF FROST... 6 INCHES

$$
