000
CDUS43 KGLD 010051
CLIGLD

CLIMATE REPORT
NATIONAL WEATHER SERVICE GOODLAND
548 PM MST WED JAN 31 2018

...................................

...THE GOODLAND KS CLIMATE SUMMARY FOR JANUARY 31 2018...
VALID TODAY AS OF 0500 PM LOCAL TIME.

CLIMATE NORMAL PERIOD 1981 TO 2010
CLIMATE RECORD PERIOD 1895 TO 2018

WEATHER ITEM   OBSERVED TIME   RECORD YEAR NORMAL DEPARTURE LAST
                VALUE   (LST)  VALUE       VALUE  FROM      YEAR
                                                  NORMAL
..................................................................
TEMPERATURE (F)
 TODAY
  MAXIMUM         47    247 PM  75    1989  43      4       61
  MINIMUM         26    707 AM -19    1951  17      9       21
                                      1918
  AVERAGE         37                        30      7       41

PRECIPITATION (IN)
  TODAY            0.00          0.17 2014   0.01  -0.01     0.00
  MONTH TO DATE    0.68                      0.38   0.30     0.92
  SINCE DEC 1      0.77                      0.84  -0.07     1.52
  SINCE JAN 1      0.68                      0.38   0.30     0.92

SNOWFALL (IN)
  TODAY            0.0                       0.2   -0.2      0.0
  MONTH TO DATE    9.0                       5.9    3.1      3.8
  SINCE DEC 1     10.5                      11.4   -0.9      8.8
  SINCE JUL 1     10.6                      18.6   -8.0      9.4
  SNOW DEPTH       T

DEGREE DAYS
 HEATING
  TODAY           28                        35     -7       24
  MONTH TO DATE 1028                      1087    -59     1116
  SINCE DEC 1   2102                      2184    -82     2318
  SINCE JUL 1   3253                      3503   -250     3181

 COOLING
  TODAY            0                         0      0        0
  MONTH TO DATE    0                         0      0        0
  SINCE DEC 1      0                         0      0        0
  SINCE JAN 1      0                         0      0        0
..................................................................

WIND (MPH)
  HIGHEST WIND SPEED    25   HIGHEST WIND DIRECTION     N (10)
  HIGHEST GUST SPEED    37   HIGHEST GUST DIRECTION     N (360)
  AVERAGE WIND SPEED     7.9


SKY COVER
  AVERAGE SKY COVER 0.0


WEATHER CONDITIONS
 THE FOLLOWING WEATHER WAS RECORDED TODAY.
  NO SIGNIFICANT WEATHER WAS OBSERVED.


RELATIVE HUMIDITY (PERCENT)
 HIGHEST    92           500 AM
 LOWEST     38           200 PM
 AVERAGE    65

..........................................................


THE GOODLAND KS CLIMATE NORMALS FOR TOMORROW
                         NORMAL    RECORD    YEAR
 MAXIMUM TEMPERATURE (F)   43        78      2003
 MINIMUM TEMPERATURE (F)   17       -21      1951


SUNRISE AND SUNSET
JANUARY 31 2018.......SUNRISE   655 AM MST   SUNSET   506 PM MST
FEBRUARY  1 2018......SUNRISE   654 AM MST   SUNSET   507 PM MST


-  INDICATES NEGATIVE NUMBERS.
R  INDICATES RECORD WAS SET OR TIED.
MM INDICATES DATA IS MISSING.
T  INDICATES TRACE AMOUNT.

&&

THE AVERAGE SOIL TEMPERATURE AT THE FOUR INCH DEPTH... 31
THE CURRENT DEPTH OF FROST... 3 INCHES

$$
