000
CDUS43 KGLD 180050
CLIGLD

CLIMATE REPORT
NATIONAL WEATHER SERVICE GOODLAND
641 PM MDT TUE MAR 17 2015

...................................

...THE GOODLAND KS CLIMATE SUMMARY FOR MARCH 17 2015...
VALID TODAY AS OF 0600 PM LOCAL TIME.

CLIMATE NORMAL PERIOD 1981 TO 2010
CLIMATE RECORD PERIOD 1895 TO 2015

WEATHER ITEM   OBSERVED TIME   RECORD YEAR NORMAL DEPARTURE LAST
                VALUE   (LST)  VALUE       VALUE  FROM      YEAR
                                                  NORMAL
..................................................................
TEMPERATURE (F)
 TODAY
  MAXIMUM         52    241 PM  85    2012  55     -3       72
  MINIMUM         28    618 AM  -1    1896  27      1       38
  AVERAGE         40                        41     -1       55

PRECIPITATION (IN)
  TODAY            0.00          0.47 1924   0.04  -0.04     0.00
  MONTH TO DATE    0.03                      0.52  -0.49     0.08
  SINCE MAR 1      0.03                      0.52  -0.49     0.08
  SINCE JAN 1      1.11                      1.39  -0.28     1.02

SNOWFALL (IN)
  TODAY            0.0                       0.2   -0.2      0.0
  MONTH TO DATE    0.6                       3.4   -2.8      0.6
  SINCE MAR 1      0.6                       3.4   -2.8      0.6
  SINCE JUL 1     22.7                      27.4   -4.7     25.8
  SNOW DEPTH       0

DEGREE DAYS
 HEATING
  TODAY           25                        24      1       10
  MONTH TO DATE  367                       448    -81      433
  SINCE MAR 1    367                       448    -81      433
  SINCE JUL 1   4582                      4865   -283     4977

 COOLING
  TODAY            0                         0      0        0
  MONTH TO DATE    0                         0      0        0
  SINCE MAR 1      0                         0      0        0
  SINCE JAN 1      0                         0      0        0
..................................................................

WIND (MPH)
  HIGHEST WIND SPEED    26   HIGHEST WIND DIRECTION     N (20)
  HIGHEST GUST SPEED    33   HIGHEST GUST DIRECTION     N (20)
  AVERAGE WIND SPEED    14.2


SKY COVER
  AVERAGE SKY COVER 0.2


WEATHER CONDITIONS
 THE FOLLOWING WEATHER WAS RECORDED TODAY.
  NO SIGNIFICANT WEATHER WAS OBSERVED.


RELATIVE HUMIDITY (PERCENT)
 HIGHEST    82           300 AM
 LOWEST     14           300 PM
 AVERAGE    48

..........................................................


THE GOODLAND KS CLIMATE NORMALS FOR TOMORROW
                         NORMAL    RECORD    YEAR
 MAXIMUM TEMPERATURE (F)   55        88      1907
 MINIMUM TEMPERATURE (F)   27        -5      1896


SUNRISE AND SUNSET
MARCH 17 2015.........SUNRISE   655 AM MDT   SUNSET   656 PM MDT
MARCH 18 2015.........SUNRISE   654 AM MDT   SUNSET   657 PM MDT


-  INDICATES NEGATIVE NUMBERS.
R  INDICATES RECORD WAS SET OR TIED.
MM INDICATES DATA IS MISSING.
T  INDICATES TRACE AMOUNT.

&&

THE AVERAGE SOIL TEMPERATURE AT THE FOUR INCH DEPTH... 50
THE CURRENT DEPTH OF FROST... 0 INCHES

$$
