000
CDUS43 KGLD 060808
CLIGLD

CLIMATE REPORT
NATIONAL WEATHER SERVICE GOODLAND
104 AM MST SAT JAN 6 2018

...................................

...THE GOODLAND KS CLIMATE SUMMARY FOR JANUARY 5 2018...

CLIMATE NORMAL PERIOD 1981 TO 2010
CLIMATE RECORD PERIOD 1895 TO 2018

WEATHER ITEM   OBSERVED TIME   RECORD YEAR NORMAL DEPARTURE LAST
                VALUE   (LST)  VALUE       VALUE  FROM      YEAR
                                                  NORMAL
..................................................................
TEMPERATURE (F)
 YESTERDAY
  MAXIMUM         56    140 PM  73    2012  42     14       12
  MINIMUM         11    600 AM -14    1942  17     -6       -8
  AVERAGE         34                        30      4        2

PRECIPITATION (IN)
  YESTERDAY        0.00          0.33 1955   0.01  -0.01     0.15
  MONTH TO DATE    0.00                      0.06  -0.06     0.15
  SINCE DEC 1      0.09                      0.52  -0.43     0.75
  SINCE JAN 1      0.00                      0.06  -0.06     0.15

SNOWFALL (IN)
  YESTERDAY        0.0                       0.2   -0.2      2.5
  MONTH TO DATE    0.0                       0.9   -0.9      2.5
  SINCE DEC 1      1.5                       6.4   -4.9      7.5
  SINCE JUL 1      1.6                      13.6  -12.0      8.1
  SNOW DEPTH       0

DEGREE DAYS
 HEATING
  YESTERDAY       31                        35     -4       63
  MONTH TO DATE  199                       177     22      245
  SINCE DEC 1   1273                      1265      8     1447
  SINCE JUL 1   2424                      2584   -160     2310

 COOLING
  YESTERDAY        0                         0      0        0
  MONTH TO DATE    0                         0      0        0
  SINCE DEC 1      0                         0      0        0
  SINCE JAN 1      0                         0      0        0
..................................................................

WIND (MPH)
  HIGHEST WIND SPEED    20   HIGHEST WIND DIRECTION    SW (210)
  HIGHEST GUST SPEED    25   HIGHEST GUST DIRECTION     S (180)
  AVERAGE WIND SPEED     7.9


SKY COVER
  AVERAGE SKY COVER 0.1


WEATHER CONDITIONS
 THE FOLLOWING WEATHER WAS RECORDED YESTERDAY.
  NO SIGNIFICANT WEATHER WAS OBSERVED.


RELATIVE HUMIDITY (PERCENT)
 HIGHEST    84
 LOWEST     24
 AVERAGE    54

..........................................................


THE GOODLAND KS CLIMATE NORMALS FOR TODAY
                         NORMAL    RECORD    YEAR
 MAXIMUM TEMPERATURE (F)   42        68      1965
 MINIMUM TEMPERATURE (F)   17       -21      1912


SUNRISE AND SUNSET
JANUARY  6 2018.......SUNRISE   707 AM MST   SUNSET   439 PM MST
JANUARY  7 2018.......SUNRISE   707 AM MST   SUNSET   440 PM MST


-  INDICATES NEGATIVE NUMBERS.
R  INDICATES RECORD WAS SET OR TIED.
MM INDICATES DATA IS MISSING.
T  INDICATES TRACE AMOUNT.

&&

THE AVERAGE SOIL TEMPERATURE AT THE FOUR INCH DEPTH... 29
THE CURRENT DEPTH OF FROST... 13 INCHES

$$
