000
CDUS43 KGLD 220742
CLIGLD

CLIMATE REPORT
NATIONAL WEATHER SERVICE GOODLAND
1239 AM MST SUN FEB 22 2015

...................................

...THE GOODLAND KS CLIMATE SUMMARY FOR FEBRUARY 21 2015...

CLIMATE NORMAL PERIOD 1981 TO 2010
CLIMATE RECORD PERIOD 1895 TO 2015

WEATHER ITEM   OBSERVED TIME   RECORD YEAR NORMAL DEPARTURE LAST
                VALUE   (LST)  VALUE       VALUE  FROM      YEAR
                                                  NORMAL
..................................................................
TEMPERATURE (F)
 YESTERDAY
  MAXIMUM         42   1115 AM  73    1995  47     -5       53
                                      1935
  MINIMUM         19   1159 PM  -5    1953  21     -2       24
  AVERAGE         31                        34     -3       39

PRECIPITATION (IN)
  YESTERDAY        0.50          0.74 1931   0.02   0.48     0.00
  MONTH TO DATE    0.63                      0.34   0.29     0.30
  SINCE DEC 1      2.37                      1.18   1.19     0.92
  SINCE JAN 1      0.91                      0.72   0.19     0.87

SNOWFALL (IN)
  YESTERDAY        5.3                       0.1    5.2      0.0
  MONTH TO DATE    6.2                       4.2    2.0      7.3
  SINCE DEC 1     18.3                      15.6    2.7     19.4
  SINCE JUL 1     18.5                      22.8   -4.3     23.7
  SNOW DEPTH       0

DEGREE DAYS
 HEATING
  YESTERDAY       34                        31      3       26
  MONTH TO DATE  556                       705   -149      840
  SINCE DEC 1   2631                      2889   -258     3010
  SINCE JUL 1   3886                      4208   -322     4283

 COOLING
  YESTERDAY        0                         0      0        0
  MONTH TO DATE    0                         0      0        0
  SINCE DEC 1      0                         0      0        0
  SINCE JAN 1      0                         0      0        0
..................................................................

WIND (MPH)
  HIGHEST WIND SPEED    26   HIGHEST WIND DIRECTION    NE (50)
  HIGHEST GUST SPEED    33   HIGHEST GUST DIRECTION    NE (60)
  AVERAGE WIND SPEED    12.2


SKY COVER
  AVERAGE SKY COVER 1.0


WEATHER CONDITIONS
 THE FOLLOWING WEATHER WAS RECORDED YESTERDAY.
  RAIN
  HEAVY SNOW
  SNOW
  LIGHT SNOW
  FOG
  FOG W/VISIBILITY <= 1/4 MILE


RELATIVE HUMIDITY (PERCENT)
 HIGHEST   100
 LOWEST     60
 AVERAGE    80

..........................................................


THE GOODLAND KS CLIMATE NORMALS FOR TODAY
                         NORMAL    RECORD    YEAR
 MAXIMUM TEMPERATURE (F)   47        77      1982
 MINIMUM TEMPERATURE (F)   21        -4      1911


SUNRISE AND SUNSET
FEBRUARY 22 2015......SUNRISE   630 AM MST   SUNSET   531 PM MST
FEBRUARY 23 2015......SUNRISE   628 AM MST   SUNSET   532 PM MST


-  INDICATES NEGATIVE NUMBERS.
R  INDICATES RECORD WAS SET OR TIED.
MM INDICATES DATA IS MISSING.
T  INDICATES TRACE AMOUNT.

&&

THE AVERAGE SOIL TEMPERATURE AT THE FOUR INCH DEPTH... 36
THE CURRENT DEPTH OF FROST... 2 INCHES

$$
