000
CDUS43 KGLD 100811
CLIGLD

CLIMATE REPORT
NATIONAL WEATHER SERVICE GOODLAND
209 AM MDT WED MAY 10 2017

...................................

...THE GOODLAND KS CLIMATE SUMMARY FOR MAY 9 2017...

CLIMATE NORMAL PERIOD 1981 TO 2010
CLIMATE RECORD PERIOD 1895 TO 2017

WEATHER ITEM   OBSERVED TIME   RECORD YEAR NORMAL DEPARTURE LAST
                VALUE   (LST)  VALUE       VALUE  FROM      YEAR
                                                  NORMAL
..................................................................
TEMPERATURE (F)
 YESTERDAY
  MAXIMUM         75    235 PM  97    1916  71      4       71
  MINIMUM         50    524 AM  27    2002  43      7       36
  AVERAGE         63                        57      6       54

PRECIPITATION (IN)
  YESTERDAY        0.40          1.09 2015   0.08   0.32     0.00
  MONTH TO DATE    0.68                      0.69  -0.01     0.34
  SINCE MAR 1      4.48                      3.35   1.13     4.88
  SINCE JAN 1      5.41                      4.22   1.19     5.74

SNOWFALL (IN)
  YESTERDAY        0.0                       0.0    0.0      0.0
  MONTH TO DATE    0.0                       0.3   -0.3       T
  SINCE MAR 1      4.8                      11.3   -6.5      6.7
  SINCE JUL 1     14.2                      35.3  -21.1     30.1
  SNOW DEPTH       0

DEGREE DAYS
 HEATING
  YESTERDAY        2                         9     -7       11
  MONTH TO DATE   72                        89    -17       79
  SINCE MAR 1   1083                      1327   -244     1119
  SINCE JUL 1   4968                      5744   -776     4965

 COOLING
  YESTERDAY        0                         1     -1        0
  MONTH TO DATE   12                         7      5        6
  SINCE MAR 1     19                        11      8        6
  SINCE JAN 1     19                        11      8        6
..................................................................

WIND (MPH)
  HIGHEST WIND SPEED    28   HIGHEST WIND DIRECTION    SW (230)
  HIGHEST GUST SPEED    33   HIGHEST GUST DIRECTION    SW (220)
  AVERAGE WIND SPEED     9.7


SKY COVER
  AVERAGE SKY COVER 0.3


WEATHER CONDITIONS
 THE FOLLOWING WEATHER WAS RECORDED YESTERDAY.
  THUNDERSTORM
  HEAVY RAIN
  RAIN
  LIGHT RAIN
  FOG


RELATIVE HUMIDITY (PERCENT)
 HIGHEST   100
 LOWEST     49
 AVERAGE    75

..........................................................


THE GOODLAND KS CLIMATE NORMALS FOR TODAY
                         NORMAL    RECORD    YEAR
 MAXIMUM TEMPERATURE (F)   71        94      1962
 MINIMUM TEMPERATURE (F)   44        25      1918


SUNRISE AND SUNSET
MAY 10 2017...........SUNRISE   538 AM MDT   SUNSET   749 PM MDT
MAY 11 2017...........SUNRISE   537 AM MDT   SUNSET   750 PM MDT


-  INDICATES NEGATIVE NUMBERS.
R  INDICATES RECORD WAS SET OR TIED.
MM INDICATES DATA IS MISSING.
T  INDICATES TRACE AMOUNT.

&&

THE AVERAGE SOIL TEMPERATURE AT THE FOUR INCH DEPTH... 65

$$
