000
CDUS43 KGLD 210741
CLIGLD

CLIMATE REPORT
NATIONAL WEATHER SERVICE GOODLAND
139 AM MDT SUN JUN 21 2015

...................................

...THE GOODLAND KS CLIMATE SUMMARY FOR JUNE 20 2015...

CLIMATE NORMAL PERIOD 1981 TO 2010
CLIMATE RECORD PERIOD 1895 TO 2015

WEATHER ITEM   OBSERVED TIME   RECORD YEAR NORMAL DEPARTURE LAST
                VALUE   (LST)  VALUE       VALUE  FROM      YEAR
                                                  NORMAL
..................................................................
TEMPERATURE (F)
 YESTERDAY
  MAXIMUM         91    242 PM 105    1936  86      5       94
  MINIMUM         64    450 AM  40    1946  57      7       61
  AVERAGE         78                        71      7       78

PRECIPITATION (IN)
  YESTERDAY        0.00          1.95 1992   0.11  -0.11     0.02
  MONTH TO DATE    2.09                      2.19  -0.10     3.21
  SINCE JUN 1      2.09                      2.19  -0.10     3.21
  SINCE JAN 1     13.88                      8.67   5.21     6.75

SNOWFALL (IN)
  YESTERDAY        0.0                       0.0    0.0      0.0
  MONTH TO DATE    0.0                       0.0    0.0      0.0
  SINCE JUN 1      0.0                       0.0    0.0      0.0
  SINCE JUL 1     24.7                      35.5  -10.8     29.1
  SNOW DEPTH       0

DEGREE DAYS
 HEATING
  YESTERDAY        0                         1     -1        0
  MONTH TO DATE    5                        35    -30       38
  SINCE JUN 1      5                        35    -30       38
  SINCE JUL 1   5432                      5901   -469     5996

 COOLING
  YESTERDAY       13                         7      6       13
  MONTH TO DATE  138                        96     42       86
  SINCE JUN 1    138                        96     42       86
  SINCE JAN 1    144                       137      7      132
..................................................................

WIND (MPH)
  HIGHEST WIND SPEED    24   HIGHEST WIND DIRECTION     N (360)
  HIGHEST GUST SPEED    31   HIGHEST GUST DIRECTION     N (340)
  AVERAGE WIND SPEED    13.8

SKY COVER
  AVERAGE SKY COVER 0.0

WEATHER CONDITIONS
 THE FOLLOWING WEATHER WAS RECORDED YESTERDAY.
  NO SIGNIFICANT WEATHER WAS OBSERVED.

RELATIVE HUMIDITY (PERCENT)
 HIGHEST    93
 LOWEST     38
 AVERAGE    66

..........................................................

THE GOODLAND KS CLIMATE NORMALS FOR TODAY
                         NORMAL    RECORD    YEAR
 MAXIMUM TEMPERATURE (F)   86       105      1936
 MINIMUM TEMPERATURE (F)   57        45      1951

SUNRISE AND SUNSET
JUNE 21 2015..........SUNRISE   520 AM MDT   SUNSET   817 PM MDT
JUNE 22 2015..........SUNRISE   520 AM MDT   SUNSET   817 PM MDT

-  INDICATES NEGATIVE NUMBERS.
R  INDICATES RECORD WAS SET OR TIED.
MM INDICATES DATA IS MISSING.
T  INDICATES TRACE AMOUNT.

&&

THE AVERAGE SOIL TEMPERATURE AT THE FOUR INCH DEPTH... 74

$$
