000
CDUS43 KGLD 040043
CLIGLD

CLIMATE REPORT
NATIONAL WEATHER SERVICE GOODLAND
535 PM MST FRI MAR 3 2017

...................................

...THE GOODLAND KS CLIMATE SUMMARY FOR MARCH 3 2017...
VALID TODAY AS OF 0500 PM LOCAL TIME.

CLIMATE NORMAL PERIOD 1981 TO 2010
CLIMATE RECORD PERIOD 1895 TO 2017

WEATHER ITEM   OBSERVED TIME   RECORD YEAR NORMAL DEPARTURE LAST
                VALUE   (LST)  VALUE       VALUE  FROM      YEAR
                                                  NORMAL
..................................................................
TEMPERATURE (F)
 TODAY
  MAXIMUM         69    409 PM  74    1936  50     19       62
  MINIMUM         20   1228 AM -20    1960  23     -3       29
  AVERAGE         45                        37      8       46

PRECIPITATION (IN)
  TODAY            0.00          0.96 1981   0.02  -0.02     0.00
  MONTH TO DATE    0.00                      0.07  -0.07      T
  SINCE MAR 1      0.00                      0.07  -0.07      T
  SINCE JAN 1      0.93                      0.94  -0.01     0.86

SNOWFALL (IN)
  TODAY            0.0                       0.2   -0.2      0.0
  MONTH TO DATE    0.0                       0.5   -0.5      0.0
  SINCE MAR 1      0.0                       0.5   -0.5      0.0
  SINCE JUL 1      9.4                      24.5  -15.1     23.4
  SNOW DEPTH       0

DEGREE DAYS
 HEATING
  TODAY           20                        28     -8       19
  MONTH TO DATE   84                        85     -1       58
  SINCE MAR 1     84                        85     -1       58
  SINCE JUL 1   3969                      4502   -533     3904

 COOLING
  TODAY            0                         0      0        0
  MONTH TO DATE    0                         0      0        0
  SINCE MAR 1      0                         0      0        0
  SINCE JAN 1      0                         0      0        0
..................................................................

WIND (MPH)
  HIGHEST WIND SPEED    20   HIGHEST WIND DIRECTION    SW (240)
  HIGHEST GUST SPEED    24   HIGHEST GUST DIRECTION    SW (210)
  AVERAGE WIND SPEED    10.7


SKY COVER
  AVERAGE SKY COVER 0.0


WEATHER CONDITIONS
 THE FOLLOWING WEATHER WAS RECORDED TODAY.
  NO SIGNIFICANT WEATHER WAS OBSERVED.


RELATIVE HUMIDITY (PERCENT)
 HIGHEST    55           300 AM
 LOWEST      7           200 PM
 AVERAGE    31

..........................................................


THE GOODLAND KS CLIMATE NORMALS FOR TOMORROW
                         NORMAL    RECORD    YEAR
 MAXIMUM TEMPERATURE (F)   51        80      1921
 MINIMUM TEMPERATURE (F)   24       -15      1960


SUNRISE AND SUNSET
MARCH  3 2017.........SUNRISE   616 AM MST   SUNSET   542 PM MST
MARCH  4 2017.........SUNRISE   615 AM MST   SUNSET   543 PM MST


-  INDICATES NEGATIVE NUMBERS.
R  INDICATES RECORD WAS SET OR TIED.
MM INDICATES DATA IS MISSING.
T  INDICATES TRACE AMOUNT.

&&

THE AVERAGE SOIL TEMPERATURE AT THE FOUR INCH DEPTH... 38
THE CURRENT DEPTH OF FROST... 2 INCHES

$$
