000
CDUS43 KGLD 300740
CLIGLD

CLIMATE REPORT
NATIONAL WEATHER SERVICE GOODLAND
1238 AM MST SAT DEC 30 2017

...................................

...THE GOODLAND KS CLIMATE SUMMARY FOR DECEMBER 29 2017...

CLIMATE NORMAL PERIOD 1981 TO 2010
CLIMATE RECORD PERIOD 1895 TO 2017

WEATHER ITEM   OBSERVED TIME   RECORD YEAR NORMAL DEPARTURE LAST
                VALUE   (LST)  VALUE       VALUE  FROM      YEAR
                                                  NORMAL
..................................................................
TEMPERATURE (F)
 YESTERDAY
  MAXIMUM         57   1147 AM  68    2011  42     15       46
  MINIMUM          3   1159 PM -12    1911  17    -14       18
  AVERAGE         30                        29      1       32

PRECIPITATION (IN)
  YESTERDAY        T             1.36 2006   0.01  -0.01     0.00
  MONTH TO DATE    0.09                      0.43  -0.34     0.60
  SINCE DEC 1      0.09                      0.43  -0.34     0.60
  SINCE JAN 1     26.37                     19.63   6.74    17.38

SNOWFALL (IN)
  YESTERDAY        T                         0.1   -0.1      0.0
  MONTH TO DATE    1.5                       5.1   -3.6      5.0
  SINCE DEC 1      1.5                       5.1   -3.6      5.0
  SINCE JUL 1      1.6                      12.3  -10.7      5.6
  SNOW DEPTH       0

DEGREE DAYS
 HEATING
  YESTERDAY       35                        36     -1       33
  MONTH TO DATE  955                      1020    -65     1149
  SINCE DEC 1    955                      1020    -65     1149
  SINCE JUL 1   2106                      2339   -233     2012

 COOLING
  YESTERDAY        0                         0      0        0
  MONTH TO DATE    0                         0      0        0
  SINCE DEC 1      0                         0      0        0
  SINCE JAN 1    959                       941     18     1103
..................................................................

WIND (MPH)
  HIGHEST WIND SPEED    28   HIGHEST WIND DIRECTION     N (10)
  HIGHEST GUST SPEED    35   HIGHEST GUST DIRECTION     N (360)
  AVERAGE WIND SPEED    14.6


SKY COVER
  AVERAGE SKY COVER 0.3


WEATHER CONDITIONS
 THE FOLLOWING WEATHER WAS RECORDED YESTERDAY.
  FOG


RELATIVE HUMIDITY (PERCENT)
 HIGHEST    84
 LOWEST     30
 AVERAGE    57

..........................................................


THE GOODLAND KS CLIMATE NORMALS FOR TODAY
                         NORMAL    RECORD    YEAR
 MAXIMUM TEMPERATURE (F)   42        71      1921
 MINIMUM TEMPERATURE (F)   17       -13      1990


SUNRISE AND SUNSET
DECEMBER 30 2017......SUNRISE   706 AM MST   SUNSET   433 PM MST
DECEMBER 31 2017......SUNRISE   707 AM MST   SUNSET   433 PM MST


-  INDICATES NEGATIVE NUMBERS.
R  INDICATES RECORD WAS SET OR TIED.
MM INDICATES DATA IS MISSING.
T  INDICATES TRACE AMOUNT.

&&

THE AVERAGE SOIL TEMPERATURE AT THE FOUR INCH DEPTH... 29
THE CURRENT DEPTH OF FROST... 6 INCHES

$$
