000
CDUS43 KGLD 080806
CLIGLD

CLIMATE REPORT
NATIONAL WEATHER SERVICE GOODLAND
155 AM MDT THU JUN 8 2017

...................................

...THE GOODLAND KS CLIMATE SUMMARY FOR JUNE 7 2017...

CLIMATE NORMAL PERIOD 1981 TO 2010
CLIMATE RECORD PERIOD 1895 TO 2017

WEATHER ITEM   OBSERVED TIME   RECORD YEAR NORMAL DEPARTURE LAST
                VALUE   (LST)  VALUE       VALUE  FROM      YEAR
                                                  NORMAL
..................................................................
TEMPERATURE (F)
 YESTERDAY
  MAXIMUM         82    253 PM 101    2004  81      1       85
                                      1911
  MINIMUM         54    356 AM  35    1915  53      1       50
  AVERAGE         68                        67      1       68

PRECIPITATION (IN)
  YESTERDAY        1.54          2.09 1962   0.11   1.43     0.00
  MONTH TO DATE    1.79                      0.79   1.00     0.00
  SINCE JUN 1      1.79                      0.79   1.00     0.00
  SINCE JAN 1     14.18                      7.27   6.91     7.36

SNOWFALL (IN)
  YESTERDAY        0.0                       0.0    0.0      0.0
  MONTH TO DATE    0.0                       0.0    0.0      0.0
  SINCE JUN 1      0.0                       0.0    0.0      0.0
  SINCE JUL 1     14.2                      35.5  -21.3     30.1
  SNOW DEPTH       0

DEGREE DAYS
 HEATING
  YESTERDAY        0                         2     -2        0
  MONTH TO DATE    0                        18    -18        2
  SINCE JUN 1      0                        18    -18        2
  SINCE JUL 1   5118                      5884   -766     5131

 COOLING
  YESTERDAY        3                         4     -1        3
  MONTH TO DATE   26                        24      2       14
  SINCE JUN 1     26                        24      2       14
  SINCE JAN 1     64                        65     -1       38
..................................................................

WIND (MPH)
  HIGHEST WIND SPEED    32   HIGHEST WIND DIRECTION     N (10)
  HIGHEST GUST SPEED    39   HIGHEST GUST DIRECTION     N (360)
  AVERAGE WIND SPEED     9.2


SKY COVER
  AVERAGE SKY COVER 0.2


WEATHER CONDITIONS
 THE FOLLOWING WEATHER WAS RECORDED YESTERDAY.
  THUNDERSTORM
  HEAVY RAIN
  RAIN
  LIGHT RAIN
  FOG


RELATIVE HUMIDITY (PERCENT)
 HIGHEST   100
 LOWEST     45
 AVERAGE    73

..........................................................


THE GOODLAND KS CLIMATE NORMALS FOR TODAY
                         NORMAL    RECORD    YEAR
 MAXIMUM TEMPERATURE (F)   81       102      1985
 MINIMUM TEMPERATURE (F)   54        37      2007


SUNRISE AND SUNSET
JUNE  8 2017..........SUNRISE   520 AM MDT   SUNSET   812 PM MDT
JUNE  9 2017..........SUNRISE   520 AM MDT   SUNSET   813 PM MDT


-  INDICATES NEGATIVE NUMBERS.
R  INDICATES RECORD WAS SET OR TIED.
MM INDICATES DATA IS MISSING.
T  INDICATES TRACE AMOUNT.

&&

THE AVERAGE SOIL TEMPERATURE AT THE FOUR INCH DEPTH... 67

$$
