000
CDUS43 KGLD 260743
CLIGLD

CLIMATE REPORT
NATIONAL WEATHER SERVICE GOODLAND
138 AM MDT WED MAR 26 2014

...................................

...THE GOODLAND KS CLIMATE SUMMARY FOR MARCH 25 2014...

CLIMATE NORMAL PERIOD 1981 TO 2010
CLIMATE RECORD PERIOD 1895 TO 2014

WEATHER ITEM   OBSERVED TIME   RECORD YEAR NORMAL DEPARTURE LAST
                VALUE   (LST)  VALUE       VALUE  FROM      YEAR
                                                  NORMAL
..................................................................
TEMPERATURE (F)
 YESTERDAY
  MAXIMUM         55    503 PM  85    1907  57     -2       25
  MINIMUM         26    715 AM  -6    1965  29     -3        1
  AVERAGE         41                        43     -2       13

PRECIPITATION (IN)
  YESTERDAY        0.00          0.50 1959   0.04  -0.04     0.00
  MONTH TO DATE    0.35                      0.81  -0.46     1.34
  SINCE MAR 1      0.35                      0.81  -0.46     1.34
  SINCE JAN 1      1.29                      1.68  -0.39     2.19

SNOWFALL (IN)
  YESTERDAY        0.0                       0.3   -0.3      0.0
  MONTH TO DATE    3.5                       5.3   -1.8     19.8
  SINCE MAR 1      3.5                       5.3   -1.8     19.8
  SINCE JUL 1     28.7                      29.3   -0.6     43.0
  SNOW DEPTH       0

DEGREE DAYS
 HEATING
  YESTERDAY       24                        22      2       52
  MONTH TO DATE  661                       632     29      713
  SINCE MAR 1    661                       632     29      713
  SINCE JUL 1   5205                      5049    156     5000

 COOLING
  YESTERDAY        0                         0      0        0
  MONTH TO DATE    0                         0      0        0
  SINCE MAR 1      0                         0      0        0
  SINCE JAN 1      0                         0      0        0
..................................................................

WIND (MPH)
  HIGHEST WIND SPEED    29   HIGHEST WIND DIRECTION     S (180)
  HIGHEST GUST SPEED    35   HIGHEST GUST DIRECTION     S (180)
  AVERAGE WIND SPEED    15.7


SKY COVER
  AVERAGE SKY COVER 0.3


WEATHER CONDITIONS
 THE FOLLOWING WEATHER WAS RECORDED YESTERDAY.
  NO SIGNIFICANT WEATHER WAS OBSERVED.


RELATIVE HUMIDITY (PERCENT)
 HIGHEST    85
 LOWEST     26
 AVERAGE    56

..........................................................


THE GOODLAND KS CLIMATE NORMALS FOR TODAY
                         NORMAL    RECORD    YEAR
 MAXIMUM TEMPERATURE (F)   58        86      1907
 MINIMUM TEMPERATURE (F)   29        -1      1955
                                             1931


SUNRISE AND SUNSET
MARCH 26 2014.........SUNRISE   641 AM MDT   SUNSET   705 PM MDT
MARCH 27 2014.........SUNRISE   639 AM MDT   SUNSET   706 PM MDT


-  INDICATES NEGATIVE NUMBERS.
R  INDICATES RECORD WAS SET OR TIED.
MM INDICATES DATA IS MISSING.
T  INDICATES TRACE AMOUNT.

&&

THE AVERAGE SOIL TEMPERATURE AT THE FOUR INCH DEPTH... 37
THE CURRENT DEPTH OF FROST... 0 INCHES

$$
