000
CDUS43 KGLD 030742
CLIGLD

CLIMATE REPORT
NATIONAL WEATHER SERVICE GOODLAND
139 AM MDT MON APR 3 2017

...................................

...THE GOODLAND KS CLIMATE SUMMARY FOR APRIL 2 2017...

CLIMATE NORMAL PERIOD 1981 TO 2010
CLIMATE RECORD PERIOD 1895 TO 2017

WEATHER ITEM   OBSERVED TIME   RECORD YEAR NORMAL DEPARTURE LAST
                VALUE   (LST)  VALUE       VALUE  FROM      YEAR
                                                  NORMAL
..................................................................
TEMPERATURE (F)
 YESTERDAY
  MAXIMUM         66    406 PM  86    2011  60      6       68
                                      1996
  MINIMUM         30    435 AM   0    1936  31     -1       29
  AVERAGE         48                        45      3       49

PRECIPITATION (IN)
  YESTERDAY        0.00          0.75 1988   0.04  -0.04     0.00
                                      1957
  MONTH TO DATE    0.32                      0.08   0.24     0.00
  SINCE MAR 1      2.00                      1.15   0.85     0.55
  SINCE JAN 1      2.93                      2.02   0.91     1.41

SNOWFALL (IN)
  YESTERDAY        0.0                       0.3   -0.3      0.0
  MONTH TO DATE    0.0                       0.5   -0.5      0.0
  SINCE MAR 1      T                         7.3   -7.3      4.4
  SINCE JUL 1      9.4                      31.3  -21.9     27.8
  SNOW DEPTH       0

DEGREE DAYS
 HEATING
  YESTERDAY       17                        20     -3       16
  MONTH TO DATE   42                        40      2       42
  SINCE MAR 1    637                       798   -161      647
  SINCE JUL 1   4522                      5215   -693     4493

 COOLING
  YESTERDAY        0                         0      0        0
  MONTH TO DATE    0                         0      0        0
  SINCE MAR 1      0                         0      0        0
  SINCE JAN 1      0                         0      0        0
..................................................................

WIND (MPH)
  HIGHEST WIND SPEED    16   HIGHEST WIND DIRECTION     W (250)
  HIGHEST GUST SPEED    20   HIGHEST GUST DIRECTION     S (200)
  AVERAGE WIND SPEED     8.1


SKY COVER
  AVERAGE SKY COVER 0.2


WEATHER CONDITIONS
 THE FOLLOWING WEATHER WAS RECORDED YESTERDAY.
  NO SIGNIFICANT WEATHER WAS OBSERVED.


RELATIVE HUMIDITY (PERCENT)
 HIGHEST   100
 LOWEST     37
 AVERAGE    69

..........................................................


THE GOODLAND KS CLIMATE NORMALS FOR TODAY
                         NORMAL    RECORD    YEAR
 MAXIMUM TEMPERATURE (F)   60        86      1943
 MINIMUM TEMPERATURE (F)   31        15      1936
                                             1926


SUNRISE AND SUNSET
APRIL  3 2017.........SUNRISE   628 AM MDT   SUNSET   713 PM MDT
APRIL  4 2017.........SUNRISE   626 AM MDT   SUNSET   714 PM MDT


-  INDICATES NEGATIVE NUMBERS.
R  INDICATES RECORD WAS SET OR TIED.
MM INDICATES DATA IS MISSING.
T  INDICATES TRACE AMOUNT.

&&

THE AVERAGE SOIL TEMPERATURE AT THE FOUR INCH DEPTH... 41

$$
