000
CDUS43 KGLD 220743
CLIGLD

CLIMATE REPORT
NATIONAL WEATHER SERVICE GOODLAND
143 AM MDT FRI APR 22 2016

...................................

...THE GOODLAND KS CLIMATE SUMMARY FOR APRIL 21 2016...

CLIMATE NORMAL PERIOD 1981 TO 2010
CLIMATE RECORD PERIOD 1895 TO 2016

WEATHER ITEM   OBSERVED TIME   RECORD YEAR NORMAL DEPARTURE LAST
                VALUE   (LST)  VALUE       VALUE  FROM      YEAR
                                                  NORMAL
..................................................................
TEMPERATURE (F)
 YESTERDAY
  MAXIMUM         70    325 PM  93    1989  65      5       71
  MINIMUM         37    505 AM  20    1931  36      1       35
                                      1907
  AVERAGE         54                        51      3       53

PRECIPITATION (IN)
  YESTERDAY        0.00          0.75 1933   0.06  -0.06     0.00
  MONTH TO DATE    2.75                      1.02   1.73     4.77
  SINCE MAR 1      3.30                      2.09   1.21     4.88
  SINCE JAN 1      4.16                      2.96   1.20     5.96

SNOWFALL (IN)
  YESTERDAY        0.0                       0.1   -0.1      0.0
  MONTH TO DATE    0.0                       3.5   -3.5      2.0
  SINCE MAR 1      4.4                      10.3   -5.9      2.6
  SINCE JUL 1     27.8                      34.3   -6.5     24.7
  SNOW DEPTH       0

DEGREE DAYS
 HEATING
  YESTERDAY       11                        14     -3       12
  MONTH TO DATE  305                       365    -60      295
  SINCE MAR 1    910                      1123   -213      860
  SINCE JUL 1   4756                      5540   -784     5075

 COOLING
  YESTERDAY        0                         0      0        0
  MONTH TO DATE    0                         0      0        0
  SINCE MAR 1      0                         0      0        0
  SINCE JAN 1      0                         0      0        0
..................................................................

WIND (MPH)
  HIGHEST WIND SPEED    23   HIGHEST WIND DIRECTION     N (360)
  HIGHEST GUST SPEED    31   HIGHEST GUST DIRECTION     N (360)
  AVERAGE WIND SPEED    10.4


SKY COVER
  AVERAGE SKY COVER 0.1


WEATHER CONDITIONS
 THE FOLLOWING WEATHER WAS RECORDED YESTERDAY.
  NO SIGNIFICANT WEATHER WAS OBSERVED.


RELATIVE HUMIDITY (PERCENT)
 HIGHEST    93
 LOWEST     31
 AVERAGE    62

..........................................................


THE GOODLAND KS CLIMATE NORMALS FOR TODAY
                         NORMAL    RECORD    YEAR
 MAXIMUM TEMPERATURE (F)   66        96      1989
 MINIMUM TEMPERATURE (F)   37        22      1982


SUNRISE AND SUNSET
APRIL 22 2016.........SUNRISE   559 AM MDT   SUNSET   732 PM MDT
APRIL 23 2016.........SUNRISE   558 AM MDT   SUNSET   733 PM MDT


-  INDICATES NEGATIVE NUMBERS.
R  INDICATES RECORD WAS SET OR TIED.
MM INDICATES DATA IS MISSING.
T  INDICATES TRACE AMOUNT.

&&

THE AVERAGE SOIL TEMPERATURE AT THE FOUR INCH DEPTH... 49

$$
