569
CDUS43 KGLD 030808
CLIGLD

CLIMATE REPORT
NATIONAL WEATHER SERVICE GOODLAND
105 AM MST WED FEB 3 2016

...................................

...THE GOODLAND KS CLIMATE SUMMARY FOR FEBRUARY 2 2016...

CLIMATE NORMAL PERIOD 1981 TO 2010
CLIMATE RECORD PERIOD 1895 TO 2016

WEATHER ITEM   OBSERVED TIME   RECORD YEAR NORMAL DEPARTURE LAST
                VALUE   (LST)  VALUE       VALUE  FROM      YEAR
                                                  NORMAL
..................................................................
TEMPERATURE (F)
 YESTERDAY
  MAXIMUM         27    456 AM  72    1934  43    -16       56
  MINIMUM         14   1159 PM -13    2011  17     -3        6
                                      1989
                                      1917
  AVERAGE         21                        30     -9       31

PRECIPITATION (IN)
  YESTERDAY        0.57R         0.57 2016   0.01   0.56     0.00
  MONTH TO DATE    0.81                      0.03   0.78      T
  SINCE DEC 1      1.01                      0.87   0.14     1.74
  SINCE JAN 1      0.85                      0.41   0.44     0.28

SNOWFALL (IN)
  YESTERDAY        9.5                       0.2    9.3      0.0
  MONTH TO DATE   13.3                       0.4   12.9       T
  SINCE DEC 1     15.2                      11.8    3.4     12.1
  SINCE JUL 1     23.4                      19.0    4.4     12.3
  SNOW DEPTH       8

DEGREE DAYS
 HEATING
  YESTERDAY       44                        35      9       34
  MONTH TO DATE   78                        70      8       84
  SINCE DEC 1   2079                      2254   -175     2159
  SINCE JUL 1   3139                      3573   -434     3414

 COOLING
  YESTERDAY        0                         0      0        0
  MONTH TO DATE    0                         0      0        0
  SINCE DEC 1      0                         0      0        0
  SINCE JAN 1      0                         0      0        0
..................................................................

WIND (MPH)
  HIGHEST WIND SPEED    41   HIGHEST WIND DIRECTION     N (360)
  HIGHEST GUST SPEED    50   HIGHEST GUST DIRECTION     N (350)
  AVERAGE WIND SPEED    26.9


SKY COVER
  AVERAGE SKY COVER 0.8


WEATHER CONDITIONS
 THE FOLLOWING WEATHER WAS RECORDED YESTERDAY.
  HEAVY SNOW
  SNOW
  LIGHT SNOW
  FOG
  FOG W/VISIBILITY <= 1/4 MILE


RELATIVE HUMIDITY (PERCENT)
 HIGHEST   100
 LOWEST     80
 AVERAGE    90

..........................................................


THE GOODLAND KS CLIMATE NORMALS FOR TODAY
                         NORMAL    RECORD    YEAR
 MAXIMUM TEMPERATURE (F)   43        74      1962
 MINIMUM TEMPERATURE (F)   17       -19      1996


SUNRISE AND SUNSET
FEBRUARY  3 2016......SUNRISE   652 AM MST   SUNSET   509 PM MST
FEBRUARY  4 2016......SUNRISE   652 AM MST   SUNSET   510 PM MST


-  INDICATES NEGATIVE NUMBERS.
R  INDICATES RECORD WAS SET OR TIED.
MM INDICATES DATA IS MISSING.
T  INDICATES TRACE AMOUNT.

&&

THE AVERAGE SOIL TEMPERATURE AT THE FOUR INCH DEPTH... 34
THE CURRENT DEPTH OF FROST... 7 INCHES

$$
