000
CDUS43 KGLD 310748
CLIGLD

WRKCLIGLD 000
TTAA00 KGLD 310747

CLIMATE REPORT
NATIONAL WEATHER SERVICE GOODLAND
1246 AM MST SUN JAN 31 2016

...................................

...THE GOODLAND KS CLIMATE SUMMARY FOR JANUARY 30 2016...

CLIMATE NORMAL PERIOD 1981 TO 2010
CLIMATE RECORD PERIOD 1895 TO 2016

WEATHER ITEM   OBSERVED TIME   RECORD YEAR NORMAL DEPARTURE LAST
                VALUE   (LST)  VALUE       VALUE  FROM      YEAR
                                                  NORMAL
..................................................................
TEMPERATURE (F)
 YESTERDAY
  MAXIMUM         58    116 PM  72    1986  43     15       48
  MINIMUM         34   1159 PM -15    1918  17     17       26
  AVERAGE         46                        30     16       37

PRECIPITATION (IN)
  YESTERDAY        0.00          0.35 1896   0.02  -0.02      T
  MONTH TO DATE    0.04                      0.37  -0.33     0.21
  SINCE DEC 1      0.20                      0.83  -0.63     1.67
  SINCE JAN 1      0.04                      0.37  -0.33     0.21

SNOWFALL (IN)
  YESTERDAY        0.0                       0.2   -0.2      0.0
  MONTH TO DATE    0.2                       5.7   -5.5      2.0
  SINCE DEC 1      1.9                      11.2   -9.3     11.7
  SINCE JUL 1     10.1                      18.4   -8.3     11.9
  SNOW DEPTH       0

DEGREE DAYS
 HEATING
  YESTERDAY       19                        35    -16       28
  MONTH TO DATE  992                      1052    -60      983
  SINCE DEC 1   1974                      2140   -166     2042
  SINCE JUL 1   3034                      3459   -425     3297

 COOLING
  YESTERDAY        0                         0      0        0
  MONTH TO DATE    0                         0      0        0
  SINCE DEC 1      0                         0      0        0
  SINCE JAN 1      0                         0      0        0
..................................................................

WIND (MPH)
  HIGHEST WIND SPEED    25   HIGHEST WIND DIRECTION     N (10)
  HIGHEST GUST SPEED    32   HIGHEST GUST DIRECTION     N (10)
  AVERAGE WIND SPEED    14.7


SKY COVER
  AVERAGE SKY COVER 0.1


WEATHER CONDITIONS
 THE FOLLOWING WEATHER WAS RECORDED YESTERDAY.
  NO SIGNIFICANT WEATHER WAS OBSERVED.


RELATIVE HUMIDITY (PERCENT)
 HIGHEST    82
 LOWEST     25
 AVERAGE    54

..........................................................


THE GOODLAND KS CLIMATE NORMALS FOR TODAY
                         NORMAL    RECORD    YEAR
 MAXIMUM TEMPERATURE (F)   43        75      1989
 MINIMUM TEMPERATURE (F)   17       -19      1951
                                             1918


SUNRISE AND SUNSET
JANUARY 31 2016.......SUNRISE   655 AM MST   SUNSET   506 PM MST
FEBRUARY  1 2016......SUNRISE   654 AM MST   SUNSET   507 PM MST


-  INDICATES NEGATIVE NUMBERS.
R  INDICATES RECORD WAS SET OR TIED.
MM INDICATES DATA IS MISSING.
T  INDICATES TRACE AMOUNT.

&&

THE AVERAGE SOIL TEMPERATURE AT THE FOUR INCH DEPTH... 32
THE CURRENT DEPTH OF FROST... 11 INCHES

$$
