000
CDUS43 KGLD 290745
CLIGLD

CLIMATE REPORT
NATIONAL WEATHER SERVICE GOODLAND
142 AM MDT SUN OCT 29 2017

...................................

...THE GOODLAND KS CLIMATE SUMMARY FOR OCTOBER 28 2017...

CLIMATE NORMAL PERIOD 1981 TO 2010
CLIMATE RECORD PERIOD 1895 TO 2017

WEATHER ITEM   OBSERVED TIME   RECORD YEAR NORMAL DEPARTURE LAST
                VALUE   (LST)  VALUE       VALUE  FROM      YEAR
                                                  NORMAL
..................................................................
TEMPERATURE (F)
 YESTERDAY
  MAXIMUM         58   1240 PM  86    2016  62     -4       86
                                      1943
  MINIMUM         20   1223 AM  10    1925  33    -13       51
  AVERAGE         39                        47     -8       69

PRECIPITATION (IN)
  YESTERDAY        0.00          1.99 2000   0.04  -0.04     0.00
  MONTH TO DATE    0.44                      1.27  -0.83     0.04
  SINCE SEP 1      4.29                      2.49   1.80     2.53
  SINCE JAN 1     26.25                     18.39   7.86    16.57

SNOWFALL (IN)
  YESTERDAY        0.0                       0.1   -0.1      0.0
  MONTH TO DATE    T                         1.9   -1.9      0.0
  SINCE SEP 1      T                         2.3   -2.3       T
  SINCE JUL 1      T                         2.3   -2.3       T
  SNOW DEPTH       0

DEGREE DAYS
 HEATING
  YESTERDAY       26                        18      8        0
  MONTH TO DATE  339                       359    -20      210
  SINCE SEP 1    447                       471    -24      268
  SINCE JUL 1    447                       483    -36      275

 COOLING
  YESTERDAY        0                         0      0        4
  MONTH TO DATE    1                         5     -4       30
  SINCE SEP 1    140                       105     35      152
  SINCE JAN 1    959                       938     21     1101
..................................................................

WIND (MPH)
  HIGHEST WIND SPEED    24   HIGHEST WIND DIRECTION    NW (330)
  HIGHEST GUST SPEED    31   HIGHEST GUST DIRECTION    NW (320)
  AVERAGE WIND SPEED    11.1


SKY COVER
  AVERAGE SKY COVER 0.8


WEATHER CONDITIONS
 THE FOLLOWING WEATHER WAS RECORDED YESTERDAY.
  NO SIGNIFICANT WEATHER WAS OBSERVED.


RELATIVE HUMIDITY (PERCENT)
 HIGHEST    76
 LOWEST     23
 AVERAGE    50

..........................................................


THE GOODLAND KS CLIMATE NORMALS FOR TODAY
                         NORMAL    RECORD    YEAR
 MAXIMUM TEMPERATURE (F)   61        90      2003
 MINIMUM TEMPERATURE (F)   33         1      1917


SUNRISE AND SUNSET
OCTOBER 29 2017.......SUNRISE   712 AM MDT   SUNSET   549 PM MDT
OCTOBER 30 2017.......SUNRISE   713 AM MDT   SUNSET   547 PM MDT


-  INDICATES NEGATIVE NUMBERS.
R  INDICATES RECORD WAS SET OR TIED.
MM INDICATES DATA IS MISSING.
T  INDICATES TRACE AMOUNT.

&&

THE AVERAGE SOIL TEMPERATURE AT THE FOUR INCH DEPTH... 43

$$
