000
CDUS43 KGLD 050106
CLIGLD

CLIMATE REPORT
NATIONAL WEATHER SERVICE GOODLAND
704 PM MDT THU MAY 4 2017

...................................

...THE GOODLAND KS CLIMATE SUMMARY FOR MAY 4 2017...
VALID TODAY AS OF 0600 PM LOCAL TIME.

CLIMATE NORMAL PERIOD 1981 TO 2010
CLIMATE RECORD PERIOD 1895 TO 2017

WEATHER ITEM   OBSERVED TIME   RECORD YEAR NORMAL DEPARTURE LAST
                VALUE   (LST)  VALUE       VALUE  FROM      YEAR
                                                  NORMAL
..................................................................
TEMPERATURE (F)
 TODAY
  MAXIMUM         70    407 PM  91    2012  69      1       77
                                      1986
                                      1965
  MINIMUM         32    500 AM  23    1907  41     -9       41
  AVERAGE         51                        55     -4       59

PRECIPITATION (IN)
  TODAY            0.00          1.49 2001   0.08  -0.08     0.00
  MONTH TO DATE    T                         0.30  -0.30     0.02
  SINCE MAR 1      3.80                      2.96   0.84     4.56
  SINCE JAN 1      4.73                      3.83   0.90     5.42

SNOWFALL (IN)
  TODAY            0.0                       0.1   -0.1      0.0
  MONTH TO DATE    0.0                       0.2   -0.2       T
  SINCE MAR 1      4.8                      11.2   -6.4      6.7
  SINCE JUL 1     14.2                      35.2  -21.0     30.1
  SNOW DEPTH       0

DEGREE DAYS
 HEATING
  TODAY           14                        10      4        6
  MONTH TO DATE   66                        42     24       60
  SINCE MAR 1   1077                      1280   -203     1100
  SINCE JUL 1   4962                      5697   -735     4946

 COOLING
  TODAY            0                         1     -1        0
  MONTH TO DATE    0                         2     -2        0
  SINCE MAR 1      7                         6      1        0
  SINCE JAN 1      7                         6      1        0
..................................................................

WIND (MPH)
  HIGHEST WIND SPEED    13   HIGHEST WIND DIRECTION     N (360)
  HIGHEST GUST SPEED    17   HIGHEST GUST DIRECTION    NW (320)
  AVERAGE WIND SPEED     7.7


SKY COVER
  AVERAGE SKY COVER 0.0


WEATHER CONDITIONS
 THE FOLLOWING WEATHER WAS RECORDED TODAY.
  NO SIGNIFICANT WEATHER WAS OBSERVED.


RELATIVE HUMIDITY (PERCENT)
 HIGHEST    89           300 AM
 LOWEST     24           300 PM
 AVERAGE    57

..........................................................


THE GOODLAND KS CLIMATE NORMALS FOR TOMORROW
                         NORMAL    RECORD    YEAR
 MAXIMUM TEMPERATURE (F)   70        94      1936
 MINIMUM TEMPERATURE (F)   42        25      2013
                                             1944


SUNRISE AND SUNSET
MAY  4 2017...........SUNRISE   544 AM MDT   SUNSET   743 PM MDT
MAY  5 2017...........SUNRISE   543 AM MDT   SUNSET   744 PM MDT


-  INDICATES NEGATIVE NUMBERS.
R  INDICATES RECORD WAS SET OR TIED.
MM INDICATES DATA IS MISSING.
T  INDICATES TRACE AMOUNT.

&&

THE AVERAGE SOIL TEMPERATURE AT THE FOUR INCH DEPTH... 46

$$
