000
CDUS43 KGLD 170740
CLIGLD

CLIMATE REPORT
NATIONAL WEATHER SERVICE GOODLAND
138 AM MDT THU JUL 17 2014

...................................

...THE GOODLAND KS CLIMATE SUMMARY FOR JULY 16 2014...

CLIMATE NORMAL PERIOD 1981 TO 2010
CLIMATE RECORD PERIOD 1895 TO 2014

WEATHER ITEM   OBSERVED TIME   RECORD YEAR NORMAL DEPARTURE LAST
                VALUE   (LST)  VALUE       VALUE  FROM      YEAR
                                                  NORMAL
..................................................................
TEMPERATURE (F)
 YESTERDAY
  MAXIMUM         62    132 AM 107    1934  90    -28       81
  MINIMUM         56   1040 PM  50    1917  62     -6       59
                                      1895
  AVERAGE         59                        76    -17       70

PRECIPITATION (IN)
  YESTERDAY        0.01          0.93 1943   0.11  -0.10     0.00
  MONTH TO DATE    1.42                      1.78  -0.36     0.02
  SINCE JUN 1      6.95                      5.03   1.92     3.06
  SINCE JAN 1     10.49                     11.51  -1.02     7.42

SNOWFALL (IN)
  YESTERDAY        0.0                       0.0    0.0      0.0
  MONTH TO DATE    0.0                       0.0    0.0      0.0
  SINCE JUN 1      0.0                       0.0    0.0      0.0
  SINCE JUL 1      0.0                       0.0    0.0      0.0
  SNOW DEPTH       0

DEGREE DAYS
 HEATING
  YESTERDAY        6                         0      6        0
  MONTH TO DATE    9                         0      9        0
  SINCE JUN 1     47                        37     10       31
  SINCE JUL 1      9                         0      9        0

 COOLING
  YESTERDAY        0                        11    -11        5
  MONTH TO DATE  140                       169    -29      189
  SINCE JUN 1    289                       348    -59      446
  SINCE JAN 1    335                       389    -54      535
..................................................................

WIND (MPH)
  HIGHEST WIND SPEED    24   HIGHEST WIND DIRECTION     S (160)
  HIGHEST GUST SPEED    28   HIGHEST GUST DIRECTION    SE (150)
  AVERAGE WIND SPEED    10.7

SKY COVER
  AVERAGE SKY COVER 0.9

WEATHER CONDITIONS
THE FOLLOWING WEATHER WAS RECORDED YESTERDAY.
  FOG

RELATIVE HUMIDITY (PERCENT)
 HIGHEST   100
 LOWEST     72
 AVERAGE    86

..........................................................

THE GOODLAND KS CLIMATE NORMALS FOR TODAY
                         NORMAL    RECORD    YEAR
 MAXIMUM TEMPERATURE (F)   90       106      1936
 MINIMUM TEMPERATURE (F)   62        50      1917


SUNRISE AND SUNSET
JULY 17 2014..........SUNRISE   534 AM MDT   SUNSET   812 PM MDT
JULY 18 2014..........SUNRISE   535 AM MDT   SUNSET   811 PM MDT

-  INDICATES NEGATIVE NUMBERS.
R  INDICATES RECORD WAS SET OR TIED.
MM INDICATES DATA IS MISSING.
T  INDICATES TRACE AMOUNT.

&&

THE AVERAGE SOIL TEMPERATURE AT THE FOUR INCH DEPTH... 70

$$
