000
CDUS43 KGLD 150039
CLIGLD

CLIMATE REPORT
NATIONAL WEATHER SERVICE GOODLAND
637 PM MDT TUE JUL 14 2015

...................................

...THE GOODLAND KS CLIMATE SUMMARY FOR JULY 14 2015...
VALID TODAY AS OF 0600 PM LOCAL TIME.

CLIMATE NORMAL PERIOD 1981 TO 2010
CLIMATE RECORD PERIOD 1895 TO 2015

WEATHER ITEM   OBSERVED TIME   RECORD YEAR NORMAL DEPARTURE LAST
                VALUE   (LST)  VALUE       VALUE  FROM      YEAR
                                                  NORMAL
..................................................................
TEMPERATURE (F)
 TODAY
  MAXIMUM         97    306 PM 107    1934  91      6       82
  MINIMUM         65    434 AM  47    1990  62      3       57
  AVERAGE         81                        76      5       70

PRECIPITATION (IN)
  TODAY            T             1.13 1928   0.11  -0.11     0.00
  MONTH TO DATE    0.32                      1.55  -1.23     1.40
  SINCE JUN 1      2.63                      4.80  -2.17     6.93
  SINCE JAN 1     14.42                     11.28   3.14    10.47

SNOWFALL (IN)
  TODAY            0.0                       0.0    0.0      0.0
  MONTH TO DATE    0.0                       0.0    0.0      0.0
  SINCE JUN 1      0.0                       0.0    0.0      0.0
  SINCE JUL 1      0.0                       0.0    0.0      0.0
  SNOW DEPTH       0

DEGREE DAYS
 HEATING
  TODAY            0                         0      0        0
  MONTH TO DATE    1                         0      1        0
  SINCE JUN 1      6                        37    -31       38
  SINCE JUL 1      1                         0      1        0

 COOLING
  TODAY           16                        11      5        5
  MONTH TO DATE  143                       147     -4      140
  SINCE JUN 1    385                       326     59      289
  SINCE JAN 1    391                       367     24      335
..................................................................

WIND (MPH)
  HIGHEST WIND SPEED    15   HIGHEST WIND DIRECTION    SE (120)
  HIGHEST GUST SPEED    20   HIGHEST GUST DIRECTION     E (90)
  AVERAGE WIND SPEED     7.0


SKY COVER
  AVERAGE SKY COVER 0.2


WEATHER CONDITIONS
 THE FOLLOWING WEATHER WAS RECORDED TODAY.
  LIGHT RAIN


RELATIVE HUMIDITY (PERCENT)
 HIGHEST    87           400 AM
 LOWEST     20           300 PM
 AVERAGE    54

..........................................................


THE GOODLAND KS CLIMATE NORMALS FOR TOMORROW
                         NORMAL    RECORD    YEAR
 MAXIMUM TEMPERATURE (F)   91       106      1925
 MINIMUM TEMPERATURE (F)   62        52      1990
                                             1912


SUNRISE AND SUNSET
JULY 14 2015..........SUNRISE   532 AM MDT   SUNSET   813 PM MDT
JULY 15 2015..........SUNRISE   532 AM MDT   SUNSET   813 PM MDT


-  INDICATES NEGATIVE NUMBERS.
R  INDICATES RECORD WAS SET OR TIED.
MM INDICATES DATA IS MISSING.
T  INDICATES TRACE AMOUNT.

&&

THE AVERAGE SOIL TEMPERATURE AT THE FOUR INCH DEPTH... 79

$$
