000
CDUS43 KGLD 010754
CLIGLD

CLIMATE REPORT
NATIONAL WEATHER SERVICE GOODLAND
148 AM MDT FRI SEP 1 2017

...................................

...THE GOODLAND KS CLIMATE SUMMARY FOR AUGUST 31 2017...

CLIMATE NORMAL PERIOD 1981 TO 2010
CLIMATE RECORD PERIOD 1895 TO 2017

WEATHER ITEM   OBSERVED TIME   RECORD YEAR NORMAL DEPARTURE LAST
                VALUE   (LST)  VALUE       VALUE  FROM      YEAR
                                                  NORMAL
..................................................................
TEMPERATURE (F)
 YESTERDAY
  MAXIMUM         84    320 PM 102    1985  85     -1       77
                                      1926
  MINIMUM         54    316 AM  39    1944  57     -3       60
  AVERAGE         69                        71     -2       69

PRECIPITATION (IN)
  YESTERDAY        0.00          1.38 2006   0.07  -0.07     0.52
  MONTH TO DATE    1.75                      2.70  -0.95     2.31
  SINCE JUN 1      9.57                      9.42   0.15     6.68
  SINCE JAN 1     21.96                     15.90   6.06    14.04

SNOWFALL (IN)
  YESTERDAY        0.0                       0.0    0.0      0.0
  MONTH TO DATE    T                         0.0    0.0      0.0
  SINCE JUN 1      T                         0.0    0.0      0.0
  SINCE JUL 1      T                         0.0    0.0      0.0
  SNOW DEPTH       0

DEGREE DAYS
 HEATING
  YESTERDAY        0                         1     -1        0
  MONTH TO DATE    0                         5     -5        7
  SINCE JUN 1     13                        49    -36        9
  SINCE JUL 1      0                        12    -12        7

 COOLING
  YESTERDAY        4                         7     -3        4
  MONTH TO DATE  190                       279    -89      234
  SINCE JUN 1    781                       792    -11      925
  SINCE JAN 1    819                       833    -14      949
..................................................................

WIND (MPH)
  HIGHEST WIND SPEED    20   HIGHEST WIND DIRECTION    SE (150)
  HIGHEST GUST SPEED    25   HIGHEST GUST DIRECTION    SE (150)
  AVERAGE WIND SPEED    11.9


SKY COVER
  AVERAGE SKY COVER 0.0


WEATHER CONDITIONS
 THE FOLLOWING WEATHER WAS RECORDED YESTERDAY.
  NO SIGNIFICANT WEATHER WAS OBSERVED.


RELATIVE HUMIDITY (PERCENT)
 HIGHEST    83
 LOWEST     31
 AVERAGE    57

..........................................................


THE GOODLAND KS CLIMATE NORMALS FOR TODAY
                         NORMAL    RECORD    YEAR
 MAXIMUM TEMPERATURE (F)   85       102      1939
 MINIMUM TEMPERATURE (F)   56        42      1956


SUNRISE AND SUNSET
SEPTEMBER  1 2017.....SUNRISE   615 AM MDT   SUNSET   717 PM MDT
SEPTEMBER  2 2017.....SUNRISE   616 AM MDT   SUNSET   716 PM MDT


-  INDICATES NEGATIVE NUMBERS.
R  INDICATES RECORD WAS SET OR TIED.
MM INDICATES DATA IS MISSING.
T  INDICATES TRACE AMOUNT.

&&

THE AVERAGE SOIL TEMPERATURE AT THE FOUR INCH DEPTH... 72

$$
