000
CDUS43 KGLD 110037
CLIGLD

CLIMATE REPORT
NATIONAL WEATHER SERVICE GOODLAND
636 PM MDT SUN SEP 10 2017

...................................

...THE GOODLAND KS CLIMATE SUMMARY FOR SEPTEMBER 10 2017...
VALID TODAY AS OF 0600 PM LOCAL TIME.

CLIMATE NORMAL PERIOD 1981 TO 2010
CLIMATE RECORD PERIOD 1895 TO 2017

WEATHER ITEM   OBSERVED TIME   RECORD YEAR NORMAL DEPARTURE LAST
                VALUE   (LST)  VALUE       VALUE  FROM      YEAR
                                                  NORMAL
..................................................................
TEMPERATURE (F)
 TODAY
  MAXIMUM         91    315 PM 100    1936  82      9       78
                                      1895
  MINIMUM         58    619 AM  34    1907  53      5       42
  AVERAGE         75                        67      8       60

PRECIPITATION (IN)
  TODAY            0.00          0.71 1967   0.04  -0.04     0.00
  MONTH TO DATE    0.00                      0.45  -0.45     1.67
  SINCE SEP 1      0.00                      0.45  -0.45     1.67
  SINCE JAN 1     21.96                     16.35   5.61    15.71

SNOWFALL (IN)
  TODAY            0.0                       0.0    0.0      0.0
  MONTH TO DATE    0.0                       0.0    0.0       T
  SINCE SEP 1      0.0                       0.0    0.0       T
  SINCE JUL 1      T                         0.0    0.0       T
  SNOW DEPTH       0

DEGREE DAYS
 HEATING
  TODAY            0                         2     -2        5
  MONTH TO DATE   11                        14     -3        8
  SINCE SEP 1     11                        14     -3        8
  SINCE JUL 1     11                        26    -15       15

 COOLING
  TODAY           10                         4      6        0
  MONTH TO DATE   56                        54      2       64
  SINCE SEP 1     56                        54      2       64
  SINCE JAN 1    875                       887    -12     1013
..................................................................

WIND (MPH)
  HIGHEST WIND SPEED    23   HIGHEST WIND DIRECTION     S (170)
  HIGHEST GUST SPEED    29   HIGHEST GUST DIRECTION     S (160)
  AVERAGE WIND SPEED    15.3


SKY COVER
  AVERAGE SKY COVER 0.0


WEATHER CONDITIONS
 THE FOLLOWING WEATHER WAS RECORDED TODAY.
  NO SIGNIFICANT WEATHER WAS OBSERVED.


RELATIVE HUMIDITY (PERCENT)
 HIGHEST    77           600 AM
 LOWEST     27           200 PM
 AVERAGE    52

..........................................................


THE GOODLAND KS CLIMATE NORMALS FOR TOMORROW
                         NORMAL    RECORD    YEAR
 MAXIMUM TEMPERATURE (F)   81        99      1895
 MINIMUM TEMPERATURE (F)   52        37      1989


SUNRISE AND SUNSET
SEPTEMBER 10 2017.....SUNRISE   624 AM MDT   SUNSET   703 PM MDT
SEPTEMBER 11 2017.....SUNRISE   625 AM MDT   SUNSET   701 PM MDT


-  INDICATES NEGATIVE NUMBERS.
R  INDICATES RECORD WAS SET OR TIED.
MM INDICATES DATA IS MISSING.
T  INDICATES TRACE AMOUNT.

&&

THE AVERAGE SOIL TEMPERATURE AT THE FOUR INCH DEPTH... 73

$$
