000
CDUS43 KGLD 020057
CLIGLD

CLIMATE REPORT
NATIONAL WEATHER SERVICE GOODLAND
657 PM MDT WED NOV 1 2017

...................................

...THE GOODLAND KS CLIMATE SUMMARY FOR NOVEMBER 1 2017...
VALID TODAY AS OF 0600 PM LOCAL TIME.

CLIMATE NORMAL PERIOD 1981 TO 2010
CLIMATE RECORD PERIOD 1895 TO 2017

WEATHER ITEM   OBSERVED TIME   RECORD YEAR NORMAL DEPARTURE LAST
                VALUE   (LST)  VALUE       VALUE  FROM      YEAR
                                                  NORMAL
..................................................................
TEMPERATURE (F)
 TODAY
  MAXIMUM         70    212 PM  79    1915  60     10       66
  MINIMUM         32    350 AM   4    1951  32      0       39
  AVERAGE         51                        46      5       53

PRECIPITATION (IN)
  TODAY            0.00          0.90 1928   0.03  -0.03     0.00
  MONTH TO DATE    0.00                      0.03  -0.03     0.00
  SINCE SEP 1      4.29                      2.62   1.67     2.53
  SINCE JAN 1     26.25                     18.52   7.73    16.57

SNOWFALL (IN)
  TODAY            0.0                       0.1   -0.1      0.0
  MONTH TO DATE    0.0                       0.1   -0.1      0.0
  SINCE SEP 1      0.1                       2.7   -2.6       T
  SINCE JUL 1      0.1                       2.7   -2.6       T
  SNOW DEPTH       0

DEGREE DAYS
 HEATING
  TODAY           14                        19     -5       12
  MONTH TO DATE   14                        19     -5       12
  SINCE SEP 1    525                       547    -22      290
  SINCE JUL 1    525                       559    -34      297

 COOLING
  TODAY            0                         0      0        0
  MONTH TO DATE    0                         0      0        0
  SINCE SEP 1    140                       108     32      154
  SINCE JAN 1    959                       941     18     1103
..................................................................

WIND (MPH)
  HIGHEST WIND SPEED    21   HIGHEST WIND DIRECTION     S (160)
  HIGHEST GUST SPEED    28   HIGHEST GUST DIRECTION    SE (150)
  AVERAGE WIND SPEED     9.3


SKY COVER
  AVERAGE SKY COVER 0.2


WEATHER CONDITIONS
 THE FOLLOWING WEATHER WAS RECORDED TODAY.
  NO SIGNIFICANT WEATHER WAS OBSERVED.


RELATIVE HUMIDITY (PERCENT)
 HIGHEST    82           400 AM
 LOWEST     18           100 PM
 AVERAGE    50

..........................................................


THE GOODLAND KS CLIMATE NORMALS FOR TOMORROW
                         NORMAL    RECORD    YEAR
 MAXIMUM TEMPERATURE (F)   59        81      1931
                                             1915
 MINIMUM TEMPERATURE (F)   31        -4      1951


SUNRISE AND SUNSET
NOVEMBER  1 2017......SUNRISE   715 AM MDT   SUNSET   545 PM MDT
NOVEMBER  2 2017......SUNRISE   716 AM MDT   SUNSET   544 PM MDT


-  INDICATES NEGATIVE NUMBERS.
R  INDICATES RECORD WAS SET OR TIED.
MM INDICATES DATA IS MISSING.
T  INDICATES TRACE AMOUNT.

&&

THE AVERAGE SOIL TEMPERATURE AT THE FOUR INCH DEPTH... 44

$$
