000
CDUS43 KGLD 100738
CLIGLD

CLIMATE REPORT
NATIONAL WEATHER SERVICE GOODLAND
137 AM MDT FRI OCT 10 2014

...................................

...THE GOODLAND KS CLIMATE SUMMARY FOR OCTOBER 9 2014...

CLIMATE NORMAL PERIOD 1981 TO 2010
CLIMATE RECORD PERIOD 1895 TO 2014

WEATHER ITEM   OBSERVED TIME   RECORD YEAR NORMAL DEPARTURE LAST
                VALUE   (LST)  VALUE       VALUE  FROM      YEAR
                                                  NORMAL
..................................................................
TEMPERATURE (F)
 YESTERDAY
  MAXIMUM         58    131 PM  90    2003  69    -11       77
                                      1910
  MINIMUM         46    446 AM  23    2000  40      6       45
  AVERAGE         52                        54     -2       61

PRECIPITATION (IN)
  YESTERDAY        0.19          0.55 1949   0.04   0.15     0.00
  MONTH TO DATE    0.20                      0.42  -0.22      T
  SINCE SEP 1      2.24                      1.64   0.60     6.49
  SINCE JAN 1     16.14                     17.54  -1.40    15.28

SNOWFALL (IN)
  YESTERDAY        0.0                       0.1   -0.1      0.0
  MONTH TO DATE    0.0                       0.3   -0.3      0.0
  SINCE SEP 1      T                         0.7   -0.7      0.0
  SINCE JUL 1      T                         0.7   -0.7      0.0
  SNOW DEPTH       0

DEGREE DAYS
 HEATING
  YESTERDAY       13                        11      2        4
  MONTH TO DATE   73                        86    -13       75
  SINCE SEP 1    173                       198    -25      122
  SINCE JUL 1    186                       210    -24      129

 COOLING
  YESTERDAY        0                         0      0        0
  MONTH TO DATE    0                         5     -5        0
  SINCE SEP 1    117                       105     12      183
  SINCE JAN 1    919                       938    -19     1181
..................................................................

WIND (MPH)
  HIGHEST WIND SPEED    22   HIGHEST WIND DIRECTION    NE (40)
  HIGHEST GUST SPEED    27   HIGHEST GUST DIRECTION     E (80)
  AVERAGE WIND SPEED     9.1


SKY COVER
  AVERAGE SKY COVER 0.7


WEATHER CONDITIONS
THE FOLLOWING WEATHER WAS RECORDED YESTERDAY.
  LIGHT RAIN
  FOG


RELATIVE HUMIDITY (PERCENT)
 HIGHEST   100
 LOWEST     72
 AVERAGE    86

..........................................................


THE GOODLAND KS CLIMATE NORMALS FOR TODAY
                         NORMAL    RECORD    YEAR
 MAXIMUM TEMPERATURE (F)   69        90      1920
                                             1910
 MINIMUM TEMPERATURE (F)   40        20      2009


SUNRISE AND SUNSET
OCTOBER 10 2014.......SUNRISE   652 AM MDT   SUNSET   615 PM MDT
OCTOBER 11 2014.......SUNRISE   653 AM MDT   SUNSET   614 PM MDT


-  INDICATES NEGATIVE NUMBERS.
R  INDICATES RECORD WAS SET OR TIED.
MM INDICATES DATA IS MISSING.
T  INDICATES TRACE AMOUNT.

&&

THE AVERAGE SOIL TEMPERATURE AT THE FOUR INCH DEPTH... 60

$$
