000
CDUS43 KGLD 060755
CLIGLD

CLIMATE REPORT
NATIONAL WEATHER SERVICE GOODLAND
1249 AM MST SAT DEC 6 2014

...................................

...THE GOODLAND KS CLIMATE SUMMARY FOR DECEMBER 5 2014...

CLIMATE NORMAL PERIOD 1981 TO 2010
CLIMATE RECORD PERIOD 1895 TO 2014

WEATHER ITEM   OBSERVED TIME   RECORD YEAR NORMAL DEPARTURE LAST
                VALUE   (LST)  VALUE       VALUE  FROM      YEAR
                                                  NORMAL
..................................................................
TEMPERATURE (F)
 YESTERDAY
  MAXIMUM         59    111 PM  75    1939  44     15       12
  MINIMUM         25   1159 PM  -8    1972  19      6       -3
  AVERAGE         42                        31     11        5

PRECIPITATION (IN)
  YESTERDAY        0.00          0.20 1912   0.02  -0.02     0.00
  MONTH TO DATE    0.00                      0.08  -0.08     0.01
  SINCE DEC 1      0.00                      0.08  -0.08     0.01
  SINCE JAN 1     16.41                     19.28  -2.87    16.70

SNOWFALL (IN)
  YESTERDAY        0.0                       0.2   -0.2      0.0
  MONTH TO DATE    0.0                       0.9   -0.9      0.2
  SINCE DEC 1      0.0                       0.9   -0.9      0.2
  SINCE JUL 1      0.2                       8.1   -7.9      4.5
  SNOW DEPTH       0

DEGREE DAYS
 HEATING
  YESTERDAY       23                        34    -11       60
  MONTH TO DATE  152                       167    -15      177
  SINCE DEC 1    152                       167    -15      177
  SINCE JUL 1   1407                      1486    -79     1450

 COOLING
  YESTERDAY        0                         0      0        0
  MONTH TO DATE    0                         0      0        0
  SINCE DEC 1      0                         0      0        0
  SINCE JAN 1    920                       941    -21     1181
..................................................................

WIND (MPH)
  HIGHEST WIND SPEED    22   HIGHEST WIND DIRECTION     N (340)
  HIGHEST GUST SPEED    26   HIGHEST GUST DIRECTION    NW (330)
  AVERAGE WIND SPEED     9.9


SKY COVER
  AVERAGE SKY COVER 0.0


WEATHER CONDITIONS
 THE FOLLOWING WEATHER WAS RECORDED YESTERDAY.
  NO SIGNIFICANT WEATHER WAS OBSERVED.


RELATIVE HUMIDITY (PERCENT)
 HIGHEST    81
 LOWEST     36
 AVERAGE    59

..........................................................


THE GOODLAND KS CLIMATE NORMALS FOR TODAY
                         NORMAL    RECORD    YEAR
 MAXIMUM TEMPERATURE (F)   43        78      1939
 MINIMUM TEMPERATURE (F)   18       -14      1950


SUNRISE AND SUNSET
DECEMBER  6 2014......SUNRISE   652 AM MST   SUNSET   423 PM MST
DECEMBER  7 2014......SUNRISE   653 AM MST   SUNSET   423 PM MST


-  INDICATES NEGATIVE NUMBERS.
R  INDICATES RECORD WAS SET OR TIED.
MM INDICATES DATA IS MISSING.
T  INDICATES TRACE AMOUNT.

&&

THE AVERAGE SOIL TEMPERATURE AT THE FOUR INCH DEPTH... 36
THE CURRENT DEPTH OF FROST... 0 INCHES

$$
