000
CDUS43 KGLD 280038
CLIGLD

CLIMATE REPORT
NATIONAL WEATHER SERVICE GOODLAND
536 PM MST WED JAN 27 2016

...................................

...THE GOODLAND KS CLIMATE SUMMARY FOR JANUARY 27 2016...
VALID TODAY AS OF 0500 PM LOCAL TIME.

CLIMATE NORMAL PERIOD 1981 TO 2010
CLIMATE RECORD PERIOD 1895 TO 2016

WEATHER ITEM   OBSERVED TIME   RECORD YEAR NORMAL DEPARTURE LAST
                VALUE   (LST)  VALUE       VALUE  FROM      YEAR
                                                  NORMAL
..................................................................
TEMPERATURE (F)
 TODAY
  MAXIMUM         59   1218 PM  79    2015  42     17       79
  MINIMUM         17    426 AM -16    1948  17      0       34
                                      1897
  AVERAGE         38                        30      8       57

PRECIPITATION (IN)
  TODAY            0.00          0.32 2001   0.01  -0.01     0.00
                                      1973
  MONTH TO DATE    0.04                      0.32  -0.28     0.21
  SINCE DEC 1      0.20                      0.78  -0.58     1.67
  SINCE JAN 1      0.04                      0.32  -0.28     0.21

SNOWFALL (IN)
  TODAY            0.0                       0.3   -0.3      0.0
  MONTH TO DATE    0.2                       5.1   -4.9      2.0
  SINCE DEC 1      1.9                      10.6   -8.7     11.7
  SINCE JUL 1     10.1                      17.8   -7.7     11.9
  SNOW DEPTH       0

DEGREE DAYS
 HEATING
  TODAY           27                        35     -8        8
  MONTH TO DATE  929                       947    -18      910
  SINCE DEC 1   1911                      2035   -124     1969
  SINCE JUL 1   2971                      3354   -383     3224

 COOLING
  TODAY            0                         0      0        0
  MONTH TO DATE    0                         0      0        0
  SINCE DEC 1      0                         0      0        0
  SINCE JAN 1      0                         0      0        0
..................................................................

WIND (MPH)
  HIGHEST WIND SPEED    28   HIGHEST WIND DIRECTION     N (340)
  HIGHEST GUST SPEED    32   HIGHEST GUST DIRECTION    NW (330)
  AVERAGE WIND SPEED    12.1


SKY COVER
  AVERAGE SKY COVER 0.0


WEATHER CONDITIONS
 THE FOLLOWING WEATHER WAS RECORDED TODAY.
  NO SIGNIFICANT WEATHER WAS OBSERVED.


RELATIVE HUMIDITY (PERCENT)
 HIGHEST    67           400 AM
 LOWEST     18          1100 AM
 AVERAGE    43

..........................................................


THE GOODLAND KS CLIMATE NORMALS FOR TOMORROW
                         NORMAL    RECORD    YEAR
 MAXIMUM TEMPERATURE (F)   42        69      2013
 MINIMUM TEMPERATURE (F)   17       -16      1948


SUNRISE AND SUNSET
JANUARY 27 2016.......SUNRISE   658 AM MST   SUNSET   501 PM MST
JANUARY 28 2016.......SUNRISE   658 AM MST   SUNSET   502 PM MST


-  INDICATES NEGATIVE NUMBERS.
R  INDICATES RECORD WAS SET OR TIED.
MM INDICATES DATA IS MISSING.
T  INDICATES TRACE AMOUNT.

&&

THE AVERAGE SOIL TEMPERATURE AT THE FOUR INCH DEPTH... 31
THE CURRENT DEPTH OF FROST... 11 INCHES

$$
