000
CDUS43 KGLD 260755
CLIGLD

CLIMATE REPORT
NATIONAL WEATHER SERVICE GOODLAND
1252 AM MST MON DEC 26 2016

...................................

...THE GOODLAND KS CLIMATE SUMMARY FOR DECEMBER 25 2016...

CLIMATE NORMAL PERIOD 1981 TO 2010
CLIMATE RECORD PERIOD 1895 TO 2016

WEATHER ITEM   OBSERVED TIME   RECORD YEAR NORMAL DEPARTURE LAST
                VALUE   (LST)  VALUE       VALUE  FROM      YEAR
                                                  NORMAL
..................................................................
TEMPERATURE (F)
 YESTERDAY
  MAXIMUM         51    156 PM  74    1950  42      9       44
  MINIMUM         14   1151 PM  -9    2012  17     -3       18
  AVERAGE         33                        29      4       31

PRECIPITATION (IN)
  YESTERDAY        0.36          0.39 1941   0.01   0.35     0.01
  MONTH TO DATE    0.60                      0.38   0.22     0.16
  SINCE DEC 1      0.60                      0.38   0.22     0.16
  SINCE JAN 1     17.38                     19.58  -2.20    20.53

SNOWFALL (IN)
  YESTERDAY        0.2                       0.2    0.0       T
  MONTH TO DATE    3.4                       4.4   -1.0      1.7
  SINCE DEC 1      3.4                       4.4   -1.0      1.7
  SINCE JUL 1      4.0                      11.6   -7.6      9.9
  SNOW DEPTH       0

DEGREE DAYS
 HEATING
  YESTERDAY       32                        36     -4       34
  MONTH TO DATE 1017                       876    141      720
  SINCE DEC 1   1017                       876    141      720
  SINCE JUL 1   1880                      2195   -315     1780

 COOLING
  YESTERDAY        0                         0      0        0
  MONTH TO DATE    0                         0      0        0
  SINCE DEC 1      0                         0      0        0
  SINCE JAN 1   1103                       941    162     1145
..................................................................

WIND (MPH)
  HIGHEST WIND SPEED    48   HIGHEST WIND DIRECTION    SW (230)
  HIGHEST GUST SPEED    65   HIGHEST GUST DIRECTION    SW (220)
  AVERAGE WIND SPEED    20.5


SKY COVER
  AVERAGE SKY COVER 0.5


WEATHER CONDITIONS
 THE FOLLOWING WEATHER WAS RECORDED YESTERDAY.
  THUNDERSTORM
  HEAVY RAIN
  RAIN
  LIGHT RAIN
  LIGHT SNOW
  FOG
  FOG W/VISIBILITY <= 1/4 MILE


RELATIVE HUMIDITY (PERCENT)
 HIGHEST   100
 LOWEST     27
 AVERAGE    64

..........................................................


THE GOODLAND KS CLIMATE NORMALS FOR TODAY
                         NORMAL    RECORD    YEAR
 MAXIMUM TEMPERATURE (F)   42        69      2005
 MINIMUM TEMPERATURE (F)   17       -10      2012


SUNRISE AND SUNSET
DECEMBER 26 2016......SUNRISE   705 AM MST   SUNSET   430 PM MST
DECEMBER 27 2016......SUNRISE   706 AM MST   SUNSET   431 PM MST


-  INDICATES NEGATIVE NUMBERS.
R  INDICATES RECORD WAS SET OR TIED.
MM INDICATES DATA IS MISSING.
T  INDICATES TRACE AMOUNT.

&&

THE AVERAGE SOIL TEMPERATURE AT THE FOUR INCH DEPTH... 31
THE CURRENT DEPTH OF FROST... 13 INCHES

$$
