000
CDUS43 KGLD 150741
CLIGLD

CLIMATE REPORT
NATIONAL WEATHER SERVICE GOODLAND
1238 AM MST FRI DEC 15 2017

...................................

...THE GOODLAND KS CLIMATE SUMMARY FOR DECEMBER 14 2017...

CLIMATE NORMAL PERIOD 1981 TO 2010
CLIMATE RECORD PERIOD 1895 TO 2017

WEATHER ITEM   OBSERVED TIME   RECORD YEAR NORMAL DEPARTURE LAST
                VALUE   (LST)  VALUE       VALUE  FROM      YEAR
                                                  NORMAL
..................................................................
TEMPERATURE (F)
 YESTERDAY
  MAXIMUM         45    137 PM  66    1962  42      3       26
  MINIMUM         19   1155 PM -16    1963  17      2       11
  AVERAGE         32                        30      2       19

PRECIPITATION (IN)
  YESTERDAY        T             0.87 2014   0.02  -0.02     0.00
  MONTH TO DATE    T                         0.22  -0.22     0.09
  SINCE DEC 1      T                         0.22  -0.22     0.09
  SINCE JAN 1     26.28                     19.42   6.86    16.87

SNOWFALL (IN)
  YESTERDAY        T                         0.1   -0.1      0.0
  MONTH TO DATE    T                         2.4   -2.4      2.1
  SINCE DEC 1      T                         2.4   -2.4      2.1
  SINCE JUL 1      0.1                       9.6   -9.5      2.7
  SNOW DEPTH       0

DEGREE DAYS
 HEATING
  YESTERDAY       33                        35     -2       46
  MONTH TO DATE  376                       480   -104      563
  SINCE DEC 1    376                       480   -104      563
  SINCE JUL 1   1527                      1799   -272     1426

 COOLING
  YESTERDAY        0                         0      0        0
  MONTH TO DATE    0                         0      0        0
  SINCE DEC 1      0                         0      0        0
  SINCE JAN 1    959                       941     18     1103
..................................................................

WIND (MPH)
  HIGHEST WIND SPEED    35   HIGHEST WIND DIRECTION    NW (330)
  HIGHEST GUST SPEED    45   HIGHEST GUST DIRECTION    NW (330)
  AVERAGE WIND SPEED    14.7


SKY COVER
  AVERAGE SKY COVER 0.7


WEATHER CONDITIONS
 THE FOLLOWING WEATHER WAS RECORDED YESTERDAY.
  LIGHT SNOW
  FOG
  HAZE


RELATIVE HUMIDITY (PERCENT)
 HIGHEST    92
 LOWEST     43
 AVERAGE    68

..........................................................


THE GOODLAND KS CLIMATE NORMALS FOR TODAY
                         NORMAL    RECORD    YEAR
 MAXIMUM TEMPERATURE (F)   42        68      2002
 MINIMUM TEMPERATURE (F)   17       -10      2008


SUNRISE AND SUNSET
DECEMBER 15 2017......SUNRISE   700 AM MST   SUNSET   424 PM MST
DECEMBER 16 2017......SUNRISE   700 AM MST   SUNSET   425 PM MST


-  INDICATES NEGATIVE NUMBERS.
R  INDICATES RECORD WAS SET OR TIED.
MM INDICATES DATA IS MISSING.
T  INDICATES TRACE AMOUNT.

&&

THE AVERAGE SOIL TEMPERATURE AT THE FOUR INCH DEPTH... 41
THE CURRENT DEPTH OF FROST... 0 INCHES

$$
