000
CDUS43 KGLD 180739
CLIGLD

CLIMATE REPORT
NATIONAL WEATHER SERVICE GOODLAND
1236 AM MST WED FEB 18 2015

...................................

...THE GOODLAND KS CLIMATE SUMMARY FOR FEBRUARY 17 2015...

CLIMATE NORMAL PERIOD 1981 TO 2010
CLIMATE RECORD PERIOD 1895 TO 2015

WEATHER ITEM   OBSERVED TIME   RECORD YEAR NORMAL DEPARTURE LAST
                VALUE   (LST)  VALUE       VALUE  FROM      YEAR
                                                  NORMAL
..................................................................
TEMPERATURE (F)
 YESTERDAY
  MAXIMUM         36    202 PM  81    1970  46    -10       62
  MINIMUM         20   1100 PM -15    1993  20      0       30
  AVERAGE         28                        33     -5       46

PRECIPITATION (IN)
  YESTERDAY        T             0.42 1984   0.02  -0.02     0.00
  MONTH TO DATE    0.13                      0.27  -0.14     0.22
  SINCE DEC 1      1.87                      1.11   0.76     0.84
  SINCE JAN 1      0.41                      0.65  -0.24     0.79

SNOWFALL (IN)
  YESTERDAY        T                         0.2   -0.2      0.0
  MONTH TO DATE    0.9                       3.6   -2.7      5.8
  SINCE DEC 1     13.0                      15.0   -2.0     17.9
  SINCE JUL 1     13.2                      22.2   -9.0     22.2
  SNOW DEPTH       T

DEGREE DAYS
 HEATING
  YESTERDAY       37                        32      5       19
  MONTH TO DATE  437                       578   -141      743
  SINCE DEC 1   2512                      2762   -250     2913
  SINCE JUL 1   3767                      4081   -314     4186

 COOLING
  YESTERDAY        0                         0      0        0
  MONTH TO DATE    0                         0      0        0
  SINCE DEC 1      0                         0      0        0
  SINCE JAN 1      0                         0      0        0
..................................................................

WIND (MPH)
  HIGHEST WIND SPEED    36   HIGHEST WIND DIRECTION     N (340)
  HIGHEST GUST SPEED    43   HIGHEST GUST DIRECTION     N (350)
  AVERAGE WIND SPEED    16.2


SKY COVER
  AVERAGE SKY COVER 0.5


WEATHER CONDITIONS
 THE FOLLOWING WEATHER WAS RECORDED YESTERDAY.
  FOG


RELATIVE HUMIDITY (PERCENT)
 HIGHEST    88
 LOWEST     35
 AVERAGE    62

..........................................................


THE GOODLAND KS CLIMATE NORMALS FOR TODAY
                         NORMAL    RECORD    YEAR
 MAXIMUM TEMPERATURE (F)   46        74      1986
 MINIMUM TEMPERATURE (F)   20        -4      2006
                                             1942


SUNRISE AND SUNSET
FEBRUARY 18 2015......SUNRISE   635 AM MST   SUNSET   527 PM MST
FEBRUARY 19 2015......SUNRISE   634 AM MST   SUNSET   528 PM MST


-  INDICATES NEGATIVE NUMBERS.
R  INDICATES RECORD WAS SET OR TIED.
MM INDICATES DATA IS MISSING.
T  INDICATES TRACE AMOUNT.

&&

THE AVERAGE SOIL TEMPERATURE AT THE FOUR INCH DEPTH... 35
THE CURRENT DEPTH OF FROST... 2 INCHES

$$
