820
CDUS43 KGLD 180755
CLIGLD

CLIMATE REPORT
NATIONAL WEATHER SERVICE GOODLAND
151 AM MDT MON APR 18 2016

...................................

...THE GOODLAND KS CLIMATE SUMMARY FOR APRIL 17 2016...

CLIMATE NORMAL PERIOD 1981 TO 2010
CLIMATE RECORD PERIOD 1895 TO 2016

WEATHER ITEM   OBSERVED TIME   RECORD YEAR NORMAL DEPARTURE LAST
                VALUE   (LST)  VALUE       VALUE  FROM      YEAR
                                                  NORMAL
..................................................................
TEMPERATURE (F)
 YESTERDAY
  MAXIMUM         46    224 PM  90    2004  64    -18       66
  MINIMUM         36    848 AM  18    1907  35      1       46
  AVERAGE         41                        50     -9       56

PRECIPITATION (IN)
  YESTERDAY        0.01          1.28 2009   0.05  -0.04     0.44
  MONTH TO DATE    2.65                      0.79   1.86     3.69
  SINCE MAR 1      3.20                      1.86   1.34     3.80
  SINCE JAN 1      4.06                      2.73   1.33     4.88

SNOWFALL (IN)
  YESTERDAY        0.0                       0.1   -0.1      0.0
  MONTH TO DATE    0.0                       3.0   -3.0      2.0
  SINCE MAR 1      4.4                       9.8   -5.4      2.6
  SINCE JUL 1     27.8                      33.8   -6.0     24.7
  SNOW DEPTH       0

DEGREE DAYS
 HEATING
  YESTERDAY       24                        16      8        9
  MONTH TO DATE  231                       306    -75      224
  SINCE MAR 1    836                      1064   -228      789
  SINCE JUL 1   4682                      5481   -799     5004

 COOLING
  YESTERDAY        0                         0      0        0
  MONTH TO DATE    0                         0      0        0
  SINCE MAR 1      0                         0      0        0
  SINCE JAN 1      0                         0      0        0
..................................................................

WIND (MPH)
  HIGHEST WIND SPEED    23   HIGHEST WIND DIRECTION     N (350)
  HIGHEST GUST SPEED    28   HIGHEST GUST DIRECTION     N (360)
  AVERAGE WIND SPEED    15.7


SKY COVER
  AVERAGE SKY COVER 1.0


WEATHER CONDITIONS
 THE FOLLOWING WEATHER WAS RECORDED YESTERDAY.
  LIGHT RAIN
  FOG


RELATIVE HUMIDITY (PERCENT)
 HIGHEST   100
 LOWEST     76
 AVERAGE    88

..........................................................


THE GOODLAND KS CLIMATE NORMALS FOR TODAY
                         NORMAL    RECORD    YEAR
 MAXIMUM TEMPERATURE (F)   64        91      1987
 MINIMUM TEMPERATURE (F)   35        14      1944


SUNRISE AND SUNSET
APRIL 18 2016.........SUNRISE   605 AM MDT   SUNSET   728 PM MDT
APRIL 19 2016.........SUNRISE   603 AM MDT   SUNSET   729 PM MDT


-  INDICATES NEGATIVE NUMBERS.
R  INDICATES RECORD WAS SET OR TIED.
MM INDICATES DATA IS MISSING.
T  INDICATES TRACE AMOUNT.

&&

THE AVERAGE SOIL TEMPERATURE AT THE FOUR INCH DEPTH... 48

$$
