000
CDUS43 KGLD 300041
CLIGLD

CLIMATE REPORT
NATIONAL WEATHER SERVICE GOODLAND
637 PM MDT WED JUN 29 2016

...................................

...THE GOODLAND KS CLIMATE SUMMARY FOR JUNE 29 2016...
VALID TODAY AS OF 0600 PM LOCAL TIME.

CLIMATE NORMAL PERIOD 1981 TO 2010
CLIMATE RECORD PERIOD 1895 TO 2016

WEATHER ITEM   OBSERVED TIME   RECORD YEAR NORMAL DEPARTURE LAST
                VALUE   (LST)  VALUE       VALUE  FROM      YEAR
                                                  NORMAL
..................................................................
TEMPERATURE (F)
 TODAY
  MAXIMUM         88    413 PM 107    1963  89     -1       90
  MINIMUM         61    407 AM  45    1908  59      2       58
  AVERAGE         75                        74      1       74

PRECIPITATION (IN)
  TODAY            0.00          1.78 1982   0.10  -0.10      T
  MONTH TO DATE    1.27                      3.15  -1.88     2.31
  SINCE JUN 1      1.27                      3.15  -1.88     2.31
  SINCE JAN 1      8.63                      9.63  -1.00    14.10

SNOWFALL (IN)
  TODAY            0.0                       0.0    0.0      0.0
  MONTH TO DATE    0.0                       0.0    0.0      0.0
  SINCE JUN 1      0.0                       0.0    0.0      0.0
  SINCE JUL 1     30.1                      35.5   -5.4     24.7
  SNOW DEPTH       0

DEGREE DAYS
 HEATING
  TODAY            0                         0      0        0
  MONTH TO DATE    2                        36    -34        5
  SINCE JUN 1      2                        36    -34        5
  SINCE JUL 1   5131                      5902   -771     5432

 COOLING
  TODAY           10                         9      1        9
  MONTH TO DATE  280                       170    110      228
  SINCE JUN 1    280                       170    110      228
  SINCE JAN 1    304                       211     93      234
..................................................................

WIND (MPH)
  HIGHEST WIND SPEED    22   HIGHEST WIND DIRECTION    SW (210)
  HIGHEST GUST SPEED    27   HIGHEST GUST DIRECTION    SW (220)
  AVERAGE WIND SPEED    11.2


SKY COVER
  AVERAGE SKY COVER 0.0


WEATHER CONDITIONS
 THE FOLLOWING WEATHER WAS RECORDED TODAY.
  NO SIGNIFICANT WEATHER WAS OBSERVED.


RELATIVE HUMIDITY (PERCENT)
 HIGHEST    93           200 AM
 LOWEST     34           300 PM
 AVERAGE    64

..........................................................


THE GOODLAND KS CLIMATE NORMALS FOR TOMORROW
                         NORMAL    RECORD    YEAR
 MAXIMUM TEMPERATURE (F)   89       105      1933
 MINIMUM TEMPERATURE (F)   59        42      1918


SUNRISE AND SUNSET
JUNE 29 2016..........SUNRISE   523 AM MDT   SUNSET   818 PM MDT
JUNE 30 2016..........SUNRISE   523 AM MDT   SUNSET   818 PM MDT


-  INDICATES NEGATIVE NUMBERS.
R  INDICATES RECORD WAS SET OR TIED.
MM INDICATES DATA IS MISSING.
T  INDICATES TRACE AMOUNT.

&&

THE AVERAGE SOIL TEMPERATURE AT THE FOUR INCH DEPTH... 75

$$
