000
CDUS43 KGLD 020047
CLIGLD

CLIMATE REPORT
NATIONAL WEATHER SERVICE GOODLAND
645 PM MDT MON JUN 1 2015

...................................

...THE GOODLAND KS CLIMATE SUMMARY FOR JUNE 1 2015...
VALID TODAY AS OF 0600 PM LOCAL TIME.

CLIMATE NORMAL PERIOD 1981 TO 2010
CLIMATE RECORD PERIOD 1895 TO 2015

WEATHER ITEM   OBSERVED TIME   RECORD YEAR NORMAL DEPARTURE LAST
                VALUE   (LST)  VALUE       VALUE  FROM      YEAR
                                                  NORMAL
..................................................................
TEMPERATURE (F)
 TODAY
  MAXIMUM         84    252 PM 106    2002  78      6       87
  MINIMUM         54    208 AM  34    1917  51      3       54
  AVERAGE         69                        65      4       71

PRECIPITATION (IN)
  TODAY            0.00          1.48 2003   0.11  -0.11     0.01
  MONTH TO DATE    0.00                      0.11  -0.11     0.01
  SINCE JUN 1      0.00                      0.11  -0.11     0.01
  SINCE JAN 1     11.79                      6.59   5.20     3.55

SNOWFALL (IN)
  TODAY            0.0                       0.0    0.0      0.0
  MONTH TO DATE    0.0                       0.0    0.0      0.0
  SINCE JUN 1      0.0                       0.0    0.0      0.0
  SINCE JUL 1     24.7                      35.5  -10.8     29.1
  SNOW DEPTH       0

DEGREE DAYS
 HEATING
  TODAY            0                         3     -3        0
  MONTH TO DATE    0                         3     -3        0
  SINCE JUN 1      0                         3     -3        0
  SINCE JUL 1   5427                      5869   -442     5958

 COOLING
  TODAY            4                         3      1        6
  MONTH TO DATE    4                         3      1        6
  SINCE JUN 1      4                         3      1        6
  SINCE JAN 1     10                        44    -34       52
..................................................................

WIND (MPH)
  HIGHEST WIND SPEED    21   HIGHEST WIND DIRECTION     S (160)
  HIGHEST GUST SPEED    27   HIGHEST GUST DIRECTION     S (170)
  AVERAGE WIND SPEED     9.6


SKY COVER
  AVERAGE SKY COVER 0.1


WEATHER CONDITIONS
 THE FOLLOWING WEATHER WAS RECORDED TODAY.
  NO SIGNIFICANT WEATHER WAS OBSERVED.


RELATIVE HUMIDITY (PERCENT)
 HIGHEST   100           200 AM
 LOWEST     43           200 PM
 AVERAGE    72

..........................................................


THE GOODLAND KS CLIMATE NORMALS FOR TOMORROW
                         NORMAL    RECORD    YEAR
 MAXIMUM TEMPERATURE (F)   79       106      2002
 MINIMUM TEMPERATURE (F)   52        31      1951


SUNRISE AND SUNSET
JUNE  1 2015..........SUNRISE   522 AM MDT   SUNSET   808 PM MDT
JUNE  2 2015..........SUNRISE   522 AM MDT   SUNSET   808 PM MDT


-  INDICATES NEGATIVE NUMBERS.
R  INDICATES RECORD WAS SET OR TIED.
MM INDICATES DATA IS MISSING.
T  INDICATES TRACE AMOUNT.

&&

THE AVERAGE SOIL TEMPERATURE AT THE FOUR INCH DEPTH... 61

$$
