000
CDUS43 KGLD 230807
CLIGLD

CLIMATE REPORT
NATIONAL WEATHER SERVICE GOODLAND
103 AM MST TUE DEC 23 2014

...................................

...THE GOODLAND KS CLIMATE SUMMARY FOR DECEMBER 22 2014...

CLIMATE NORMAL PERIOD 1981 TO 2010
CLIMATE RECORD PERIOD 1895 TO 2014

WEATHER ITEM   OBSERVED TIME   RECORD YEAR NORMAL DEPARTURE LAST
                VALUE   (LST)  VALUE       VALUE  FROM      YEAR
                                                  NORMAL
..................................................................
TEMPERATURE (F)
 YESTERDAY
  MAXIMUM         48    124 PM  69    2005  42      6       39
                                      1964
                                      1933
  MINIMUM         33   1137 PM -27    1989  17     16       11
  AVERAGE         41                        29     12       25

PRECIPITATION (IN)
  YESTERDAY        T             0.86 1941   0.02  -0.02      T
  MONTH TO DATE    0.94                      0.34   0.60     0.05
  SINCE DEC 1      0.94                      0.34   0.60     0.05
  SINCE JAN 1     17.35                     19.54  -2.19    16.74

SNOWFALL (IN)
  YESTERDAY        0.0                       0.2   -0.2       T
  MONTH TO DATE    1.2                       3.9   -2.7      2.5
  SINCE DEC 1      1.2                       3.9   -2.7      2.5
  SINCE JUL 1      1.4                      11.1   -9.7      6.8
  SNOW DEPTH       0

DEGREE DAYS
 HEATING
  YESTERDAY       24                        36    -12       40
  MONTH TO DATE  634                       768   -134      830
  SINCE DEC 1    634                       768   -134      830
  SINCE JUL 1   1889                      2087   -198     2103

 COOLING
  YESTERDAY        0                         0      0        0
  MONTH TO DATE    0                         0      0        0
  SINCE DEC 1      0                         0      0        0
  SINCE JAN 1    920                       941    -21     1181
..................................................................

WIND (MPH)
  HIGHEST WIND SPEED    33   HIGHEST WIND DIRECTION    NW (310)
  HIGHEST GUST SPEED    41   HIGHEST GUST DIRECTION    NW (320)
  AVERAGE WIND SPEED    19.7

SKY COVER
  AVERAGE SKY COVER 0.2

WEATHER CONDITIONS
 THE FOLLOWING WEATHER WAS RECORDED YESTERDAY.
  LIGHT SNOW

RELATIVE HUMIDITY (PERCENT)
 HIGHEST    82
 LOWEST     37
 AVERAGE    60

..........................................................

THE GOODLAND KS CLIMATE NORMALS FOR TODAY
                         NORMAL    RECORD    YEAR
 MAXIMUM TEMPERATURE (F)   42        83      1964
 MINIMUM TEMPERATURE (F)   17        -9      2004
                                             1998
                                             1990

SUNRISE AND SUNSET
DECEMBER 23 2014......SUNRISE   704 AM MST   SUNSET   428 PM MST
DECEMBER 24 2014......SUNRISE   705 AM MST   SUNSET   428 PM MST

-  INDICATES NEGATIVE NUMBERS.
R  INDICATES RECORD WAS SET OR TIED.
MM INDICATES DATA IS MISSING.
T  INDICATES TRACE AMOUNT.

&&

THE AVERAGE SOIL TEMPERATURE AT THE FOUR INCH DEPTH... 37
THE CURRENT DEPTH OF FROST... 0 INCHES

$$
