000
CDUS43 KGLD 250754
CLIGLD

CLIMATE REPORT
NATIONAL WEATHER SERVICE GOODLAND
152 AM MDT MON JUL 25 2016

...................................

...THE GOODLAND KS CLIMATE SUMMARY FOR JULY 24 2016...

CLIMATE NORMAL PERIOD 1981 TO 2010
CLIMATE RECORD PERIOD 1895 TO 2016

WEATHER ITEM   OBSERVED TIME   RECORD YEAR NORMAL DEPARTURE LAST
                VALUE   (LST)  VALUE       VALUE  FROM      YEAR
                                                  NORMAL
..................................................................
TEMPERATURE (F)
 YESTERDAY
  MAXIMUM         92    345 PM 110    1940  90      2      101
                                      1936
  MINIMUM         64   1159 PM  53    2004  62      2       64
  AVERAGE         78                        76      2       83

PRECIPITATION (IN)
  YESTERDAY        0.35          1.11 1994   0.11   0.24     0.12
  MONTH TO DATE    1.75                      2.68  -0.93     1.39
  SINCE JUN 1      3.37                      5.93  -2.56     3.70
  SINCE JAN 1     10.73                     12.41  -1.68    15.49

SNOWFALL (IN)
  YESTERDAY        0.0                       0.0    0.0      0.0
  MONTH TO DATE    0.0                       0.0    0.0      0.0
  SINCE JUN 1      0.0                       0.0    0.0      0.0
  SINCE JUL 1      0.0                       0.0    0.0      0.0
  SNOW DEPTH       0

DEGREE DAYS
 HEATING
  YESTERDAY        0                         0      0        0
  MONTH TO DATE    0                         0      0        1
  SINCE JUN 1      2                        37    -35        6
  SINCE JUL 1      0                         0      0        1

 COOLING
  YESTERDAY       13                        11      2       18
  MONTH TO DATE  331                       257     74      270
  SINCE JUN 1    620                       436    184      512
  SINCE JAN 1    644                       477    167      518
..................................................................

WIND (MPH)
  HIGHEST WIND SPEED    32   HIGHEST WIND DIRECTION    NW (300)
  HIGHEST GUST SPEED    43   HIGHEST GUST DIRECTION    NW (310)
  AVERAGE WIND SPEED    12.9


SKY COVER
  AVERAGE SKY COVER 0.0


WEATHER CONDITIONS
 THE FOLLOWING WEATHER WAS RECORDED YESTERDAY.
  THUNDERSTORM
  HEAVY RAIN
  RAIN
  LIGHT RAIN
  FOG


RELATIVE HUMIDITY (PERCENT)
 HIGHEST    84
 LOWEST     32
 AVERAGE    58

..........................................................


THE GOODLAND KS CLIMATE NORMALS FOR TODAY
                         NORMAL    RECORD    YEAR
 MAXIMUM TEMPERATURE (F)   90       111      1940
 MINIMUM TEMPERATURE (F)   62        51      1924


SUNRISE AND SUNSET
JULY 25 2016..........SUNRISE   541 AM MDT   SUNSET   805 PM MDT
JULY 26 2016..........SUNRISE   542 AM MDT   SUNSET   804 PM MDT


-  INDICATES NEGATIVE NUMBERS.
R  INDICATES RECORD WAS SET OR TIED.
MM INDICATES DATA IS MISSING.
T  INDICATES TRACE AMOUNT.

&&

THE AVERAGE SOIL TEMPERATURE AT THE FOUR INCH DEPTH... 84

$$
