000
CDUS43 KGLD 120749
CLIGLD

CLIMATE REPORT
NATIONAL WEATHER SERVICE GOODLAND
1244 AM MST FRI JAN 12 2018

...................................

...THE GOODLAND KS CLIMATE SUMMARY FOR JANUARY 11 2018...

CLIMATE NORMAL PERIOD 1981 TO 2010
CLIMATE RECORD PERIOD 1895 TO 2018

WEATHER ITEM   OBSERVED TIME   RECORD YEAR NORMAL DEPARTURE LAST
                VALUE   (LST)  VALUE       VALUE  FROM      YEAR
                                                  NORMAL
..................................................................
TEMPERATURE (F)
 YESTERDAY
  MAXIMUM         28    259 PM  70    2006  43    -15       45
                                      1999
  MINIMUM          7   1131 PM -17    1963  17    -10       11
                                      1918
  AVERAGE         18                        30    -12       28

PRECIPITATION (IN)
  YESTERDAY        T             0.20 1912   0.01  -0.01     0.00
  MONTH TO DATE    0.10                      0.13  -0.03     0.21
  SINCE DEC 1      0.19                      0.59  -0.40     0.81
  SINCE JAN 1      0.10                      0.13  -0.03     0.21

SNOWFALL (IN)
  YESTERDAY        T                         0.2   -0.2      0.0
  MONTH TO DATE    0.4                       2.0   -1.6      2.5
  SINCE DEC 1      1.9                       7.5   -5.6      7.5
  SINCE JUL 1      2.0                      14.7  -12.7      8.1
  SNOW DEPTH       T

DEGREE DAYS
 HEATING
  YESTERDAY       47                        35     12       37
  MONTH TO DATE  366                       387    -21      468
  SINCE DEC 1   1440                      1475    -35     1670
  SINCE JUL 1   2591                      2794   -203     2533

 COOLING
  YESTERDAY        0                         0      0        0
  MONTH TO DATE    0                         0      0        0
  SINCE DEC 1      0                         0      0        0
  SINCE JAN 1      0                         0      0        0
..................................................................

WIND (MPH)
  HIGHEST WIND SPEED    33   HIGHEST WIND DIRECTION     N (350)
  HIGHEST GUST SPEED    44   HIGHEST GUST DIRECTION     N (360)
  AVERAGE WIND SPEED    13.3


SKY COVER
  AVERAGE SKY COVER 0.1


WEATHER CONDITIONS
 THE FOLLOWING WEATHER WAS RECORDED YESTERDAY.
  LIGHT SNOW
  FOG
  HAZE
  BLOWING SNOW


RELATIVE HUMIDITY (PERCENT)
 HIGHEST    91
 LOWEST     68
 AVERAGE    80

..........................................................


THE GOODLAND KS CLIMATE NORMALS FOR TODAY
                         NORMAL    RECORD    YEAR
 MAXIMUM TEMPERATURE (F)   43        75      1953
 MINIMUM TEMPERATURE (F)   17       -20      1912


SUNRISE AND SUNSET
JANUARY 12 2018.......SUNRISE   706 AM MST   SUNSET   445 PM MST
JANUARY 13 2018.......SUNRISE   706 AM MST   SUNSET   446 PM MST


-  INDICATES NEGATIVE NUMBERS.
R  INDICATES RECORD WAS SET OR TIED.
MM INDICATES DATA IS MISSING.
T  INDICATES TRACE AMOUNT.

&&

THE AVERAGE SOIL TEMPERATURE AT THE FOUR INCH DEPTH... 36
THE CURRENT DEPTH OF FROST... 2 INCHES

$$
