000
CDUS43 KGLD 020741
CLIGLD

CLIMATE REPORT
NATIONAL WEATHER SERVICE GOODLAND
1241 AM MST MON MAR 2 2015

...................................

...THE GOODLAND KS CLIMATE SUMMARY FOR MARCH 1 2015...

CLIMATE NORMAL PERIOD 1981 TO 2010
CLIMATE RECORD PERIOD 1895 TO 2015

WEATHER ITEM   OBSERVED TIME   RECORD YEAR NORMAL DEPARTURE LAST
                VALUE   (LST)  VALUE       VALUE  FROM      YEAR
                                                  NORMAL
..................................................................
TEMPERATURE (F)
 YESTERDAY
  MAXIMUM         34    408 PM  79    2008  50    -16       20
  MINIMUM         18   1207 AM -11    1922  23     -5        1
  AVERAGE         26                        36    -10       11

PRECIPITATION (IN)
  YESTERDAY        T             1.39 1940   0.02  -0.02     0.01
  MONTH TO DATE    T                         0.02  -0.02     0.01
  SINCE MAR 1      T                         0.02  -0.02     0.01
  SINCE JAN 1      1.08                      0.89   0.19     0.95

SNOWFALL (IN)
  YESTERDAY        T                         0.2   -0.2      0.3
  MONTH TO DATE    T                         0.2   -0.2      0.3
  SINCE MAR 1      T                         0.2   -0.2      0.3
  SINCE JUL 1     22.1                      24.2   -2.1     25.5
  SNOW DEPTH       0

DEGREE DAYS
 HEATING
  YESTERDAY       39                        29     10       54
  MONTH TO DATE   39                        29     10       54
  SINCE MAR 1     39                        29     10       54
  SINCE JUL 1   4254                      4446   -192     4598

 COOLING
  YESTERDAY        0                         0      0        0
  MONTH TO DATE    0                         0      0        0
  SINCE MAR 1      0                         0      0        0
  SINCE JAN 1      0                         0      0        0
..................................................................

WIND (MPH)
  HIGHEST WIND SPEED    14   HIGHEST WIND DIRECTION     N (20)
  HIGHEST GUST SPEED    17   HIGHEST GUST DIRECTION     N (10)
  AVERAGE WIND SPEED     7.1


SKY COVER
  AVERAGE SKY COVER 0.8


WEATHER CONDITIONS
 THE FOLLOWING WEATHER WAS RECORDED YESTERDAY.
  LIGHT SNOW
  FOG


RELATIVE HUMIDITY (PERCENT)
 HIGHEST    92
 LOWEST     47
 AVERAGE    70

..........................................................


THE GOODLAND KS CLIMATE NORMALS FOR TODAY
                         NORMAL    RECORD    YEAR
 MAXIMUM TEMPERATURE (F)   50        76      1974
 MINIMUM TEMPERATURE (F)   23       -15      1960


SUNRISE AND SUNSET
MARCH  2 2015.........SUNRISE   618 AM MST   SUNSET   540 PM MST
MARCH  3 2015.........SUNRISE   617 AM MST   SUNSET   541 PM MST


-  INDICATES NEGATIVE NUMBERS.
R  INDICATES RECORD WAS SET OR TIED.
MM INDICATES DATA IS MISSING.
T  INDICATES TRACE AMOUNT.

&&

THE AVERAGE SOIL TEMPERATURE AT THE FOUR INCH DEPTH... 32
THE CURRENT DEPTH OF FROST... 3 INCHES

$$
