439
CDUS43 KGLD 150747
CLIGLD

CLIMATE REPORT
NATIONAL WEATHER SERVICE GOODLAND
1238 AM MST WED NOV 15 2017

...................................

...THE GOODLAND KS CLIMATE SUMMARY FOR NOVEMBER 14 2017...

CLIMATE NORMAL PERIOD 1981 TO 2010
CLIMATE RECORD PERIOD 1895 TO 2017

WEATHER ITEM   OBSERVED TIME   RECORD YEAR NORMAL DEPARTURE LAST
                VALUE   (LST)  VALUE       VALUE  FROM      YEAR
                                                  NORMAL
..................................................................
TEMPERATURE (F)
 YESTERDAY
  MAXIMUM         67    220 PM  75    1990  53     14       74
                                      1975
                                      1942
  MINIMUM         28    635 AM  -4    1940  26      2       35
  AVERAGE         48                        40      8       55

PRECIPITATION (IN)
  YESTERDAY        0.00          0.61 1926   0.02  -0.02     0.00
  MONTH TO DATE    0.00                      0.39  -0.39      T
  SINCE SEP 1      4.29                      2.98   1.31     2.53
  SINCE JAN 1     26.25                     18.88   7.37    16.57

SNOWFALL (IN)
  YESTERDAY        0.0                       0.1   -0.1      0.0
  MONTH TO DATE    0.0                       1.8   -1.8      0.0
  SINCE SEP 1      0.1                       4.4   -4.3       T
  SINCE JUL 1      0.1                       4.4   -4.3       T
  SNOW DEPTH       0

DEGREE DAYS
 HEATING
  YESTERDAY       17                        25     -8       10
  MONTH TO DATE  354                       310     44      188
  SINCE SEP 1    865                       838     27      466
  SINCE JUL 1    865                       850     15      473

 COOLING
  YESTERDAY        0                         0      0        0
  MONTH TO DATE    0                         0      0        0
  SINCE SEP 1    140                       108     32      154
  SINCE JAN 1    959                       941     18     1103
..................................................................

WIND (MPH)
  HIGHEST WIND SPEED    20   HIGHEST WIND DIRECTION     N (340)
  HIGHEST GUST SPEED    25   HIGHEST GUST DIRECTION     N (340)
  AVERAGE WIND SPEED     6.8


SKY COVER
  AVERAGE SKY COVER 0.0


WEATHER CONDITIONS
 THE FOLLOWING WEATHER WAS RECORDED YESTERDAY.
  HAZE


RELATIVE HUMIDITY (PERCENT)
 HIGHEST   100
 LOWEST     26
 AVERAGE    63

..........................................................


THE GOODLAND KS CLIMATE NORMALS FOR TODAY
                         NORMAL    RECORD    YEAR
 MAXIMUM TEMPERATURE (F)   53        79      1963
                                             1941
 MINIMUM TEMPERATURE (F)   26         5      1955
                                             1920


SUNRISE AND SUNSET
NOVEMBER 15 2017......SUNRISE   631 AM MST   SUNSET   432 PM MST
NOVEMBER 16 2017......SUNRISE   632 AM MST   SUNSET   431 PM MST


-  INDICATES NEGATIVE NUMBERS.
R  INDICATES RECORD WAS SET OR TIED.
MM INDICATES DATA IS MISSING.
T  INDICATES TRACE AMOUNT.

&&

THE AVERAGE SOIL TEMPERATURE AT THE FOUR INCH DEPTH... 45
THE CURRENT DEPTH OF FROST... 0 INCHES

$$
