000
CXUS53 KGLD 051446
CLMGLD

CLIMATE REPORT
NATIONAL WEATHER SERVICE GOODLAND
844 AM MDT WED JUL 5 2017

...................................

...THE GOODLAND KS CLIMATE SUMMARY FOR THE MONTH OF JUNE 2017...

CLIMATE NORMAL PERIOD 1981 TO 2010
CLIMATE RECORD PERIOD 1895 TO 2017

WEATHER         OBSERVED          NORMAL  DEPART  LAST YEAR`S
                 VALUE   DATE(S)  VALUE   FROM    VALUE  DATE(S)
                                          NORMAL
................................................................
TEMPERATURE (F)
RECORD
 HIGH             110   06/27/2012
                        06/26/2012
                        54/01/2206
 LOW               31   06/02/1951
HIGHEST           100   06/21        99       1      102  06/21
LOWEST             48   06/01        44       4       46  06/05
AVG. MAXIMUM     85.5              83.9     1.6     90.2
AVG. MINIMUM     57.5              55.6     1.9     58.5
MEAN             71.5              69.7     1.8     74.3
DAYS MAX >= 90     10               8.5     1.5       19
DAYS MAX <= 32      0               0.0     0.0        0
DAYS MIN <= 32      0               0.0     0.0        0
DAYS MIN <= 0       0               0.0     0.0        0

PRECIPITATION (INCHES)
RECORD
 MAXIMUM         9.46   1982
 MINIMUM         0.10   1976
TOTALS           4.44              3.25    1.19     1.62
DAILY AVG.       0.15              0.11    0.04     0.05
DAYS >= .01        14               9.4     4.6        8
DAYS >= .10         6               5.6     0.4        3
DAYS >= .50         4               2.2     1.8        1
DAYS >= 1.00        1               0.8     0.2        0
GREATEST
 24 HR. TOTAL    1.54   06/07 TO 06/07              0.66

SNOWFALL (INCHES)
RECORDS
 TOTAL              T   2011
                        2010
                        2009
TOTALS              T               0.0     0.0      0.0
SINCE 7/1        14.2              35.5   -21.3     30.1
SNOWDEPTH AVG.      0                                  0
DAYS >= 1.0         0               0.0     0.0        0
GREATEST
 SNOW DEPTH         0                                  0
 24 HR TOTAL        T   06/23 TO 06/23           06/30 TO 06/30

DEGREE_DAYS
COOLING TOTAL     215               179      36      289
 SINCE 1/1        253               220      33      313
.................................................

WIND (MPH)
AVERAGE WIND SPEED              10.8
HIGHEST WIND SPEED/DIRECTION    39/180    DATE  06/27
HIGHEST GUST SPEED/DIRECTION    62/240    DATE  06/27

SKY COVER
AVERAGE SKY COVER           0.20

AVERAGE RH (PERCENT)     61

WEATHER CONDITIONS. NUMBER OF DAYS WITH
THUNDERSTORM             13     MIXED PRECIP               0
HEAVY RAIN                5     RAIN                       6
LIGHT RAIN               14     FREEZING RAIN              0
LT FREEZING RAIN          0     HAIL                       1
HEAVY SNOW                0     SNOW                       0
LIGHT SNOW                0     SLEET                      0
FOG                      10     FOG W/VIS <= 1/4 MILE      2
HAZE                      0

-  INDICATES NEGATIVE NUMBERS.
R  INDICATES RECORD WAS SET OR TIED.
MM INDICATES DATA IS MISSING.
T  INDICATES TRACE AMOUNT.

$$
