000
CXUS53 KGLD 021416
CLMGLD

CLIMATE REPORT
NATIONAL WEATHER SERVICE GOODLAND
811 AM MDT SUN APR 2 2017

...................................

...THE GOODLAND KS CLIMATE SUMMARY FOR THE MONTH OF MARCH 2017...

CLIMATE NORMAL PERIOD 1981 TO 2010
CLIMATE RECORD PERIOD 1895 TO 2017

WEATHER         OBSERVED          NORMAL  DEPART  LAST YEAR`S
                 VALUE   DATE(S)  VALUE   FROM    VALUE  DATE(S)
                                          NORMAL
................................................................
TEMPERATURE (F)
RECORD
 HIGH              90   03/20/1907
                        03/19/1907
 LOW              -20   03/03/1960
                        03/11/1948
                        03/10/1948
HIGHEST            89   03/19        79      10       81  03/21
LOWEST             13   03/02         9       4       12  03/20
AVG. MAXIMUM     62.5              54.6     7.9     62.3
AVG. MINIMUM     28.5              26.5     2.0     28.3
MEAN             45.5              40.5     5.0     45.3
DAYS MAX >= 90      0               0.0     0.0        0
DAYS MAX <= 32      0               2.0    -2.0        0
DAYS MIN <= 32     17              22.8    -5.8       21
DAYS MIN <= 0       0               0.4    -0.4        0

PRECIPITATION (INCHES)
RECORD
 MAXIMUM         3.60   1981
 MINIMUM         0.00   1911
TOTALS           1.68              1.07    0.61     0.55
DAILY AVG.       0.05              0.03    0.02     0.02
DAYS >= .01         5               6.0    -1.0        4
DAYS >= .10         2               2.6    -0.6        1
DAYS >= .50         2               0.6     1.4        0
DAYS >= 1.00        0               0.1    -0.1        0
GREATEST
 24 HR. TOTAL    0.84   03/28 TO 03/28              0.46

SNOWFALL (INCHES)
RECORDS
 TOTAL           32.0   1912
TOTALS              T               6.8    -6.8      4.4
SINCE 7/1         9.4              30.8   -21.4     27.8
SNOWDEPTH AVG.      0                 3      -3        0
DAYS >= 1.0         0               2.0    -2.0        1
GREATEST
 SNOW DEPTH         0                                 -1  03/18
 24 HR TOTAL        T   03/11 TO 03/11           03/23 TO 03/23

DEGREE_DAYS
HEATING TOTAL     595               758    -163      605
 SINCE 7/1       4480              5175    -695     4451
COOLING TOTAL       0                 0       0        0
 SINCE 1/1          0                 0       0        0
....................................................

WIND (MPH)
AVERAGE WIND SPEED              13.0
HIGHEST WIND SPEED/DIRECTION    45/310    DATE  03/06
HIGHEST GUST SPEED/DIRECTION    57/300    DATE  03/06

SKY COVER
AVERAGE SKY COVER           0.30

AVERAGE RH (PERCENT)     55

WEATHER CONDITIONS. NUMBER OF DAYS WITH
THUNDERSTORM              1     MIXED PRECIP               0
HEAVY RAIN                1     RAIN                       2
LIGHT RAIN                5     FREEZING RAIN              0
LT FREEZING RAIN          0     HAIL                       0
HEAVY SNOW                0     SNOW                       0
LIGHT SNOW                3     SLEET                      0
FOG                       9     FOG W/VIS <= 1/4 MILE      3
HAZE                      2

-  INDICATES NEGATIVE NUMBERS.
R  INDICATES RECORD WAS SET OR TIED.
MM INDICATES DATA IS MISSING.
T  INDICATES TRACE AMOUNT.

$$
