000
CXUS53 KGLD 052045
CLMGLD

CLIMATE REPORT
NATIONAL WEATHER SERVICE GOODLAND
242 PM MDT TUE JUL 5 2016

...................................

...THE GOODLAND KS CLIMATE SUMMARY FOR THE MONTH OF JUNE 2016...

CLIMATE NORMAL PERIOD 1981 TO 2010
CLIMATE RECORD PERIOD 1895 TO 2016

WEATHER         OBSERVED          NORMAL  DEPART  LAST YEAR`S
                 VALUE   DATE(S)  VALUE   FROM    VALUE  DATE(S)
                                          NORMAL
................................................................
TEMPERATURE (F)
RECORD
 HIGH             110   06/27/2012
                        06/26/2012
 LOW               31   06/02/1951
HIGHEST           102   06/21        99       3       95  06/30
                                                          06/19
LOWEST             46   06/05        44       2       54  06/27
                                                          06/01
AVG. MAXIMUM     90.2              83.9     6.3     86.0
AVG. MINIMUM     58.5              55.6     2.9     59.3
MEAN             74.3              69.7     4.6     72.7
DAYS MAX >= 90     19               8.5    10.5       10
DAYS MAX <= 32      0               0.0     0.0        0
DAYS MIN <= 32      0               0.0     0.0        0
DAYS MIN <= 0       0               0.0     0.0        0

PRECIPITATION (INCHES)
RECORD
 MAXIMUM         9.46   1982
 MINIMUM         0.10   1976
TOTALS           1.62              3.25   -1.63     2.31
DAILY AVG.       0.05              0.11   -0.06     0.08
DAYS >= .01         8               9.4    -1.4        8
DAYS >= .10         3               5.6    -2.6        6
DAYS >= .50         1               2.2    -1.2        2
DAYS >= 1.00        0               0.8    -0.8        0
GREATEST
 24 HR. TOTAL    0.66   06/28 TO 06/28              0.92

SNOWFALL (INCHES)
RECORDS
 TOTAL              T   2011
                        2010
                        2009
TOTALS            0.0               0.0     0.0      0.0
SINCE 7/1        30.1              35.5    -5.4     24.7
SNOWDEPTH AVG.      0                                  0
DAYS >= 1.0         0               0.0     0.0        0
GREATEST
 SNOW DEPTH         0                                  0
 24 HR TOTAL      0.0

DEGREE_DAYS
COOLING TOTAL     289               179     110      242
 SINCE 1/1        313               220      93      248
.................................................

WIND (MPH)
AVERAGE WIND SPEED              11.1
HIGHEST WIND SPEED/DIRECTION    44/230    DATE  06/29
HIGHEST GUST SPEED/DIRECTION    52/230    DATE  06/29

SKY COVER
AVERAGE SKY COVER           0.10

AVERAGE RH (PERCENT)     57

WEATHER CONDITIONS. NUMBER OF DAYS WITH
THUNDERSTORM              9     MIXED PRECIP               0
HEAVY RAIN                3     RAIN                       3
LIGHT RAIN               10     FREEZING RAIN              0
LT FREEZING RAIN          0     HAIL                       0
HEAVY SNOW                0     SNOW                       0
LIGHT SNOW                0     SLEET                      0
FOG                       8     FOG W/VIS <= 1/4 MILE      2
HAZE                      3

-  INDICATES NEGATIVE NUMBERS.
R  INDICATES RECORD WAS SET OR TIED.
MM INDICATES DATA IS MISSING.
T  INDICATES TRACE AMOUNT.

$$
