000
CXUS53 KGLD 011415
CLMGLD

CLIMATE REPORT
NATIONAL WEATHER SERVICE GOODLAND
813 AM MDT THU OCT 1 2015

...................................

...THE GOODLAND KS CLIMATE SUMMARY FOR THE MONTH OF SEPTEMBER 2015...

CLIMATE NORMAL PERIOD 1981 TO 2010
CLIMATE RECORD PERIOD 1895 TO 2015

WEATHER         OBSERVED          NORMAL  DEPART  LAST YEAR`S
                 VALUE   DATE(S)  VALUE   FROM    VALUE  DATE(S)
                                          NORMAL
................................................................
TEMPERATURE (F)
RECORD
 HIGH             105   09/02/1939
 LOW               19   09/30/1985
HIGHEST            98   09/03        95       3      100  09/03
LOWEST             35   09/19        35       0       34  09/12
AVG. MAXIMUM     86.8              79.1     7.7     79.3
AVG. MINIMUM     55.3              50.1     5.2     51.4
MEAN             71.0              64.6     6.4     65.3
DAYS MAX >= 90     15               5.0    10.0        3
DAYS MAX <= 32      0               0.0     0.0        0
DAYS MIN <= 32      0               0.5    -0.5        0
DAYS MIN <= 0       0               0.0     0.0        0

PRECIPITATION (INCHES)
RECORD
 MAXIMUM         6.49   2013
 MINIMUM         0.01   1922
TOTALS           1.03              1.22   -0.19     2.04
DAILY AVG.       0.03              0.04   -0.01     0.07
DAYS >= .01         5               5.5    -0.5        8
DAYS >= .10         2               2.9    -0.9        4
DAYS >= .50         1               0.6     0.4        2
DAYS >= 1.00        0               0.2    -0.2        0
GREATEST
 24 HR. TOTAL    0.79   09/22 TO 09/22              0.77

SNOWFALL (INCHES)
RECORDS
 TOTAL            5.8   1995
TOTALS            0.0               0.4    -0.4        T
SINCE 7/1         0.0               0.4    -0.4        T
SNOWDEPTH AVG.      0                                  0
DAYS >= 1.0         0               0.1    -0.1        0
GREATEST
 SNOW DEPTH         0                                  0
 24 HR TOTAL      0.0   09/30 TO 09/30           09/12 TO 09/12

DEGREE_DAYS
HEATING TOTAL      33               112     -79      100
 SINCE 7/1         39               124     -85      113
COOLING TOTAL     221               100     121      117
 SINCE 1/1       1129               933     196      919
...................................................

WIND (MPH)
AVERAGE WIND SPEED              10.1
HIGHEST WIND SPEED/DIRECTION    38/180    DATE  09/22
HIGHEST GUST SPEED/DIRECTION    48/190    DATE  09/22

SKY COVER
AVERAGE SKY COVER           0.20

AVERAGE RH (PERCENT)     57

WEATHER CONDITIONS. NUMBER OF DAYS WITH
THUNDERSTORM              6     MIXED PRECIP               0
HEAVY RAIN                2     RAIN                       3
LIGHT RAIN                6     FREEZING RAIN              0
LT FREEZING RAIN          0     HAIL                       0
HEAVY SNOW                0     SNOW                       0
LIGHT SNOW                0     SLEET                      0
FOG                      12     FOG W/VIS <= 1/4 MILE      5
HAZE                      5

-  INDICATES NEGATIVE NUMBERS.
R  INDICATES RECORD WAS SET OR TIED.
MM INDICATES DATA IS MISSING.
T  INDICATES TRACE AMOUNT.

$$
