000
CXUS53 KGLD 011430
CLMGLD

CLIMATE REPORT
NATIONAL WEATHER SERVICE GOODLAND
729 AM MST SUN MAR 1 2015

...................................

...THE GOODLAND KS CLIMATE SUMMARY FOR THE MONTH OF FEBRUARY 2015...

CLIMATE NORMAL PERIOD 1981 TO 2010
CLIMATE RECORD PERIOD 1895 TO 2015

WEATHER         OBSERVED          NORMAL  DEPART  LAST YEAR`S
                 VALUE   DATE(S)  VALUE   FROM    VALUE  DATE(S)
                                          NORMAL
................................................................
TEMPERATURE (F)
RECORD
 HIGH              81   02/28/2006
                        02/17/1970
 LOW              -22   02/05/1982
                        02/08/1936
                        02/09/1933
HIGHEST            79   02/07        69      10       63  02/18
LOWEST              5   02/23                 6      -14  02/05
                        02/01
AVG. MAXIMUM     46.8              45.3     1.5     37.0
AVG. MINIMUM     19.5              19.4     0.1     13.9
MEAN             33.1              32.3     0.8     25.4
DAYS MAX >= 90      0               0.0     0.0        0
DAYS MAX <= 32      8               5.2     2.8       11
DAYS MIN <= 32     24              26.3    -2.3       26
DAYS MIN <= 0       0               1.5    -1.5        6

PRECIPITATION (INCHES)
RECORD
 MAXIMUM         2.07   1939
 MINIMUM            T   1970
TOTALS           0.80              0.49    0.31     0.37
DAILY AVG.       0.03              0.02    0.01     0.01
DAYS >= .01         6               4.8     1.2        5
DAYS >= .10         3               1.6     1.4        1
DAYS >= .50         1               0.2     0.8        0
DAYS >= 1.00        0               0.0     0.0        0
GREATEST
 24 HR. TOTAL    0.51   02/21 TO 02/22              0.16
 STORM TOTAL       MM
 (MM/DD(HH))            MM

SNOWFALL (INCHES)
RECORDS
 TOTAL           25.4   1960
TOTALS            9.8               5.4     4.4      8.8
SINCE 7/1        22.1              24.0    -1.9     25.2
SNOWDEPTH AVG.      1                 3      -2        2
DAYS >= 1.0         2               1.8     0.2        3
GREATEST
 SNOW DEPTH         6   02/23                          6  02/05
                        02/22
 24 HR TOTAL      5.3   MM                       02/04 TO 02/04
                                                          02/04 TO 02/04
                                                          02/04 TO 02/04

DEGREE_DAYS
HEATING TOTAL     885               914     -29     1101
 SINCE 7/1       4215              4417    -202     4544
COOLING TOTAL       0                 0       0        0
 SINCE 1/1          0                 0       0        0
.....................................................

WIND (MPH)
AVERAGE WIND SPEED              12.2
HIGHEST WIND SPEED/DIRECTION    36/340    DATE  02/17
HIGHEST GUST SPEED/DIRECTION    45/330    DATE  02/08

SKY COVER
AVERAGE SKY COVER           0.40

AVERAGE RH (PERCENT)     64

WEATHER CONDITIONS. NUMBER OF DAYS WITH
THUNDERSTORM              0     MIXED PRECIP               0
HEAVY RAIN                0     RAIN                       1
LIGHT RAIN                1     FREEZING RAIN              0
LT FREEZING RAIN          1     HAIL                       0
HEAVY SNOW                2     SNOW                       1
LIGHT SNOW               10     SLEET                      0
FOG                      10     FOG W/VIS <= 1/4 MILE      1
HAZE                      6

-  INDICATES NEGATIVE NUMBERS.
R  INDICATES RECORD WAS SET OR TIED.
MM INDICATES DATA IS MISSING.
T  INDICATES TRACE AMOUNT.

$$
