000
CXUS53 KGLD 041536
CLMGLD

CLIMATE REPORT
NATIONAL WEATHER SERVICE GOODLAND
836 AM MST MON NOV 4 2013

...................................

...THE GOODLAND KS CLIMATE SUMMARY FOR THE MONTH OF OCTOBER 2013...

CLIMATE NORMAL PERIOD 1981 TO 2010
CLIMATE RECORD PERIOD 1895 TO 2013

WEATHER         OBSERVED          NORMAL  DEPART  LAST YEAR`S
                 VALUE   DATE(S)  VALUE   FROM    VALUE  DATE(S)
                                          NORMAL
................................................................
TEMPERATURE (F)
RECORD
 HIGH              96   10/17/1926
 LOW                1   10/29/1917
HIGHEST            83   10/10        87      -4       90  10/03
LOWEST             28   10/16        22       6       20  10/27
AVG. MAXIMUM     63.1              66.2    -3.1     65.4
AVG. MINIMUM     36.9              37.5    -0.6     34.7
MEAN             50.0              51.9    -1.9     50.0
DAYS MAX >= 90      0               0.5    -0.5        1
DAYS MAX <= 32      0               0.4    -0.4        0
DAYS MIN <= 32      7               7.4    -0.4       12
DAYS MIN <= 0       0               0.0     0.0        0

PRECIPITATION (INCHES)
RECORD
 MAXIMUM         4.94   1930
 MINIMUM         0.00   1910
TOTALS           1.24              1.37   -0.13     0.41
DAILY AVG.       0.04              0.04    0.00     0.01
DAYS >= .01         8               5.6     2.4        4
DAYS >= .10         5               2.9     2.1        1
DAYS >= .50         0               0.8    -0.8        0
DAYS >= 1.00        0               0.3    -0.3        0
GREATEST
 24 HR. TOTAL    0.41   10/17 TO 10/18              0.16
 STORM TOTAL       MM
 (MM/DD(HH))            MM

SNOWFALL (INCHES)
RECORDS
 TOTAL           19.5   1997
TOTALS            4.0               2.2     1.8      0.5
SINCE 7/1         4.0               2.6     1.4      0.5
SNOWDEPTH AVG.      0                MM      MM        0
DAYS >= 1.0         1               0.5     0.5        0
GREATEST
 SNOW DEPTH         2   10/18                         -1  10/25
 24 HR TOTAL      4.0   10/18 TO 10/18           10/05 TO 10/05
                                                          10/06 TO 10/06
                                                          10/06 TO 10/06

DEGREE_DAYS
HEATING TOTAL     457               416      41      458
 SINCE 7/1        511               540     -29      534
COOLING TOTAL       0                 8      -8        2
 SINCE 1/1       1181               941     240     1338
.......................................................

WIND (MPH)
AVERAGE WIND SPEED              12.5
HIGHEST WIND SPEED/DIRECTION    41/160    DATE  10/10
HIGHEST GUST SPEED/DIRECTION    53/160    DATE  10/10

SKY COVER
AVERAGE SKY COVER           0.30

AVERAGE RH (PERCENT)     62

WEATHER CONDITIONS. NUMBER OF DAYS WITH
THUNDERSTORM              0     MIXED PRECIP               0
HEAVY RAIN                2     RAIN                       3
LIGHT RAIN                8     FREEZING RAIN              0
LT FREEZING RAIN          0     HAIL                       0
HEAVY SNOW                0     SNOW                       1
LIGHT SNOW                2     SLEET                      0
FOG                      11     FOG W/VIS <= 1/4 MILE      2
HAZE                      5

-  INDICATES NEGATIVE NUMBERS.
R  INDICATES RECORD WAS SET OR TIED.
MM INDICATES DATA IS MISSING.
T  INDICATES TRACE AMOUNT.

$$
