000
CXUS53 KGLD 011518
CLMGLD

CLIMATE REPORT
NATIONAL WEATHER SERVICE GOODLAND
816 AM MST TUE DEC 1 2015

...................................

...THE GOODLAND KS CLIMATE SUMMARY FOR THE MONTH OF NOVEMBER 2015...

CLIMATE NORMAL PERIOD 1981 TO 2010
CLIMATE RECORD PERIOD 1895 TO 2015

WEATHER         OBSERVED          NORMAL  DEPART  LAST YEAR`S
                 VALUE   DATE(S)  VALUE   FROM    VALUE  DATE(S)
                                          NORMAL
................................................................
TEMPERATURE (F)
RECORD
 HIGH              87   11/10/1927
 LOW              -12   11/28/1952
HIGHEST            81   11/03        75       6       80  11/28
LOWEST             17   11/27         8       9       -6  11/13
AVG. MAXIMUM     53.1              52.4     0.7     53.1
AVG. MINIMUM     26.6              25.7     0.9     21.3
MEAN             39.8              39.0     0.8     37.2
DAYS MAX >= 90      0               0.0     0.0        0
DAYS MAX <= 32      3               2.2     0.8        4
DAYS MIN <= 32     25              22.8     2.2       25
DAYS MIN <= 0       0               0.1    -0.1        2

PRECIPITATION (INCHES)
RECORD
 MAXIMUM         2.63   1946
 MINIMUM            T   2012
                        2002
                        1959
TOTALS           0.89              0.71    0.18     0.02
DAILY AVG.       0.03              0.02    0.01     0.00
DAYS >= .01         6               4.6     1.4        1
DAYS >= .10         3               1.9     1.1        0
DAYS >= .50         0               0.3    -0.3        0
DAYS >= 1.00        0               0.1    -0.1        0
GREATEST
 24 HR. TOTAL    0.29   11/16 TO 11/17              0.98

SNOWFALL (INCHES)
RECORDS
 TOTAL           29.0   1908
TOTALS            8.2               4.6     3.6      0.2
SINCE 7/1         8.2               7.2     1.0      0.2
SNOWDEPTH AVG.      0                MM      MM        0
DAYS >= 1.0         3               1.4     1.6        0
GREATEST
 SNOW DEPTH         4   11/18                         -1  11/12
 24 HR TOTAL      4.0   11/17 TO 11/17           11/12 TO 11/12

DEGREE_DAYS
HEATING TOTAL     745               779     -34      827
 SINCE 7/1       1060              1319    -259     1255
COOLING TOTAL       0                 0       0        0
 SINCE 1/1       1145               941     204      920
....................................................

WIND (MPH)
AVERAGE WIND SPEED              11.4
HIGHEST WIND SPEED/DIRECTION    44/350    DATE  11/17
HIGHEST GUST SPEED/DIRECTION    53/360    DATE  11/17

SKY COVER
AVERAGE SKY COVER           0.30

AVERAGE RH (PERCENT)     67

WEATHER CONDITIONS. NUMBER OF DAYS WITH
THUNDERSTORM              2     MIXED PRECIP               0
HEAVY RAIN                0     RAIN                       2
LIGHT RAIN                4     FREEZING RAIN              0
LT FREEZING RAIN          1     HAIL                       0
HEAVY SNOW                2     SNOW                       2
LIGHT SNOW                7     SLEET                      0
FOG                      13     FOG W/VIS <= 1/4 MILE      5
HAZE                      4

-  INDICATES NEGATIVE NUMBERS.
R  INDICATES RECORD WAS SET OR TIED.
MM INDICATES DATA IS MISSING.
T  INDICATES TRACE AMOUNT.

$$
