000
CXUS53 KGLD 031744
CLMGLD

CLIMATE REPORT
NATIONAL WEATHER SERVICE GOODLAND
1040 AM MST MON FEB 3 2014

...................................

...THE GOODLAND KS CLIMATE SUMMARY FOR THE MONTH OF JANUARY 2014...

CLIMATE NORMAL PERIOD 1981 TO 2010
CLIMATE RECORD PERIOD 1895 TO 2014

WEATHER         OBSERVED          NORMAL  DEPART  LAST YEAR`S
                 VALUE   DATE(S)  VALUE   FROM    VALUE  DATE(S)
                                          NORMAL
................................................................
TEMPERATURE (F)
RECORD
 HIGH              79   01/26/1951
 LOW              -26   01/03/1959
HIGHEST            67   01/19        66       1       69  01/28
LOWEST             -9   01/06        -2      -7       -3  01/14
                        01/05
AVG. MAXIMUM     44.6              42.4     2.2     45.2
AVG. MINIMUM     15.5              16.9    -1.4     15.5
MEAN             30.0              29.6     0.4     30.3
DAYS MAX >= 90      0               0.0     0.0        0
DAYS MAX <= 32      6               7.6    -1.6        8
DAYS MIN <= 32     31              30.1     0.9       31
DAYS MIN <= 0       3               1.9     1.1        2

PRECIPITATION (INCHES)
RECORD
 MAXIMUM         1.59   1988
 MINIMUM         0.00   1986
TOTALS           0.57              0.38    0.19     0.07
DAILY AVG.       0.02              0.01    0.01     0.00
DAYS >= .01         8               3.9     4.1        4
DAYS >= .10         2               1.1     0.9        0
DAYS >= .50         0               0.1    -0.1        0
DAYS >= 1.00        0               0.0     0.0        0
GREATEST
 24 HR. TOTAL    0.33   01/30 TO 01/31              0.09

SNOWFALL (INCHES)
RECORDS
 TOTAL           19.4   1988
TOTALS            9.6               5.9     3.7      0.7
SINCE 7/1        16.4              18.6    -2.2     10.7
SNOWDEPTH AVG.      0                 3      -3        0
DAYS >= 1.0         4               1.5     2.5        0
GREATEST
 SNOW DEPTH         3   01/31                          1  01/06
 24 HR TOTAL      4.2   01/30 TO 01/31

DEGREE_DAYS
HEATING TOTAL    1077              1096     -19     1068
 SINCE 7/1       3443              3503     -60     3336
COOLING TOTAL       0                 0       0        0
 SINCE 1/1          0                 0       0        0
..................................................

WIND (MPH)
AVERAGE WIND SPEED              14.0
HIGHEST WIND SPEED/DIRECTION    48/330    DATE  01/16
HIGHEST GUST SPEED/DIRECTION    64/330    DATE  01/16

SKY COVER
AVERAGE SKY COVER      0.30
AVERAGE RH (PERCENT)     57

WEATHER CONDITIONS. NUMBER OF DAYS WITH
THUNDERSTORM              0     MIXED PRECIP               0
HEAVY RAIN                0     RAIN                       0
LIGHT RAIN                0     FREEZING RAIN              0
LT FREEZING RAIN          0     HAIL                       0
HEAVY SNOW                0     SNOW                       1
LIGHT SNOW               10     SLEET                      0
FOG                      11     FOG W/VIS <= 1/4 MILE      1
HAZE                      9

-  INDICATES NEGATIVE NUMBERS.
R  INDICATES RECORD WAS SET OR TIED.
MM INDICATES DATA IS MISSING.
T  INDICATES TRACE AMOUNT.

$$
