000
CXUS53 KGLD 021254
CLMGLD

CLIMATE REPORT
NATIONAL WEATHER SERVICE GOODLAND
551 AM MST MON DEC 2 2013

...................................

...THE GOODLAND KS CLIMATE SUMMARY FOR THE MONTH OF NOVEMBER 2013...

CLIMATE NORMAL PERIOD 1981 TO 2010
CLIMATE RECORD PERIOD 1895 TO 2013

WEATHER         OBSERVED          NORMAL  DEPART  LAST YEAR`S
                 VALUE   DATE(S)  VALUE   FROM    VALUE  DATE(S)
                                          NORMAL
................................................................
TEMPERATURE (F)
RECORD
 HIGH              87   11/10/1927
 LOW              -12   11/28/1952
HIGHEST            77   11/08        75       2       78  11/01
LOWEST             14   11/25         8       6       11  11/11
                        11/22
                        11/21
AVG. MAXIMUM     53.7              52.4     1.3     62.8
AVG. MINIMUM     25.1              25.7    -0.6     25.2
MEAN             39.4              39.0     0.4     44.0
DAYS MAX >= 90      0               0.0     0.0        0
DAYS MAX <= 32      1               2.2    -1.2        0
DAYS MIN <= 32     24              22.8     1.2       26
DAYS MIN <= 0       0               0.1    -0.1        0

PRECIPITATION (INCHES)
RECORD
 MAXIMUM         2.63   1946
 MINIMUM            T   2012
                        2002
                        1959
TOTALS           0.17              0.71   -0.54        T
DAILY AVG.       0.01              0.02   -0.01        T
DAYS >= .01         2               4.6    -2.6        0
DAYS >= .10         1               1.9    -0.9        0
DAYS >= .50         0               0.3    -0.3        0
DAYS >= 1.00        0               0.1    -0.1        0
GREATEST
 24 HR. TOTAL    0.16   11/04 TO 11/05                 T

SNOWFALL (INCHES)
RECORDS
 TOTAL           29.0   1908
TOTALS            0.3               4.6    -4.3        T
SINCE 7/1         4.3               7.2    -2.9      0.5
SNOWDEPTH AVG.      0                MM      MM        0
DAYS >= 1.0         0               1.4    -1.4        0
GREATEST
 SNOW DEPTH         T   11/22                          0
 24 HR TOTAL      0.3   11/21

DEGREE_DAYS
HEATING TOTAL     762               779     -17      622
 SINCE 7/1       1273              1319     -46     1156
COOLING TOTAL       0                 0       0        0
 SINCE 1/1       1181               941     240     1338
.................................................

WIND (MPH)
AVERAGE WIND SPEED              11.7
HIGHEST WIND SPEED/DIRECTION    40/190    DATE  11/24
HIGHEST GUST SPEED/DIRECTION    49/190    DATE  11/24

SKY COVER
AVERAGE SKY COVER           0.20

AVERAGE RH (PERCENT)     58

WEATHER CONDITIONS. NUMBER OF DAYS WITH
THUNDERSTORM              0     MIXED PRECIP               0
HEAVY RAIN                0     RAIN                       0
LIGHT RAIN                2     FREEZING RAIN              0
LT FREEZING RAIN          1     HAIL                       0
HEAVY SNOW                0     SNOW                       0
LIGHT SNOW                2     SLEET                      0
FOG                       4     FOG W/VIS <= 1/4 MILE      1
HAZE                      2

-  INDICATES NEGATIVE NUMBERS.
R  INDICATES RECORD WAS SET OR TIED.
MM INDICATES DATA IS MISSING.
T  INDICATES TRACE AMOUNT.

$$
