000
CXUS53 KGLD 012224
CLMGLD

CLIMATE REPORT
NATIONAL WEATHER SERVICE GOODLAND
421 PM MDT SUN SEP 1 2013

...................................

...THE GOODLAND KS CLIMATE SUMMARY FOR THE MONTH OF AUGUST 2013...

CLIMATE NORMAL PERIOD 1981 TO 2010
CLIMATE RECORD PERIOD 1895 TO 2013

WEATHER         OBSERVED          NORMAL  DEPART  LAST YEAR`S
                 VALUE   DATE(S)  VALUE   FROM    VALUE  DATE(S)
                                          NORMAL
................................................................
TEMPERATURE (F)
RECORD
 HIGH             108   08/06/1970
                        08/02/1938
                        08/09/1937
 LOW               38   08/23/1964
HIGHEST           102   08/30       100       2      102  08/06
                                                          08/01
LOWEST             54   08/16        51       3       44  08/19
                        08/09
AVG. MAXIMUM     88.8              87.5     1.3     90.7
AVG. MINIMUM     61.6              60.0     1.6     58.4
MEAN             75.2              73.7     1.5     74.5
DAYS MAX >= 90     16              13.4     2.6       17
DAYS MAX <= 32      0               0.0     0.0        0
DAYS MIN <= 32      0               0.0     0.0        0
DAYS MIN <= 0       0               0.0     0.0        0

PRECIPITATION (INCHES)
RECORD
 MAXIMUM         9.29   1993
 MINIMUM         0.13   1964
TOTALS           0.94              2.70   -1.76     0.90
DAILY AVG.       0.03              0.09   -0.06     0.03
DAYS >= .01         7               8.8    -1.8        8
DAYS >= .10         3               4.7    -1.7        3
DAYS >= .50         0               1.7    -1.7        0
DAYS >= 1.00        0               0.8    -0.8        0
GREATEST
 24 HR. TOTAL    0.50   08/07 TO 08/08              0.44

SNOWFALL (INCHES)
RECORDS
 TOTAL              T   2011
                        2007
                        2006
TOTALS            0.0               0.0     0.0      0.0
SINCE 7/1         0.0               0.0     0.0      0.0
SNOWDEPTH AVG.      0                                  0
DAYS >= 1.0         0               0.0     0.0        0
GREATEST
 SNOW DEPTH         0                                  0

DEGREE_DAYS
HEATING TOTAL       0                 8      -8        5
 SINCE 7/1          7                12      -5        5
COOLING TOTAL     328               279      49      308
 SINCE 1/1        998               833     165     1248
........................................................

WIND (MPH)
AVERAGE WIND SPEED              10.3
HIGHEST WIND SPEED/DIRECTION    32/330    DATE  08/31
HIGHEST GUST SPEED/DIRECTION    44/320    DATE  08/31

SKY COVER
AVERAGE SKY COVER           0.20

AVERAGE RH (PERCENT)     63

WEATHER CONDITIONS. NUMBER OF DAYS WITH
THUNDERSTORM              7     MIXED PRECIP               0
HEAVY RAIN                1     RAIN                       2
LIGHT RAIN               11     FREEZING RAIN              0
LT FREEZING RAIN          0     HAIL                       0
HEAVY SNOW                0     SNOW                       0
LIGHT SNOW                0     SLEET                      0
FOG                      17     FOG W/VIS <= 1/4 MILE      5
HAZE                      7

-  INDICATES NEGATIVE NUMBERS.
R  INDICATES RECORD WAS SET OR TIED.
MM INDICATES DATA IS MISSING.
T  INDICATES TRACE AMOUNT.

$$
