000
CXUS53 KGLD 011847
CLMGLD

CLIMATE REPORT
NATIONAL WEATHER SERVICE GOODLAND
1244 PM MDT THU AUG 1 2013

...................................

...THE GOODLAND KS CLIMATE SUMMARY FOR THE MONTH OF JULY 2013...

CLIMATE NORMAL PERIOD 1981 TO 2010
CLIMATE RECORD PERIOD 1895 TO 2013

WEATHER         OBSERVED          NORMAL  DEPART  LAST YEAR`S
                 VALUE   DATE(S)  VALUE   FROM    VALUE  DATE(S)
                                          NORMAL
................................................................
TEMPERATURE (F)
RECORD
 HIGH             111   07/25/1940
 LOW               40   07/11/1895
HIGHEST           102   07/12       102       0      105  07/21
LOWEST             48   07/02        52      -4       53  07/10
AVG. MAXIMUM     89.3              90.0    -0.7     97.3
AVG. MINIMUM     60.6              61.3    -0.7     63.6
MEAN             75.0              75.7    -0.7     80.4
DAYS MAX >= 90     15              17.0    -2.0       27
DAYS MAX <= 32      0               0.0     0.0        0
DAYS MIN <= 32      0               0.0     0.0        0
DAYS MIN <= 0       0               0.0     0.0        0

PRECIPITATION (INCHES)
RECORD
 MAXIMUM        10.10   1985
                        2001
 MINIMUM         0.27   1916
TOTALS           0.45              3.47   -3.02     1.85
DAILY AVG.       0.01              0.11   -0.10     0.06
DAYS >= .01         7               9.9    -2.9        3
DAYS >= .10         3               5.9    -2.9        2
DAYS >= .50         0               2.3    -2.3        2
DAYS >= 1.00        0               1.0    -1.0        1
GREATEST
 24 HR. TOTAL    0.21   07/27 TO 07/28              1.22

SNOWFALL (INCHES)
RECORDS
 TOTAL              T   2009
                        2005
TOTALS            0.0               0.0     0.0      0.0
SINCE 7/1         0.0               0.0     0.0      0.0
SNOWDEPTH AVG.      0                                  0
DAYS >= 1.0         0               0.0     0.0        0
GREATEST
 SNOW DEPTH         0                                  0
 24 HR TOTAL      0.0

DEGREE_DAYS
HEATING TOTAL       7                 4       3        0
 SINCE 7/1          7                 4       3        0
COOLING TOTAL     324               334     -10      486
 SINCE 1/1        670               554     116      940
.........................................................

WIND (MPH)
AVERAGE WIND SPEED              10.6
HIGHEST WIND SPEED/DIRECTION    35/360    DATE  07/19
HIGHEST GUST SPEED/DIRECTION    44/360    DATE  07/19

SKY COVER
AVERAGE SKY COVER           0.20

AVERAGE RH (PERCENT)     59

WEATHER CONDITIONS. NUMBER OF DAYS WITH
THUNDERSTORM              8     MIXED PRECIP               0
HEAVY RAIN                0     RAIN                       1
LIGHT RAIN               10     FREEZING RAIN              0
LT FREEZING RAIN          0     HAIL                       0
HEAVY SNOW                0     SNOW                       0
LIGHT SNOW                0     SLEET                      0
FOG                      10     FOG W/VIS <= 1/4 MILE      3
HAZE                      2

-  INDICATES NEGATIVE NUMBERS.
R  INDICATES RECORD WAS SET OR TIED.
MM INDICATES DATA IS MISSING.
T  INDICATES TRACE AMOUNT.

$$
