000
CXUS53 KGLD 011647
CLMGLD

CLIMATE REPORT
NATIONAL WEATHER SERVICE GOODLAND
939 AM MST SAT MAR 1 2014

...................................

...THE GOODLAND KS CLIMATE SUMMARY FOR THE MONTH OF FEBRUARY 2014...

CLIMATE NORMAL PERIOD 1981 TO 2010
CLIMATE RECORD PERIOD 1895 TO 2014

WEATHER         OBSERVED          NORMAL  DEPART  LAST YEAR`S
                 VALUE   DATE(S)  VALUE   FROM    VALUE  DATE(S)
                                          NORMAL
................................................................
TEMPERATURE (F)
RECORD
 HIGH              81   02/28/2006
                        02/17/1970
 LOW              -22   02/05/1982
                        02/08/1936
                        02/09/1933
HIGHEST            63   02/18        69      -6       65  02/17
LOWEST            -14   02/05               -13       -1  02/22
AVG. MAXIMUM     37.0              45.3    -8.3     44.9
AVG. MINIMUM     13.9              19.4    -5.5     16.7
MEAN             25.4              32.3    -6.9     30.8
DAYS MAX >= 90      0               0.0     0.0        0
DAYS MAX <= 32     11               5.2     5.8        4
DAYS MIN <= 32     26              26.3    -0.3       28
DAYS MIN <= 0       6               1.5     4.5        1

PRECIPITATION (INCHES)
RECORD
 MAXIMUM         2.07   1939
 MINIMUM            T   1970
TOTALS           0.37              0.49   -0.12     0.78
DAILY AVG.       0.01              0.02   -0.01     0.03
DAYS >= .01         5               4.8     0.2        6
DAYS >= .10         1               1.6    -0.6        2
DAYS >= .50         0               0.2    -0.2        0
DAYS >= 1.00        0               0.0     0.0        0
GREATEST
 24 HR. TOTAL    0.16   01/31 TO 02/01              0.59

SNOWFALL (INCHES)
RECORDS
 TOTAL           25.4   1960
TOTALS            8.8               5.4     3.4     12.5
SINCE 7/1        25.2              24.0     1.2     23.2
SNOWDEPTH AVG.      2                 3      -1        2
DAYS >= 1.0         3               1.8     1.2        2
GREATEST
 SNOW DEPTH         6   02/05                         10  02/22
 24 HR TOTAL      4.5   02/04 TO 02/04           02/21 TO 02/21

DEGREE_DAYS
HEATING TOTAL    1101               914     187      951
 SINCE 7/1       4544              4417     127     4287
COOLING TOTAL       0                 0       0        0
 SINCE 1/1          0                 0       0        0
..................................................

WIND (MPH)
AVERAGE WIND SPEED              13.4
HIGHEST WIND SPEED/DIRECTION    45/360    DATE  02/20
HIGHEST GUST SPEED/DIRECTION    58/360    DATE  02/20

SKY COVER
AVERAGE SKY COVER           0.40

AVERAGE RH (PERCENT)     70

WEATHER CONDITIONS. NUMBER OF DAYS WITH
THUNDERSTORM              0     MIXED PRECIP               0
HEAVY RAIN                0     RAIN                       0
LIGHT RAIN                0     FREEZING RAIN              0
LT FREEZING RAIN          0     HAIL                       0
HEAVY SNOW                0     SNOW                       2
LIGHT SNOW               10     SLEET                      0
FOG                      12     FOG W/VIS <= 1/4 MILE      3
HAZE                      5

-  INDICATES NEGATIVE NUMBERS.
R  INDICATES RECORD WAS SET OR TIED.
MM INDICATES DATA IS MISSING.
T  INDICATES TRACE AMOUNT.

&&

10TH COLDEST FEBRUARY ON RECORD.

$$
