000
CXUS53 KGLD 041139
CLMGLD

CLIMATE REPORT
NATIONAL WEATHER SERVICE GOODLAND
536 AM MDT FRI AUG 4 2017

...................................

...THE GOODLAND KS CLIMATE SUMMARY FOR THE MONTH OF JULY 2017...

CLIMATE NORMAL PERIOD 1981 TO 2010
CLIMATE RECORD PERIOD 1895 TO 2017

WEATHER         OBSERVED          NORMAL  DEPART  LAST YEAR`S
                 VALUE   DATE(S)  VALUE   FROM    VALUE  DATE(S)
                                          NORMAL
................................................................
TEMPERATURE (F)
RECORD
 HIGH             111   07/25/1940
 LOW               40   07/11/1895
HIGHEST            99   07/21       102      -3      104  07/22
                        07/11                             07/21
LOWEST             56   07/04        52       4       56  07/12
AVG. MAXIMUM     90.3              90.0     0.3     92.3
AVG. MINIMUM     63.6              61.3     2.3     63.1
MEAN             76.9              75.7     1.2     77.7
DAYS MAX >= 90     17              17.0     0.0       23
DAYS MAX <= 32      0               0.0     0.0        0
DAYS MIN <= 32      0               0.0     0.0        0
DAYS MIN <= 0       0               0.0     0.0        0

PRECIPITATION (INCHES)
RECORD
 MAXIMUM        10.10   1985
                        2001
 MINIMUM         0.27   1916
TOTALS           3.38              3.47   -0.09     2.75
DAILY AVG.       0.11              0.11    0.00     0.09
DAYS >= .01        10               9.9     0.1       17
DAYS >= .10         5               5.9    -0.9        9
DAYS >= .50         2               2.3    -0.3        1
DAYS >= 1.00        1               1.0     0.0        0
GREATEST
 24 HR. TOTAL    2.13   07/29 TO 07/29              0.81

SNOWFALL (INCHES)
RECORDS
 TOTAL              T   2009
                        2005
TOTALS            0.0               0.0     0.0      0.0
SINCE 7/1         0.0               0.0     0.0      0.0
SNOWDEPTH AVG.      0                                  0
DAYS >= 1.0         0               0.0     0.0        0
GREATEST
 SNOW DEPTH         0                                  0
 24 HR TOTAL      0.0

DEGREE_DAYS
HEATING TOTAL       0                 4      -4        0
 SINCE 7/1          0                 4      -4        0
COOLING TOTAL     376               334      42      402
 SINCE 1/1        629               554      75      715
..................................................

WIND (MPH)
AVERAGE WIND SPEED              10.3
HIGHEST WIND SPEED/DIRECTION    41/030    DATE  07/02
HIGHEST GUST SPEED/DIRECTION    50/030    DATE  07/02

SKY COVER
AVERAGE SKY COVER           0.20

AVERAGE RH (PERCENT)     64

WEATHER CONDITIONS. NUMBER OF DAYS WITH
THUNDERSTORM             10     MIXED PRECIP               0
HEAVY RAIN                2     RAIN                       2
LIGHT RAIN               12     FREEZING RAIN              0
LT FREEZING RAIN          0     HAIL                       0
HEAVY SNOW                0     SNOW                       0
LIGHT SNOW                0     SLEET                      0
FOG                       9     FOG W/VIS <= 1/4 MILE      0
HAZE                      3

-  INDICATES NEGATIVE NUMBERS.
R  INDICATES RECORD WAS SET OR TIED.
MM INDICATES DATA IS MISSING.
T  INDICATES TRACE AMOUNT.

$$
