000
CXUS53 KGLD 050309
CLMGLD

CLIMATE REPORT
NATIONAL WEATHER SERVICE GOODLAND
907 PM MDT SAT JUN 4 2016

...................................

...THE GOODLAND KS CLIMATE SUMMARY FOR THE MONTH OF MAY 2016...

CLIMATE NORMAL PERIOD 1981 TO 2010
CLIMATE RECORD PERIOD 1895 TO 2016

WEATHER         OBSERVED          NORMAL  DEPART  LAST YEAR`S
                 VALUE   DATE(S)  VALUE   FROM    VALUE  DATE(S)
                                          NORMAL
................................................................
TEMPERATURE (F)
RECORD
 HIGH             104   05/29/2003
                        05/31/2002
 LOW               21   05/01/1967
HIGHEST            88   05/22        92      -4       85  05/03
LOWEST             29   05/02        31      -2       32  05/11
                                                          05/10
AVG. MAXIMUM     71.3              73.0    -1.7     68.3
AVG. MINIMUM     44.0              45.8    -1.8     45.5
MEAN             57.6              59.4    -1.8     56.9
DAYS MAX >= 90      0               1.3    -1.3        0
DAYS MAX <= 32      0               0.0     0.0        0
DAYS MIN <= 32      2               1.1     0.9        2
DAYS MIN <= 0       0               0.0     0.0        0

PRECIPITATION (INCHES)
RECORD
 MAXIMUM         8.21   1981
 MINIMUM         0.31   1927
TOTALS           1.96              2.95   -0.99     5.76
DAILY AVG.       0.06              0.10   -0.04     0.19
DAYS >= .01        13              10.5     2.5       17
DAYS >= .10         7               5.7     1.3        9
DAYS >= .50         1               2.0    -1.0        5
DAYS >= 1.00        0               0.6    -0.6        2
GREATEST
 24 HR. TOTAL    0.61   05/26 TO 05/26              1.55

SNOWFALL (INCHES)
RECORDS
 TOTAL            6.9   1938
TOTALS              T               0.5    -0.5        T
SINCE 7/1        30.1              35.5    -5.4     24.7
SNOWDEPTH AVG.      0                                  0
DAYS >= 1.0         0               0.2    -0.2        0
GREATEST
 SNOW DEPTH         0                                  0
 24 HR TOTAL        T   05/01 TO 05/01           05/20 TO 05/20

DEGREE_DAYS
HEATING TOTAL     243               211      32      251
 SINCE 7/1       5129              5866    -737     5427
COOLING TOTAL      24                37     -13        6
 SINCE 1/1         24                41     -17        6
.................................................

WIND (MPH)
AVERAGE WIND SPEED              12.5
HIGHEST WIND SPEED/DIRECTION    55/280    DATE  05/26
HIGHEST GUST SPEED/DIRECTION    67/270    DATE  05/26

SKY COVER
AVERAGE SKY COVER           0.40

AVERAGE RH (PERCENT)     66

WEATHER CONDITIONS. NUMBER OF DAYS WITH
THUNDERSTORM              8     MIXED PRECIP               0
HEAVY RAIN                2     RAIN                       5
LIGHT RAIN               14     FREEZING RAIN              0
LT FREEZING RAIN          0     HAIL                       2
HEAVY SNOW                0     SNOW                       0
LIGHT SNOW                1     SLEET                      0
FOG                      11     FOG W/VIS <= 1/4 MILE      2
HAZE                      2

-  INDICATES NEGATIVE NUMBERS.
R  INDICATES RECORD WAS SET OR TIED.
MM INDICATES DATA IS MISSING.
T  INDICATES TRACE AMOUNT.

$$
