000
CXUS53 KGLD 052033
CLMGLD

CLIMATE REPORT
NATIONAL WEATHER SERVICE GOODLAND
132 PM MST TUE DEC 5 2017

...................................

...THE GOODLAND KS CLIMATE SUMMARY FOR THE MONTH OF OCTOBER 2017...

CLIMATE NORMAL PERIOD 1981 TO 2010
CLIMATE RECORD PERIOD 1895 TO 2017

WEATHER         OBSERVED          NORMAL  DEPART  LAST YEAR`S
                 VALUE   DATE(S)  VALUE   FROM    VALUE  DATE(S)
                                          NORMAL
................................................................
TEMPERATURE (F)
RECORD
 HIGH              96   10/17/1926
 LOW                1   10/29/1917
HIGHEST            84   10/12        87      -3       92  10/16
LOWEST             19   10/27        22      -3       29  10/24
AVG. MAXIMUM     67.0              66.2     0.8     76.4
AVG. MINIMUM     36.6              37.5    -0.9     41.0
MEAN             51.8              51.9    -0.1     58.7
DAYS MAX >= 90      0               0.5    -0.5        1
DAYS MAX <= 32      0               0.4    -0.4        0
DAYS MIN <= 32     12               7.4     4.6        3
DAYS MIN <= 0       0               0.0     0.0        0

PRECIPITATION (INCHES)
RECORD
 MAXIMUM         4.94   1930
 MINIMUM         0.00   1910
TOTALS           0.44              1.37   -0.93     0.04
DAILY AVG.       0.01              0.04   -0.03     0.00
DAYS >= .01         3               5.6    -2.6        1
DAYS >= .10         1               2.9    -1.9        0
DAYS >= .50         0               0.8    -0.8        0
DAYS >= 1.00        0               0.3    -0.3        0
GREATEST
 24 HR. TOTAL    0.31   10/04 TO 10/04              0.04

SNOWFALL (INCHES)
RECORDS
 TOTAL           19.5   1997
TOTALS            0.1               2.2    -2.1      0.0
SINCE 7/1         0.1               2.6    -2.5        T
SNOWDEPTH AVG.      0                                  0
DAYS >= 1.0         0               0.5    -0.5        0
GREATEST
 SNOW DEPTH         T   10/31                          0
 24 HR TOTAL      0.1   10/31 TO 10/31           10/31 TO 10/31

DEGREE_DAYS
HEATING TOTAL     403               416     -13      220
 SINCE 7/1        511               540     -29      285
COOLING TOTAL       1                 8      -7       32
 SINCE 1/1        959               941      18     1103
..................................................

WIND (MPH)
AVERAGE WIND SPEED              12.5
HIGHEST WIND SPEED/DIRECTION    41/320    DATE  10/21
HIGHEST GUST SPEED/DIRECTION    55/340    DATE  10/21

SKY COVER
AVERAGE SKY COVER           0.30

AVERAGE RH (PERCENT)     59

WEATHER CONDITIONS. NUMBER OF DAYS WITH
THUNDERSTORM              3     MIXED PRECIP               0
HEAVY RAIN                1     RAIN                       1
LIGHT RAIN                3     FREEZING RAIN              0
LT FREEZING RAIN          0     HAIL                       0
HEAVY SNOW                0     SNOW                       0
LIGHT SNOW                2     SLEET                      0
FOG                       7     FOG W/VIS <= 1/4 MILE      5
HAZE                      4

-  INDICATES NEGATIVE NUMBERS.
R  INDICATES RECORD WAS SET OR TIED.
MM INDICATES DATA IS MISSING.
T  INDICATES TRACE AMOUNT.

$$
