000
CXUS53 KGLD 011652
CLMGLD

CLIMATE REPORT
NATIONAL WEATHER SERVICE GOODLAND
949 AM MST TUE MAR 1 2016

...................................

...THE GOODLAND KS CLIMATE SUMMARY FOR THE MONTH OF FEBRUARY 2016...

CLIMATE NORMAL PERIOD 1981 TO 2010
CLIMATE RECORD PERIOD 1895 TO 2016

WEATHER         OBSERVED          NORMAL  DEPART  LAST YEAR`S
                 VALUE   DATE(S)  VALUE   FROM    VALUE  DATE(S)
                                          NORMAL
................................................................
TEMPERATURE (F)
RECORD
 HIGH              82   02/18/2016
 LOW              -22   02/05/1982
                        02/08/1936
                        02/09/1933
HIGHEST            82R  02/18        69      13       79  02/07
LOWEST              6   02/04        -1       7        5  02/23
                                                          02/01
AVG. MAXIMUM     51.2              45.3     5.9     46.8
AVG. MINIMUM     24.0              19.4     4.6     19.5
MEAN             37.6              32.3     5.3     33.1
DAYS MAX >= 90      0               0.0     0.0        0
DAYS MAX <= 32      4               5.2    -1.2        8
DAYS MIN <= 32     27              26.3     0.7       24
DAYS MIN <= 0       0               1.5    -1.5        0

PRECIPITATION (INCHES)
RECORD
 MAXIMUM         2.07   1939
 MINIMUM            T   1970
TOTALS           0.82              0.49    0.33     0.80
DAILY AVG.       0.03                MM      MM     0.03
DAYS >= .01         3               4.8    -1.8        6
DAYS >= .10         2               1.6     0.4        3
DAYS >= .50         1               0.2     0.8        1
DAYS >= 1.00        0               0.0     0.0        0
GREATEST
 24 HR. TOTAL    0.60   02/01 TO 02/02              0.51

SNOWFALL (INCHES)
RECORDS
 TOTAL           25.4   1960
TOTALS           13.3               5.4     7.9      9.8
SINCE 7/1        23.4              24.0    -0.6     22.1
SNOWDEPTH AVG.      3                MM      MM        1
DAYS >= 1.0         2               1.8     0.2        2
GREATEST
 SNOW DEPTH        11   02/04                          6  02/23
                        02/03                             02/22
 24 HR TOTAL      9.5   02/02 TO 02/02

DEGREE_DAYS
HEATING TOTAL     785               914    -129      885
 SINCE 7/1       3846              4446    -600     4215
COOLING TOTAL       0                 0       0        0
 SINCE 1/1          0                 0       0        0
...................................................

WIND (MPH)
AVERAGE WIND SPEED              13.6
HIGHEST WIND SPEED/DIRECTION    44/330    DATE  02/28
HIGHEST GUST SPEED/DIRECTION    55/360    DATE  02/29

SKY COVER
AVERAGE SKY COVER           0.20

AVERAGE RH (PERCENT)     57

WEATHER CONDITIONS. NUMBER OF DAYS WITH
THUNDERSTORM              0     MIXED PRECIP               0
HEAVY RAIN                0     RAIN                       0
LIGHT RAIN                2     FREEZING RAIN              0
LT FREEZING RAIN          0     HAIL                       0
HEAVY SNOW                2     SNOW                       2
LIGHT SNOW                4     SLEET                      0
FOG                       5     FOG W/VIS <= 1/4 MILE      3
HAZE                      3

-  INDICATES NEGATIVE NUMBERS.
R  INDICATES RECORD WAS SET OR TIED.
MM INDICATES DATA IS MISSING.
T  INDICATES TRACE AMOUNT.

$$
