000
CXUS53 KGLD 021659
CLMGLD

CLIMATE REPORT
NATIONAL WEATHER SERVICE GOODLAND
957 AM MST TUE JAN 2 2018

...................................

...THE GOODLAND KS CLIMATE SUMMARY FOR THE MONTH OF DECEMBER 2017...

CLIMATE NORMAL PERIOD 1981 TO 2010
CLIMATE RECORD PERIOD 1895 TO 2018

WEATHER         OBSERVED          NORMAL  DEPART  LAST YEAR`S
                 VALUE   DATE(S)  VALUE   FROM    VALUE  DATE(S)
                                          NORMAL
................................................................
TEMPERATURE (F)
RECORD
 HIGH              83   12/23/1964
 LOW              -27   12/22/1989
HIGHEST            65   12/12        66      -1       67  12/30
LOWEST             -4   12/24        -2      -2      -15  12/17
AVG. MAXIMUM     44.2              42.5     1.7     40.4
AVG. MINIMUM     16.0              17.3    -1.3     11.4
MEAN             30.1              29.9     0.2     25.9
DAYS MAX >= 90      0               0.0     0.0        0
DAYS MAX <= 32      7               6.6     0.4        8
DAYS MIN <= 32     30              30.1    -0.1       31
DAYS MIN <= 0       2               1.8     0.2        3

PRECIPITATION (INCHES)
RECORD
 MAXIMUM         2.90   1924
 MINIMUM         0.00   2002

TOTALS           0.09              0.46   -0.37     0.60
DAILY AVG.       0.00              0.01   -0.01     0.02
DAYS >= .01         1               3.9    -2.9        6
DAYS >= .10         0               1.1    -1.1        2
DAYS >= .50         0               0.2    -0.2        0
DAYS >= 1.00        0               0.0     0.0        0
GREATEST
 24 HR. TOTAL    0.09   12/23 TO 12/23              0.36

SNOWFALL (INCHES)
RECORDS
 TOTAL           29.0   1924
TOTALS            1.5               5.5    -4.0      5.0
SINCE 7/1         1.6              12.7   -11.1      5.6
SNOWDEPTH AVG.      0                 2      -2        0
DAYS >= 1.0         1               1.4    -0.4        2
GREATEST
 SNOW DEPTH         2   12/24                          3  12/18
 24 HR TOTAL      1.5   12/23 TO 12/23           12/25 TO 12/25

DEGREE_DAYS
HEATING TOTAL    1074              1088     -14     1202
 SINCE 7/1       2225              2407    -182     2065
COOLING TOTAL       0                 0       0        0
 SINCE 1/1        959               941      18     1103
......................................................

WIND (MPH)
AVERAGE WIND SPEED              12.4
HIGHEST WIND SPEED/DIRECTION    40/330    DATE  12/04
HIGHEST GUST SPEED/DIRECTION    54/320    DATE  12/04

SKY COVER
AVERAGE SKY COVER           0.30

AVERAGE RH (PERCENT)     59

WEATHER CONDITIONS. NUMBER OF DAYS WITH
THUNDERSTORM              0     MIXED PRECIP               0
HEAVY RAIN                0     RAIN                       0
LIGHT RAIN                0     FREEZING RAIN              0
LT FREEZING RAIN          1     HAIL                       0
HEAVY SNOW                1     SNOW                       0
LIGHT SNOW                7     SLEET                      0
FOG                       8     FOG W/VIS <= 1/4 MILE      1
HAZE                      2

-  INDICATES NEGATIVE NUMBERS.
R  INDICATES RECORD WAS SET OR TIED.
MM INDICATES DATA IS MISSING.
T  INDICATES TRACE AMOUNT.

$$
