054
CXUS53 KGLD 031423
CLMGLD

CLIMATE REPORT
NATIONAL WEATHER SERVICE GOODLAND
821 AM MDT MON OCT 3 2016

...................................

...THE GOODLAND KS CLIMATE SUMMARY FOR THE MONTH OF SEPTEMBER 2016...

CLIMATE NORMAL PERIOD 1981 TO 2010
CLIMATE RECORD PERIOD 1895 TO 2016

WEATHER         OBSERVED          NORMAL  DEPART  LAST YEAR`S
                 VALUE   DATE(S)  VALUE   FROM    VALUE  DATE(S)
                                          NORMAL
................................................................
TEMPERATURE (F)
RECORD
 HIGH             105   09/02/1939
 LOW               19   09/30/1985
HIGHEST            95   09/05        95       0       98  09/03
LOWEST             38   09/26        35       3       35  09/19
AVG. MAXIMUM     82.1              79.1     3.0     86.8
AVG. MINIMUM     51.7              50.1     1.6     55.3
MEAN             66.9              64.6     2.3     71.0
DAYS MAX >= 90      8               5.0     3.0       15
DAYS MAX <= 32      0               0.0     0.0        0
DAYS MIN <= 32      0               0.5    -0.5        0
DAYS MIN <= 0       0               0.0     0.0        0

PRECIPITATION (INCHES)
RECORD
 MAXIMUM         6.49   2013
 MINIMUM         0.01   1922
TOTALS           2.49              1.22    1.27     1.03
DAILY AVG.       0.08              0.04    0.04     0.03
DAYS >= .01         8               5.5     2.5        5
DAYS >= .10         5               2.9     2.1        2
DAYS >= .50         2               0.6     1.4        1
DAYS >= 1.00        1               0.2     0.8        0
GREATEST
 24 HR. TOTAL    1.60   09/03 TO 09/04              0.79

SNOWFALL (INCHES)
RECORDS
 TOTAL            5.8   1995
TOTALS              T               0.4    -0.4      0.0
SINCE 7/1           T               0.4    -0.4      0.0
SNOWDEPTH AVG.      0                MM      MM        0
DAYS >= 1.0         0               0.1    -0.1        0
GREATEST
 SNOW DEPTH         0                                  0
 24 HR TOTAL        T   09/04

DEGREE_DAYS
HEATING TOTAL      58               112     -54       33
 SINCE 7/1         65               124     -59       39
COOLING TOTAL     122               100      22      221
 SINCE 1/1       1071               933     138     1129
.................................................

WIND (MPH)
AVERAGE WIND SPEED              11.3
HIGHEST WIND SPEED/DIRECTION    55/340    DATE  09/15
HIGHEST GUST SPEED/DIRECTION    70/320    DATE  09/15

SKY COVER
AVERAGE SKY COVER           0.20

AVERAGE RH (PERCENT)     61

WEATHER CONDITIONS. NUMBER OF DAYS WITH
THUNDERSTORM              7     MIXED PRECIP               0
HEAVY RAIN                3     RAIN                       3
LIGHT RAIN                9     FREEZING RAIN              0
LT FREEZING RAIN          0     HAIL                       3
HEAVY SNOW                0     SNOW                       0
LIGHT SNOW                0     SLEET                      0
FOG                      14     FOG W/VIS <= 1/4 MILE      6
HAZE                      2

-  INDICATES NEGATIVE NUMBERS.
R  INDICATES RECORD WAS SET OR TIED.
MM INDICATES DATA IS MISSING.
T  INDICATES TRACE AMOUNT.

$$
