000
CXUS53 KGLD 020411
CLMGLD

CLIMATE REPORT
NATIONAL WEATHER SERVICE GOODLAND
1008 PM MDT SUN JUN 1 2014

...................................

...THE GOODLAND KS CLIMATE SUMMARY FOR THE MONTH OF MAY 2014...

CLIMATE NORMAL PERIOD 1981 TO 2010
CLIMATE RECORD PERIOD 1895 TO 2014

WEATHER         OBSERVED          NORMAL  DEPART  LAST YEAR`S
                 VALUE   DATE(S)  VALUE   FROM    VALUE  DATE(S)
                                          NORMAL
................................................................
TEMPERATURE (F)
RECORD
 HIGH             104   05/29/2003
                        05/31/2002
 LOW               21   05/01/1967
HIGHEST            90   05/29        92      -2       94  05/14
LOWEST             29   05/02        31      -2       25  05/05
AVG. MAXIMUM     74.9              73.0     1.9     75.7
AVG. MINIMUM     43.9              45.8    -1.9     46.4
MEAN             59.4              59.4     0.0     61.0
DAYS MAX >= 90      1               1.3    -0.3        4
DAYS MAX <= 32      0               0.0     0.0        0
DAYS MIN <= 32      6               1.1     4.9        6
DAYS MIN <= 0       0               0.0     0.0        0

PRECIPITATION (INCHES)
RECORD
 MAXIMUM         8.21   1981
 MINIMUM         0.31   1927
TOTALS           1.75              2.95   -1.20     1.27
DAILY AVG.       0.06              0.10   -0.04     0.04
DAYS >= .01         8              10.5    -2.5        9
DAYS >= .10         4               5.7    -1.7        5
DAYS >= .50         1               2.0    -1.0        0
DAYS >= 1.00        0               0.6    -0.6        0
GREATEST
 24 HR. TOTAL    0.92   05/22 TO 05/23              0.36

SNOWFALL (INCHES)
RECORDS
 TOTAL            6.9   1938
TOTALS              T               0.5    -0.5      3.5
SINCE 7/1        29.1              35.5    -6.4     59.2
SNOWDEPTH AVG.      0                                  0
DAYS >= 1.0         0               0.2    -0.2        1
GREATEST
 SNOW DEPTH         T   05/12                          4  05/02
 24 HR TOTAL        T   05/12 TO 05/12           05/01 TO 05/01

DEGREE_DAYS
HEATING TOTAL     209               211      -2      204
 SINCE 7/1       5958              5866      92     5954
COOLING TOTAL      41                37       4       89
 SINCE 1/1         46                41       5       89
......................................................

WIND (MPH)
AVERAGE WIND SPEED              12.2
HIGHEST WIND SPEED/DIRECTION    39/350    DATE  05/12
HIGHEST GUST SPEED/DIRECTION    52/350    DATE  05/12

SKY COVER
AVERAGE SKY COVER           0.30

AVERAGE RH (PERCENT)     61

WEATHER CONDITIONS. NUMBER OF DAYS WITH
THUNDERSTORM              8     MIXED PRECIP               0
HEAVY RAIN                3     RAIN                       4
LIGHT RAIN                9     FREEZING RAIN              0
LT FREEZING RAIN          0     HAIL                       0
HEAVY SNOW                0     SNOW                       0
LIGHT SNOW                2     SLEET                      0
FOG                       9     FOG W/VIS <= 1/4 MILE      2
HAZE                      1

-  INDICATES NEGATIVE NUMBERS.
R  INDICATES RECORD WAS SET OR TIED.
MM INDICATES DATA IS MISSING.
T  INDICATES TRACE AMOUNT.

$$
