320
CXUS53 KGLD 090212
CLMGLD

WRKCLMGLD 000
TTAA00 KGLD 090210


CLIMATE REPORT
NATIONAL WEATHER SERVICE GOODLAND
809 PM MDT THU JUN 8 2017

...................................

...THE GOODLAND KS CLIMATE SUMMARY FOR THE MONTH OF MAY 2017...

CLIMATE NORMAL PERIOD 1981 TO 2010
CLIMATE RECORD PERIOD 1895 TO 2017

WEATHER         OBSERVED          NORMAL  DEPART  LAST YEAR`S
                 VALUE   DATE(S)  VALUE   FROM    VALUE  DATE(S)
                                          NORMAL
................................................................
TEMPERATURE (F)
RECORD
 HIGH             104   05/29/2003
                        05/31/2002
 LOW               21   05/01/1967
HIGHEST            88   05/15        92      -4       88  05/22
                        05/07
LOWEST             32   05/04        31       1       29  05/02
                        05/03
AVG. MAXIMUM     72.5              73.0    -0.5     71.3
AVG. MINIMUM     44.5              45.8    -1.3     44.0
MEAN             58.5              59.4    -0.9     57.6
DAYS MAX >= 90      0               1.3    -1.3        0
DAYS MAX <= 32      0               0.0     0.0        0
DAYS MIN <= 32      2               1.1     0.9        2
DAYS MIN <= 0       0               0.0     0.0        0

PRECIPITATION (INCHES)
RECORD
 MAXIMUM         8.21   1981
 MINIMUM         0.31   1927
TOTALS           7.66              2.95    4.71     1.96
DAILY AVG.       0.25              0.10    0.15     0.06
DAYS >= .01        16              10.5     5.5       13
DAYS >= .10        13               5.7     7.3        7
DAYS >= .50         6               2.0     4.0        1
DAYS >= 1.00        2               0.6     1.4        0
GREATEST
 24 HR. TOTAL    1.21   05/10 TO 05/10              0.61

SNOWFALL (INCHES)
RECORDS
 TOTAL            6.9   1938
TOTALS              T               0.5    -0.5        T
SINCE 7/1        14.2              35.5   -21.3     30.1
SNOWDEPTH AVG.      0                                  0
DAYS >= 1.0         0               0.2    -0.2        0
GREATEST
 SNOW DEPTH         T   05/01                          0
 24 HR TOTAL        T   05/26 TO 05/26


DEGREE_DAYS
HEATING TOTAL     222               211      11      243
 SINCE 7/1       5118              5866    -748     5129
COOLING TOTAL      31                37      -6       24
 SINCE 1/1         38                41      -3       24
..................................................

WIND (MPH)
AVERAGE WIND SPEED              12.2
HIGHEST WIND SPEED/DIRECTION    52/330    DATE  05/22
HIGHEST GUST SPEED/DIRECTION    66/070    DATE  05/31

SKY COVER
AVERAGE SKY COVER           0.30

AVERAGE RH (PERCENT)     65

WEATHER CONDITIONS. NUMBER OF DAYS WITH
THUNDERSTORM             14     MIXED PRECIP               0
HEAVY RAIN                9     RAIN                      11
LIGHT RAIN               18     FREEZING RAIN              0
LT FREEZING RAIN          0     HAIL                       5
HEAVY SNOW                0     SNOW                       0
LIGHT SNOW                0     SLEET                      0
FOG                      13     FOG W/VIS <= 1/4 MILE      0
HAZE                      3

-  INDICATES NEGATIVE NUMBERS.
R  INDICATES RECORD WAS SET OR TIED.
MM INDICATES DATA IS MISSING.
T  INDICATES TRACE AMOUNT.

$$
