000
CXUS53 KGLD 011349
CLMGLD

CLIMATE REPORT
NATIONAL WEATHER SERVICE GOODLAND
749 AM MDT THU MAY 1 2014

...................................

...THE GOODLAND KS CLIMATE SUMMARY FOR THE MONTH OF APRIL 2014...

CLIMATE NORMAL PERIOD 1981 TO 2010
CLIMATE RECORD PERIOD 1895 TO 2014

WEATHER         OBSERVED          NORMAL  DEPART  LAST YEAR`S
                 VALUE   DATE(S)  VALUE   FROM    VALUE  DATE(S)
                                          NORMAL
................................................................
TEMPERATURE (F)
RECORD
 HIGH              96   04/30/1992
                        04/22/1989
 LOW                0   04/02/1936
HIGHEST            86   04/26        86       0       87  04/28
LOWEST             20   04/01        21      -1       13  04/10
AVG. MAXIMUM     65.6              63.6     2.0     58.8
AVG. MINIMUM     35.1              34.7     0.4     29.4
MEAN             50.3              49.2     1.1     44.1
DAYS MAX >= 90      0               0.2    -0.2        0
DAYS MAX <= 32      0               0.4    -0.4        2
DAYS MIN <= 32     11              11.2    -0.2       20
DAYS MIN <= 0       0               0.0     0.0        0

PRECIPITATION (INCHES)
RECORD
 MAXIMUM         5.69   1944
 MINIMUM            T   1963
TOTALS           0.43              1.59   -1.16     0.79
DAILY AVG.       0.01              0.05   -0.04     0.03
DAYS >= .01         5               7.7    -2.7        8
DAYS >= .10         2               3.9    -1.9        3
DAYS >= .50         0               0.9    -0.9        0
DAYS >= 1.00        0               0.2    -0.2        0
GREATEST
 24 HR. TOTAL    0.21   04/27 TO 04/27              0.30
 STORM TOTAL       MM
 (MM/DD(HH))            MM

SNOWFALL (INCHES)
RECORDS
 TOTAL           22.0   1984
TOTALS            0.4               4.2    -3.8     12.7
SINCE 7/1        29.1              35.0    -5.9     55.7
SNOWDEPTH AVG.      0                MM      MM        1
DAYS >= 1.0         0               1.2    -1.2        3
GREATEST
 SNOW DEPTH         T   04/14                          9  04/23
 24 HR TOTAL      0.4   MM                       04/22 TO 04/22
                                                          04/22 TO 04/22
                                                          04/22 TO 04/22

DEGREE_DAYS
HEATING TOTAL     437               480     -43      620
 SINCE 7/1       5749              5655      94     5750
COOLING TOTAL       5                 4       1        0
 SINCE 1/1          5                 4       1        0
...................................................

WIND (MPH)
AVERAGE WIND SPEED              17.0
HIGHEST WIND SPEED/DIRECTION    53/330    DATE  04/27
HIGHEST GUST SPEED/DIRECTION    64/330    DATE  04/27

SKY COVER
AVERAGE SKY COVER           0.20

AVERAGE RH (PERCENT)     55

WEATHER CONDITIONS. NUMBER OF DAYS WITH
THUNDERSTORM              0     MIXED PRECIP               0
HEAVY RAIN                1     RAIN                       1
LIGHT RAIN                3     FREEZING RAIN              0
LT FREEZING RAIN          0     HAIL                       0
HEAVY SNOW                0     SNOW                       1
LIGHT SNOW                4     SLEET                      0
FOG                      10     FOG W/VIS <= 1/4 MILE      1
HAZE                      4

-  INDICATES NEGATIVE NUMBERS.
R  INDICATES RECORD WAS SET OR TIED.
MM INDICATES DATA IS MISSING.
T  INDICATES TRACE AMOUNT.

$$
