000
CXUS53 KGLD 031815
CLMGLD

CLIMATE REPORT
NATIONAL WEATHER SERVICE GOODLAND
1215 PM MDT THU OCT 3 2013

...................................

...THE GOODLAND KS CLIMATE SUMMARY FOR THE MONTH OF SEPTEMBER 2013...

CLIMATE NORMAL PERIOD 1981 TO 2010
CLIMATE RECORD PERIOD 1895 TO 2013

WEATHER         OBSERVED          NORMAL  DEPART  LAST YEAR`S
                 VALUE   DATE(S)  VALUE   FROM    VALUE  DATE(S)
                                          NORMAL
................................................................
TEMPERATURE (F)
RECORD
 HIGH             105   09/02/1939
 LOW               19   09/30/1985
HIGHEST           100   09/07        95       5       97  09/11
                        09/06                             09/06
                                                          09/01
LOWEST             40   09/28        35       5       38  09/24
                                                          09/20
AVG. MAXIMUM     82.9              79.1     3.8     82.2
AVG. MINIMUM     55.7              50.1     5.6     48.5
MEAN             69.3              64.6     4.7     65.4
DAYS MAX >= 90      8               5.0     3.0        7
DAYS MAX <= 32      0               0.0     0.0        0
DAYS MIN <= 32      0               0.5    -0.5        0
DAYS MIN <= 0       0               0.0     0.0        0

PRECIPITATION (INCHES)
RECORD
 MAXIMUM         5.39   1973
 MINIMUM         0.01   1922
TOTALS           6.49R             1.22    5.27     0.45
DAILY AVG.       0.22              0.04    0.18     0.01
DAYS >= .01         8               5.5     2.5        6
DAYS >= .10         5               2.9     2.1        2
DAYS >= .50         3               0.6     2.4        0
DAYS >= 1.00        2               0.2     1.8        0
GREATEST
 24 HR. TOTAL    4.85   09/12 TO 09/13              0.22
 STORM TOTAL       MM
 (MM/DD(HH))            MM

SNOWFALL (INCHES)
RECORDS
 TOTAL            5.8   1995
TOTALS            0.0               0.4    -0.4      0.0
SINCE 7/1         0.0               0.4    -0.4      0.0
SNOWDEPTH AVG.      0                MM      MM        0
DAYS >= 1.0         0               0.1    -0.1        0
GREATEST
 SNOW DEPTH         0   MM                             0  MM
 24 HR TOTAL      0.0   09/30 TO 09/30           09/30 TO 09/30
                                                          09/30 TO 09/30
                                                          09/30 TO 09/30

DEGREE_DAYS
HEATING TOTAL      47               112     -65       71
 SINCE 7/1         54               124     -70       76
COOLING TOTAL     183               100      83       88
 SINCE 1/1       1181               933     248     1336
.................................................

WIND (MPH)
AVERAGE WIND SPEED              12.2
HIGHEST WIND SPEED/DIRECTION    47/320    DATE  09/23
HIGHEST GUST SPEED/DIRECTION    58/320    DATE  09/23

SKY COVER
AVERAGE SKY COVER           0.20

AVERAGE RH (PERCENT)     58

WEATHER CONDITIONS. NUMBER OF DAYS WITH
THUNDERSTORM              0     MIXED PRECIP               0
HEAVY RAIN                3     RAIN                       6
LIGHT RAIN                8     FREEZING RAIN              0
LT FREEZING RAIN          0     HAIL                       0
HEAVY SNOW                0     SNOW                       0
LIGHT SNOW                0     SLEET                      0
FOG                       8     FOG W/VIS <= 1/4 MILE      1
HAZE                      3

-  INDICATES NEGATIVE NUMBERS.
R  INDICATES RECORD WAS SET OR TIED.
MM INDICATES DATA IS MISSING.
T  INDICATES TRACE AMOUNT.

$$
