401
CXUS53 KGLD 021416
CLMGLD

CLIMATE REPORT
NATIONAL WEATHER SERVICE GOODLAND
714 AM MST MON NOV 2 2015

...................................

...THE GOODLAND KS CLIMATE SUMMARY FOR THE MONTH OF OCTOBER 2015...

CLIMATE NORMAL PERIOD 1981 TO 2010
CLIMATE RECORD PERIOD 1895 TO 2015

WEATHER         OBSERVED          NORMAL  DEPART  LAST YEAR`S
                 VALUE   DATE(S)  VALUE   FROM    VALUE  DATE(S)
                                          NORMAL
................................................................
TEMPERATURE (F)
RECORD
 HIGH              96   10/17/1926
 LOW                1   10/29/1917
HIGHEST            93   10/11        87       6       89  10/24
LOWEST             25   10/29        22       3       23  10/31
AVG. MAXIMUM     70.1              66.2     3.9     70.8
AVG. MINIMUM     42.6              37.5     5.1     38.4
MEAN             56.4              51.9     4.5     54.6
DAYS MAX >= 90      1               0.5     0.5        0
DAYS MAX <= 32      0               0.4    -0.4        0
DAYS MIN <= 32      2               7.4    -5.4        5
DAYS MIN <= 0       0               0.0     0.0        0

PRECIPITATION (INCHES)
RECORD
 MAXIMUM         4.94   1930
 MINIMUM         0.00   1910
TOTALS           1.70              1.37    0.33     0.44
DAILY AVG.       0.05              0.04    0.01     0.01
DAYS >= .01         8               5.6     2.4        3
DAYS >= .10         3               2.9     0.1        2
DAYS >= .50         2               0.8     1.2        0
DAYS >= 1.00        0               0.3    -0.3        0
GREATEST
 24 HR. TOTAL    0.76   10/21 TO 10/22              0.42

SNOWFALL (INCHES)
RECORDS
 TOTAL           19.5   1997
TOTALS            0.0               2.2    -2.2      0.0
SINCE 7/1         0.0               2.6    -2.6        T
SNOWDEPTH AVG.      0                                  0
DAYS >= 1.0         0               0.5    -0.5        0
GREATEST
 SNOW DEPTH         0                                  0
 24 HR TOTAL      0.0

DEGREE_DAYS
HEATING TOTAL     276               416    -140      315
 SINCE 7/1        315               540    -225      428
COOLING TOTAL      16                 8       8        1
 SINCE 1/1       1145               941     204      920
..................................................

WIND (MPH)
AVERAGE WIND SPEED              11.1
HIGHEST WIND SPEED/DIRECTION    36/130    DATE  10/03
HIGHEST GUST SPEED/DIRECTION    44/130    DATE  10/03

SKY COVER
AVERAGE SKY COVER           0.30

AVERAGE RH (PERCENT)     62

WEATHER CONDITIONS. NUMBER OF DAYS WITH
THUNDERSTORM              3     MIXED PRECIP               0
HEAVY RAIN                2     RAIN                       4
LIGHT RAIN               10     FREEZING RAIN              0
LT FREEZING RAIN          0     HAIL                       1
HEAVY SNOW                0     SNOW                       0
LIGHT SNOW                0     SLEET                      0
FOG                      10     FOG W/VIS <= 1/4 MILE      3
HAZE                      5

-  INDICATES NEGATIVE NUMBERS.
R  INDICATES RECORD WAS SET OR TIED.
MM INDICATES DATA IS MISSING.
T  INDICATES TRACE AMOUNT.

$$
