000
CXUS53 KGLD 040353
CLMGLD

CLIMATE REPORT
NATIONAL WEATHER SERVICE GOODLAND
953 PM MDT WED SEP 3 2014

...................................

...THE GOODLAND KS CLIMATE SUMMARY FOR THE MONTH OF AUGUST 2014...

CLIMATE NORMAL PERIOD 1981 TO 2010
CLIMATE RECORD PERIOD 1895 TO 2014

WEATHER         OBSERVED          NORMAL  DEPART  LAST YEAR`S
                 VALUE   DATE(S)  VALUE   FROM    VALUE  DATE(S)
                                          NORMAL
................................................................
TEMPERATURE (F)
RECORD
 HIGH             108   08/06/1970
                        08/02/1938
                        08/09/1937
 LOW               38   08/23/1964
HIGHEST            98   08/18       100      -2      102  08/30
LOWEST             53   08/29        51       2       54  08/16
                                                          08/09
AVG. MAXIMUM     89.8              87.5     2.3     88.8
AVG. MINIMUM     59.4              60.0    -0.6     61.6
MEAN             74.6              73.7     0.9     75.2
DAYS MAX >= 90     16              13.4     2.6       16
DAYS MAX <= 32      0               0.0     0.0        0
DAYS MIN <= 32      0               0.0     0.0        0
DAYS MIN <= 0       0               0.0     0.0        0

PRECIPITATION (INCHES)
RECORD
 MAXIMUM         9.29   1993
 MINIMUM         0.13   1964
TOTALS           2.76              2.70    0.06     0.94
DAILY AVG.       0.09              0.09    0.00     0.03
DAYS >= .01        10               8.8     1.2        7
DAYS >= .10         6               4.7     1.3        3
DAYS >= .50         3               1.7     1.3        0
DAYS >= 1.00        0               0.8    -0.8        0
GREATEST
 24 HR. TOTAL    0.75   08/25 TO 08/26              0.50

SNOWFALL (INCHES)
RECORDS
 TOTAL              T   2011
                        2007
                        2006
TOTALS            0.0               0.0     0.0      0.0
SINCE 7/1         0.0               0.0     0.0      0.0
SNOWDEPTH AVG.      0               0.0     0.0        0
DAYS >= 1.0         0               0.0     0.0        0
GREATEST
 SNOW DEPTH         0                                  0
 24 HR TOTAL      0.0   08/31 TO 08/31           08/31 TO 08/31

DEGREE_DAYS
HEATING TOTAL       0                 8      -8        0
 SINCE 7/1         13                12       1        7
COOLING TOTAL     304               279      25      328
 SINCE 1/1        802               833     -31      998
..................................................

WIND (MPH)
AVERAGE WIND SPEED              9.5
HIGHEST WIND SPEED/DIRECTION    43/330    DATE  08/09
HIGHEST GUST SPEED/DIRECTION    49/330    DATE  08/09

SKY COVER
AVERAGE SKY COVER           0.10

AVERAGE RH (PERCENT)     60

WEATHER CONDITIONS. NUMBER OF DAYS WITH
THUNDERSTORM             15     MIXED PRECIP               0
HEAVY RAIN                4     RAIN                       5
LIGHT RAIN               14     FREEZING RAIN              0
LT FREEZING RAIN          0     HAIL                       0
HEAVY SNOW                0     SNOW                       0
LIGHT SNOW                0     SLEET                      0
FOG                       9     FOG W/VIS <= 1/4 MILE      1
HAZE                      3

-  INDICATES NEGATIVE NUMBERS.
R  INDICATES RECORD WAS SET OR TIED.
MM INDICATES DATA IS MISSING.
T  INDICATES TRACE AMOUNT.

$$
