000
CXUS53 KGLD 040105
CLMGLD

CLIMATE REPORT
NATIONAL WEATHER SERVICE GOODLAND
659 PM MDT THU JUL 3 2014

...................................

...THE GOODLAND KS CLIMATE SUMMARY FOR THE MONTH OF JUNE 2014...

CLIMATE NORMAL PERIOD 1981 TO 2010
CLIMATE RECORD PERIOD 1895 TO 2014

WEATHER         OBSERVED          NORMAL  DEPART  LAST YEAR`S
                 VALUE   DATE(S)  VALUE   FROM    VALUE  DATE(S)
                                          NORMAL
................................................................
TEMPERATURE (F)
RECORD
 HIGH             110   06/27/2012
                        06/26/2012
                        54/01/2206
 LOW               31   06/02/1951
HIGHEST            95   06/03        99      -4      107  06/11
LOWEST             42   06/10        44      -2       39  06/02
AVG. MAXIMUM     82.4              83.9    -1.5     88.6
AVG. MINIMUM     54.5              55.6    -1.1     55.9
MEAN             68.4              69.7    -1.3     72.3
DAYS MAX >= 90      5               8.5    -3.5       17
DAYS MAX <= 32      0               0.0     0.0        0
DAYS MIN <= 32      0               0.0     0.0        0
DAYS MIN <= 0       0               0.0     0.0        0

PRECIPITATION (INCHES)
RECORD
 MAXIMUM         9.46   1982
 MINIMUM         0.10   1976
TOTALS           5.53              3.25    2.28     3.04
DAILY AVG.       0.18              0.11    0.07     0.10
DAYS >= .01        16               9.4     6.6        8
DAYS >= .10        11               5.6     5.4        4
DAYS >= .50         5               2.2     2.8        3
DAYS >= 1.00        0               0.8    -0.8        1
GREATEST
 24 HR. TOTAL    1.28   06/08 TO 06/09              1.45

SNOWFALL (INCHES)
RECORDS
 TOTAL              T   2011
                        2010
                        2009
TOTALS            0.0               0.0     0.0      0.0
SINCE 7/1        29.1              35.5    -6.4     59.2
SNOWDEPTH AVG.      0                 0       0        0
DAYS >= 1.0         0               0.0     0.0        0
GREATEST
 SNOW DEPTH         0
 24 HR TOTAL      0.0

DEGREE_DAYS
COOLING TOTAL     149               179     -30      257
 SINCE 1/1        195               220     -25      346
.................................................

WIND (MPH)
AVERAGE WIND SPEED              13.0
HIGHEST WIND SPEED/DIRECTION    58/340    DATE  06/06
HIGHEST GUST SPEED/DIRECTION    72/340    DATE  06/06

SKY COVER
AVERAGE SKY COVER           0.20

AVERAGE RH (PERCENT)     68

WEATHER CONDITIONS. NUMBER OF DAYS WITH
THUNDERSTORM             17     MIXED PRECIP               0
HEAVY RAIN                6     RAIN                       8
LIGHT RAIN               17     FREEZING RAIN              0
LT FREEZING RAIN          0     HAIL                       4
HEAVY SNOW                0     SNOW                       0
LIGHT SNOW                0     SLEET                      0
FOG                      18     FOG W/VIS <= 1/4 MILE      1
HAZE                      4

-  INDICATES NEGATIVE NUMBERS.
R  INDICATES RECORD WAS SET OR TIED.
MM INDICATES DATA IS MISSING.
T  INDICATES TRACE AMOUNT.

$$
