000
CXUS53 KGLD 071428
CLMGLD

CLIMATE REPORT
NATIONAL WEATHER SERVICE GOODLAND
724 AM MST TUE FEB 7 2017

...................................

...THE GOODLAND KS CLIMATE SUMMARY FOR THE MONTH OF JANUARY 2017...

CLIMATE NORMAL PERIOD 1981 TO 2010
CLIMATE RECORD PERIOD 1895 TO 2017

WEATHER         OBSERVED          NORMAL  DEPART  LAST YEAR`S
                 VALUE   DATE(S)  VALUE   FROM    VALUE  DATE(S)
                                          NORMAL
................................................................
TEMPERATURE (F)
RECORD
 HIGH              79   01/27/2015
                        01/26/1951
                        86/12/2537
 LOW              -26   01/03/1959
HIGHEST            64   01/30        66      -2       65  01/23
LOWEST             -8   01/07        -2      -6        5  01/18
                        01/05
AVG. MAXIMUM     40.9              42.4    -1.5     46.5
AVG. MINIMUM     16.6              16.9    -0.3     17.3
MEAN             28.8              29.6    -0.8     31.9
DAYS MAX >= 90      0               0.0     0.0        0
DAYS MAX <= 32      9               7.6     1.4        4
DAYS MIN <= 32     31              30.1     0.9       30
DAYS MIN <= 0       4               1.9     2.1        0

PRECIPITATION (INCHES)
RECORD
 MAXIMUM         1.59   1988
 MINIMUM         0.00   1986
TOTALS           0.92              0.38    0.54     0.04
DAILY AVG.       0.03              0.01    0.02     0.00
DAYS >= .01         6               3.9     2.1        3
DAYS >= .10         3               1.1     1.9        0
DAYS >= .50         0               0.1    -0.1        0
DAYS >= 1.00        0               0.0     0.0        0
GREATEST
 24 HR. TOTAL    0.58   01/15 TO 01/16              0.02

SNOWFALL (INCHES)
RECORDS
 TOTAL           19.4   1988
TOTALS            3.8               5.9    -2.1      0.2
SINCE 7/1         9.4              18.6    -9.2     10.1
SNOWDEPTH AVG.      0                 3      -3        0
DAYS >= 1.0         1               1.5    -0.5        0
GREATEST
 SNOW DEPTH         3   01/05                          0
 24 HR TOTAL      2.5   01/04 TO 01/05

DEGREE_DAYS
HEATING TOTAL    1116              1096      20     1019
 SINCE 7/1       3181              3503    -322     3061
COOLING TOTAL       0                 0       0        0
 SINCE 1/1          0                 0       0        0
.........................................................

WIND (MPH)
AVERAGE WIND SPEED              11.1
HIGHEST WIND SPEED/DIRECTION    41/320    DATE  01/10
HIGHEST GUST SPEED/DIRECTION    53/310    DATE  01/10

SKY COVER
AVERAGE SKY COVER           0.30

AVERAGE RH (PERCENT)     68

WEATHER CONDITIONS. NUMBER OF DAYS WITH
THUNDERSTORM              0     MIXED PRECIP               0
HEAVY RAIN                0     RAIN                       0
LIGHT RAIN                2     FREEZING RAIN              0
LT FREEZING RAIN          2     HAIL                       0
HEAVY SNOW                0     SNOW                       0
LIGHT SNOW                7     SLEET                      0
FOG                       9     FOG W/VIS <= 1/4 MILE      4
HAZE                      1

-  INDICATES NEGATIVE NUMBERS.
R  INDICATES RECORD WAS SET OR TIED.
MM INDICATES DATA IS MISSING.
T  INDICATES TRACE AMOUNT.

$$
