000
CXUS53 KGLD 011754
CLMGLD

CLIMATE REPORT
NATIONAL WEATHER SERVICE GOODLAND
1148 AM MDT TUE APR 1 2014

...................................

...THE GOODLAND KS CLIMATE SUMMARY FOR THE MONTH OF MARCH 2014...

CLIMATE NORMAL PERIOD 1981 TO 2010
CLIMATE RECORD PERIOD 1895 TO 2014

WEATHER         OBSERVED          NORMAL  DEPART  LAST YEAR`S
                 VALUE   DATE(S)  VALUE   FROM    VALUE  DATE(S)
                                          NORMAL
................................................................
TEMPERATURE (F)
RECORD
 HIGH              90   03/20/1907
                        03/19/1907
 LOW              -20   03/03/1960
                        03/11/1948
                        03/10/1948
HIGHEST            77   03/09        79      -2       80  03/15
LOWEST             -1   03/02         9     -10        1  03/25
AVG. MAXIMUM     55.7              54.6     1.1     52.5
AVG. MINIMUM     24.1              26.5    -2.4     22.6
MEAN             39.9              40.5    -0.6     37.5
DAYS MAX >= 90      0               0.0     0.0        0
DAYS MAX <= 32      3               2.0     1.0        4
DAYS MIN <= 32     27              22.8     4.2       25
DAYS MIN <= 0       1               0.4     0.6        0

PRECIPITATION (INCHES)
RECORD
 MAXIMUM         3.60   1981
 MINIMUM         0.00   1911
TOTALS           0.42              1.07   -0.65     1.45
DAILY AVG.       0.01              0.03   -0.02     0.05
DAYS >= .01         7               6.0     1.0        8
DAYS >= .10         1               2.6    -1.6        5
DAYS >= .50         0               0.6    -0.6        1
DAYS >= 1.00        0               0.1    -0.1        0
GREATEST
 24 HR. TOTAL    0.23   03/18 TO 03/18              0.63

SNOWFALL (INCHES)
RECORDS
 TOTAL           32.0   1912
TOTALS            3.5               6.8    -3.3     19.8
SINCE 7/1        28.7              30.8    -2.1     43.0
SNOWDEPTH AVG.      0                 3      -3        2
DAYS >= 1.0         1               2.0    -1.0        3
GREATEST
 SNOW DEPTH         2   03/19                         13  03/24
 24 HR TOTAL      2.5   03/18 TO 03/18

DEGREE_DAYS
HEATING TOTAL     768               758      10      843
 SINCE 7/1       5312              5175     137     5130
COOLING TOTAL       0                 0       0        0
 SINCE 1/1          0                 0       0        0
....................................................

WIND (MPH)
AVERAGE WIND SPEED              14.8
HIGHEST WIND SPEED/DIRECTION    47/320    DATE  03/31
HIGHEST GUST SPEED/DIRECTION    58/320    DATE  03/31

SKY COVER
AVERAGE SKY COVER           0.30

AVERAGE RH (PERCENT)     57

WEATHER CONDITIONS. NUMBER OF DAYS WITH
THUNDERSTORM              0     MIXED PRECIP               0
HEAVY RAIN                0     RAIN                       0
LIGHT RAIN                2     FREEZING RAIN              0
LT FREEZING RAIN          1     HAIL                       0
HEAVY SNOW                1     SNOW                       1
LIGHT SNOW                7     SLEET                      0
FOG                       8     FOG W/VIS <= 1/4 MILE      1
HAZE                      4

-  INDICATES NEGATIVE NUMBERS.
R  INDICATES RECORD WAS SET OR TIED.
MM INDICATES DATA IS MISSING.
T  INDICATES TRACE AMOUNT.

$$
