000
CXUS53 KGLD 010800
CF6HLC
PRELIMINARY LOCAL CLIMATOLOGICAL DATA (WS FORM: F-6)
STATION: HILL CITY KS
MONTH: MAY
YEAR: 2023
LATITUDE: 39 22 N
LONGITUDE: 99 50 W
TEMPERATURE IN F: :PCPN: SNOW: WIND :SUNSHINE: SKY :PK WND
================================================================================
1 2 3 4 5 6A 6B 7 8 9 10 11 12 13 14 15 16 17 18
12Z AVG MX 2MIN
DY MAX MIN AVG DEP HDD CDD WTR SNW DPTH SPD SPD DIR MIN PSBL S-S WX SPD DR
================================================================================
1 71 29 50 -7 15 0 0.00 M M 4.8 13 50 M M 1 19 40
2 73 30 52 -5 13 0 0.00 M M 6.0 16 50 M M 0 19 50
3 82 37 60 2 5 0 0.00 M M 7.1 18 170 M M 3 26 180
4 86 51 69 11 0 4 0.00 M M 9.5 22 150 M M 2 38 33 170
5 89 52 71 13 0 6 0.00 M M 9.0 21 160 M M 2 1238 34 160
6 88 53 71 12 0 6 0.00 M M 7.1 17 150 M M 4 8 28 160
7 89 56 73 14 0 8 0.00 M M 11.8 39 320 M M 0 38 57 320
8 87 49 68 8 0 3 0.00 M M 7.5 14 80 M M 0 19 30
9 78 57 68 8 0 3 0.82 M M 11.9 39 30 M M 1 13 55 30
10 83 56 70 10 0 5 0.00 M M 10.1 24 110 M M 2 3 32 110
11 80 56 68 7 0 3 0.50 M M 10.1 28 110 M M 6 138 40 110
12 75 57 66 5 0 1 0.00 M M 13.3 23 260 M M 4 18 35 250
13 76 58 67 5 0 2 0.00 M M 11.6 20 300 M M 1 27 310
14 66 55 61 -1 4 0 0.19 M M 11.2 17 360 M M 9 1 23 350
15 61 54 58 -4 7 0 T M M 9.5 16 360 M M 10 1 22 20
16 78 53 66 3 0 1 0.00 M M 5.3 13 340 M M 4 20 360
17 84 51 68 5 0 3 T M M 3.0 24 350 M M 2 18 39 350
18 81 61 71 7 0 6 T M M 6.0 22 230 M M 4 8 30 230
19 71 48 60 -4 5 0 0.01 M M 11.1 23 30 M M 4 8 32 30
20 78 38 58 -7 7 0 0.00 M M 3.6 10 170 M M 0 15 220
21 84 54 69 4 0 4 0.00 M M 8.9 18 170 M M 1 28 140
22 81 58 70 5 0 5 0.04 M M 7.5 17 170 M M 3 1 25 160
23 79 54 67 1 0 2 0.00 M M 6.6 18 150 M M 6 18 25 150
24 83 51 67 1 0 2 0.00 M M 6.3 18 130 M M 4 128 27 140
25 66 60 63 -4 2 0 1.62 M M 6.4 15 290 M M 7 1238 26 160
26 82 60 71 4 0 6 0.00 M M 10.4 21 140 M M 8 18 32 160
27 80 56 68 0 0 3 T M M 11.4 22 170 M M 3 18 33 170
28 85 59 72 4 0 7 0.03 M M 11.2 26 150 M M 6 138 38 150
29 91 60 76 8 0 11 0.00 M M 9.2 31 350 M M 1 42 350
30 92 61 77 8 0 12 0.24 M M 11.4 32 190 M M 4 3 45 200
31 88 59 74 5 0 9 T M M 5.3 30 200 M M 1 42 210
================================================================================
SM 2487 1633 58 112 3.45 M 264.1 M 103
================================================================================
AV 80.2 52.7 8.5 FASTST M M 3 MAX(MPH)
MISC ----> # 39 320 57 320
================================================================================
NOTES:
# LAST OF SEVERAL OCCURRENCES
COLUMN 17 PEAK WIND IN M.P.H.
PRELIMINARY LOCAL CLIMATOLOGICAL DATA (WS FORM: F-6) , PAGE 2
STATION: HILL CITY KS
MONTH: MAY
YEAR: 2023
LATITUDE: 39 22 N
LONGITUDE: 99 50 W
[TEMPERATURE DATA] [PRECIPITATION DATA] SYMBOLS USED IN COLUMN 16
AVERAGE MONTHLY: 66.5 TOTAL FOR MONTH: 3.45 1 = FOG OR MIST
DPTR FM NORMAL: 3.6 DPTR FM NORMAL: 0.11 2 = FOG REDUCING VISIBILITY
HIGHEST: 92 ON 30 GRTST 24HR 1.62 ON 25-25 TO 1/4 MILE OR LESS
LOWEST: 29 ON 1 3 = THUNDER
SNOW, ICE PELLETS, HAIL 4 = ICE PELLETS
TOTAL MONTH: M 5 = HAIL
GRTST 24HR M ON M 6 = FREEZING RAIN OR DRIZZLE
GRTST DEPTH: M ON M 7 = DUSTSTORM OR SANDSTORM:
VSBY 1/2 MILE OR LESS
8 = SMOKE OR HAZE
[NO. OF DAYS WITH] [WEATHER - DAYS WITH] 9 = BLOWING SNOW
X = TORNADO
MAX 32 OR BELOW: 0 0.01 INCH OR MORE: 8
MAX 90 OR ABOVE: 2 0.10 INCH OR MORE: 5
MIN 32 OR BELOW: 2 0.50 INCH OR MORE: 3
MIN 0 OR BELOW: 0 1.00 INCH OR MORE: 1
[HDD (BASE 65) ]
TOTAL THIS MO. 58 CLEAR (SCALE 0-3) 16
DPTR FM NORMAL -88 PTCLDY (SCALE 4-7) 13
TOTAL FM JUL 1 5360 CLOUDY (SCALE 8-10) 2
DPTR FM NORMAL -13
[CDD (BASE 65) ]
TOTAL THIS MO. 112
DPTR FM NORMAL 31 [PRESSURE DATA]
TOTAL FM JAN 1 135 HIGHEST SLP M ON M
DPTR FM NORMAL 44 LOWEST SLP 29.57 ON 6
[REMARKS]
#FINAL-05-23#