000
CXUS53 KGLD 010800
CF6HLC
PRELIMINARY LOCAL CLIMATOLOGICAL DATA (WS FORM: F-6)

                                          STATION:   HILL CITY KS
                                          MONTH:     JUNE
                                          YEAR:      2013
                                          LATITUDE:   39 22 N
                                          LONGITUDE:  99 50 W

  TEMPERATURE IN F:       :PCPN:    SNOW:  WIND      :SUNSHINE: SKY     :PK WND
================================================================================
1   2   3   4   5  6A  6B    7    8   9   10  11  12  13   14  15   16   17  18
                                     12Z  AVG MX 2MIN
DY MAX MIN AVG DEP HDD CDD  WTR  SNW DPTH SPD SPD DIR MIN PSBL S-S WX    SPD DR
================================================================================

 1  70  47  59  -9   6   0 0.00    M    M 15.7 31 320   M    M   4 8      38 330
 2  75  40  58 -10   7   0 0.00    M    M  5.4 14 110   M    M   0 8      18 120
 3  90  51  71   2   0   6 0.21    M    M 15.0 30 170   M    M   0 38     40 170
 4  81  60  71   2   0   6 0.50    M    M  7.5 17  50   M    M   4 13     23  10
 5  68  51  60  -9   5   0 0.40    M    M 11.0 23  10   M    M   6 1      30  10
 6  78  46  62  -8   3   0 0.00    M    M  4.4 10  80   M    M   1        15 300
 7  83  50  67  -3   0   2 0.00    M    M  5.3 15 130   M    M   1        20 110
 8  81  55  68  -2   0   3 0.02    M    M  9.9 21 190   M    M   3        29 170
 9  91  51  71   0   0   6 0.00    M    M  8.4 22 330   M    M   0        35 330
10 103  53  78   7   0  13 0.00    M    M  9.5 18  90   M    M   0 3      23 200
11 111  75  93  21   0  28 0.00    M    M 16.2 29 190   M    M   0        39 200
12  99  65  82  10   0  17 0.00    M    M 13.8 28 350   M    M   0        37 200
13  91  57  74   2   0   9 0.00    M    M 10.9 22  90   M    M   0        31 130
14 105  67  86  14   0  21    T    M    M 11.1 29 310   M    M   0 3      43 300
15  95  68  82   9   0  17 0.00    M    M  6.2 15  90   M    M   2 3      18  90
16  91  59  75   2   0  10 1.30    M    M  8.1 33 160   M    M   2 138    44 160
17  86  59  73  -1   0   8 0.01    M    M  6.1 16  10   M    M   0        48  60
18  88  63  76   2   0  11 0.18    M    M  6.4 29  90   M    M   1 13     36 100
19  88  63  76   2   0  11 0.06    M    M 10.0 22 150   M    M   3        31 160
20  97  71  84  10   0  19    T    M    M 15.5 24 180   M    M   1 3      33 180
21 101  71  86  11   0  21    T    M    M 16.3 32 180   M    M   0 3      46 180
22  97  72  85  10   0  20 0.00    M    M 15.3 29 180   M    M   0        39 160
23  93  66  80   5   0  15 0.00    M    M 12.3 24  50   M    M   2        31  50
24 100  67  84   8   0  19    T    M    M 14.6 32 180   M    M   0 3      43 190
25 101  69  85   9   0  20 0.00    M    M 11.1 30 350   M    M   0        38 340
26 104  63  84   8   0  19 0.00    M    M  5.7 13 160   M    M   0 8      18 120
27 109  72  91  14   0  26 0.00    M    M 10.9 30  10   M    M   0        37  30
28  98  67  83   6   0  18 0.00    M    M 10.3 22  10   M    M   0 3      28  40
29  91  61  76  -1   0  11 0.00    M    M 10.5 23  20   M    M   2        31 360
30  86  56  71  -6   0   6 0.00    M    M  8.6 21  20   M    M   1        25  40
================================================================================
SM 2751 1815        21 362  2.68    M    312.0          M       33
================================================================================
AV 91.7 60.5                              10.4 FASTST   M    M   1    MAX(MPH)
                                 MISC ---->  # 33 160               # 48   60
================================================================================
NOTES:
# LAST OF SEVERAL OCCURRENCES

COLUMN 17 PEAK WIND IN M.P.H.

PRELIMINARY LOCAL CLIMATOLOGICAL DATA (WS FORM: F-6) , PAGE 2

                                          STATION:  HILL CITY KS
                                          MONTH:    JUNE
                                          YEAR:     2013
                                          LATITUDE:   39 22 N
                                          LONGITUDE:  99 50 W

[TEMPERATURE DATA]      [PRECIPITATION DATA]       SYMBOLS USED IN COLUMN 16

AVERAGE MONTHLY: 76.1   TOTAL FOR MONTH:   2.68    1 = FOG OR MIST
DPTR FM NORMAL:   3.2   DPTR FM NORMAL:   -0.08    2 = FOG REDUCING VISIBILITY
HIGHEST:   111 ON 11    GRTST 24HR  1.30 ON 16-16      TO 1/4 MILE OR LESS
LOWEST:     40 ON  2                               3 = THUNDER
                        SNOW, ICE PELLETS, HAIL    4 = ICE PELLETS
                        TOTAL MONTH:    M          5 = HAIL
                        GRTST 24HR    M  ON   M    6 = FREEZING RAIN OR DRIZZLE
                        GRTST DEPTH:  M  ON   M    7 = DUSTSTORM OR SANDSTORM:
                                                       VSBY 1/2 MILE OR LESS
                                                   8 = SMOKE OR HAZE
[NO. OF DAYS WITH]      [WEATHER - DAYS WITH]      9 = BLOWING SNOW
                                                   X = TORNADO
MAX 32 OR BELOW:   0    0.01 INCH OR MORE:   8
MAX 90 OR ABOVE:  19    0.10 INCH OR MORE:   5
MIN 32 OR BELOW:   0    0.50 INCH OR MORE:   2
MIN  0 OR BELOW:   0    1.00 INCH OR MORE:   1

[HDD (BASE 65) ]
TOTAL THIS MO.    21    CLEAR  (SCALE 0-3)  27
DPTR FM NORMAL     2    PTCLDY (SCALE 4-7)   3
TOTAL FM JUL 1  5522    CLOUDY (SCALE 8-10)  0
DPTR FM NORMAL   -21

[CDD (BASE 65) ]
TOTAL THIS MO.   362
DPTR FM NORMAL   106    [PRESSURE DATA]
TOTAL FM JAN 1   495    HIGHEST SLP M ON M
DPTR FM NORMAL   161    LOWEST  SLP 29.46 ON 11

[REMARKS]
#FINAL-06-13#
