000
CXUS53 KGLD 012118
CF6HLC
PRELIMINARY LOCAL CLIMATOLOGICAL DATA (WS FORM: F-6)

                                          STATION:   HILL CITY KS
                                          MONTH:     MAY
                                          YEAR:      2013
                                          LATITUDE:   39 22 N
                                          LONGITUDE:  99 50 W

  TEMPERATURE IN F:       :PCPN:    SNOW:  WIND      :SUNSHINE: SKY     :PK WND
================================================================================
1   2   3   4   5  6A  6B    7    8   9   10  11  12  13   14  15   16   17  18
                                     12Z  AVG MX 2MIN
DY MAX MIN AVG DEP HDD CDD  WTR  SNW DPTH SPD SPD DIR MIN PSBL S-S WX    SPD DR
================================================================================

 1  61  32  47 -10  18   0 0.14    M    M 24.4 38  40   M    M  10 13     51  40
 2  55  32  44 -14  21   0 0.00    M    M 14.0 25 360   M    M   8 1      35  10
 3  62  28  45 -13  20   0 0.00    M    M  9.3 23 350   M    M   1        29 360
 4  61  31  46 -12  19   0 0.00    M    M 16.4 30  20   M    M   4        36  30
 5  68  34  51  -8  14   0 0.00    M    M  7.3 18 350   M    M   1        23 350
 6  74  34  54  -5  11   0 0.00    M    M  4.8 16 140   M    M   0        21 150
 7  74  53  64   5   1   0 0.58    M    M 13.3 31  80   M    M   8 13     38 150
 8  77  52  65   5   0   0 0.02    M    M  9.0 24 170   M    M   4        30 200
 9  70  50  60   0   5   0 0.05    M    M 11.0 25 350   M    M   6 1      32 350
10  75  46  61   1   4   0 0.00    M    M  7.9 18 350   M    M   2 1      23 340
11  70  48  59  -2   6   0 0.00    M    M 11.0 22  30   M    M   1        31  30
12  81  40  61   0   4   0 0.00    M    M  6.5 17  90   M    M   1        20  90
13  96  45  71   9   0   6 0.00    M    M  5.7 17 230   M    M   0        28 260
14 100  59  80  18   0  15    T    M    M  9.1 23 200   M    M   0        31 200
15  89  60  75  13   0  10 0.01    M    M  8.7 17 110   M    M   0        24 210
16  85  54  70   7   0   5 0.27    M    M  8.7 35 340   M    M   1 13     40 340
17  88  54  71   8   0   6 0.00    M    M  8.9 23 140   M    M   0 1      30 150
18  91  63  77  14   0  12 0.18    M    M 11.7 37  90   M    M   6 138    47 100
19  80  56  68   4   0   3    T    M    M 11.7 25 320   M    M   3 3      36 310
20  77  53  65   1   0   0 0.00    M    M 15.0 27 300   M    M   2        40 300
21  72  52  62  -2   3   0 0.00    M    M 14.8 29 310   M    M   5        39 310
22  79  46  63  -2   2   0 0.00    M    M  9.3 20 360   M    M   0        25 360
23  74  47  61  -4   4   0 0.00    M    M 10.7 18 140   M    M   2        29  90
24  84  56  70   5   0   5    T    M    M 16.6 28 150   M    M   7        37 160
25  93  66  80  14   0  15    T    M    M 13.4 28 170   M    M   0 3      37 170
26  98  67  83  17   0  18 0.09    M    M 18.8 35 190   M    M   1 13     47 190
27  90  62  76  10   0  11 0.00    M    M 14.3 26  80   M    M   2        33  80
28  84  57  71   4   0   6    T    M    M 10.0 21 180   M    M   4 1      29 170
29  86  55  71   4   0   6 0.75    M    M 16.2 39 290   M    M   4 13     48 290
30  80  55  68   1   0   3 0.03    M    M  6.5 41 270   M    M   1 3      52 260
31  83  52  68   0   0   3 0.00    M    M  9.4 24 350   M    M   1        31 340
================================================================================
SM 2457 1539       132 124  2.12    M    354.4          M       85
================================================================================
AV 79.3 49.6                              11.4 FASTST   M    M   3    MAX(MPH)
                                 MISC ---->  # 41 270               # 52  260
================================================================================
NOTES:
# LAST OF SEVERAL OCCURRENCES

COLUMN 17 PEAK WIND IN M.P.H.

PRELIMINARY LOCAL CLIMATOLOGICAL DATA (WS FORM: F-6) , PAGE 2

                                          STATION:  HILL CITY KS
                                          MONTH:    MAY
                                          YEAR:     2013
                                          LATITUDE:   39 22 N
                                          LONGITUDE:  99 50 W

[TEMPERATURE DATA]      [PRECIPITATION DATA]       SYMBOLS USED IN COLUMN 16

AVERAGE MONTHLY: 64.5   TOTAL FOR MONTH:   2.12    1 = FOG OR MIST
DPTR FM NORMAL:   2.0   DPTR FM NORMAL:   -1.66    2 = FOG REDUCING VISIBILITY
HIGHEST:   100 ON 14    GRTST 24HR  0.78 ON 29-30      TO 1/4 MILE OR LESS
LOWEST:     28 ON  3                               3 = THUNDER
                        SNOW, ICE PELLETS, HAIL    4 = ICE PELLETS
                        TOTAL MONTH:    M          5 = HAIL
                        GRTST 24HR    M  ON   M    6 = FREEZING RAIN OR DRIZZLE
                        GRTST DEPTH:  M  ON   M    7 = DUSTSTORM OR SANDSTORM:
                                                       VSBY 1/2 MILE OR LESS
                                                   8 = SMOKE OR HAZE
[NO. OF DAYS WITH]      [WEATHER - DAYS WITH]      9 = BLOWING SNOW
                                                   X = TORNADO
MAX 32 OR BELOW:   0    0.01 INCH OR MORE:  10
MAX 90 OR ABOVE:   6    0.10 INCH OR MORE:   5
MIN 32 OR BELOW:   4    0.50 INCH OR MORE:   2
MIN  0 OR BELOW:   0    1.00 INCH OR MORE:   0

[HDD (BASE 65) ]
TOTAL THIS MO.   132    CLEAR  (SCALE 0-3)  20
DPTR FM NORMAL   -15    PTCLDY (SCALE 4-7)  10
TOTAL FM JUL 1  5501    CLOUDY (SCALE 8-10)  1
DPTR FM NORMAL   -23

[CDD (BASE 65) ]
TOTAL THIS MO.   124
DPTR FM NORMAL    53    [PRESSURE DATA]
TOTAL FM JAN 1   133    HIGHEST SLP 30.69 ON  2
DPTR FM NORMAL    55    LOWEST  SLP 29.32 ON 29

[REMARKS]
#FINAL-05-13#
