000
CXUS53 KGLD 010800
CF6HLC
PRELIMINARY LOCAL CLIMATOLOGICAL DATA (WS FORM: F-6)

                                          STATION:   HILL CITY KS
                                          MONTH:     JULY
                                          YEAR:      2013
                                          LATITUDE:   39 22 N
                                          LONGITUDE:  99 50 W

  TEMPERATURE IN F:       :PCPN:    SNOW:  WIND      :SUNSHINE: SKY     :PK WND
================================================================================
1   2   3   4   5  6A  6B    7    8   9   10  11  12  13   14  15   16   17  18
                                     12Z  AVG MX 2MIN
DY MAX MIN AVG DEP HDD CDD  WTR  SNW DPTH SPD SPD DIR MIN PSBL S-S WX    SPD DR
================================================================================

 1  84  51  68 -10   0   3 0.00    M    M  6.2 17  90   M    M   0 18     24  90
 2  86  50  68 -10   0   3 0.00    M    M  4.3 13 130   M    M   1        16 120
 3  89  53  71  -7   0   6 0.00    M    M  8.8 18 130   M    M   1 8      26 120
 4  94  63  79   1   0  14 0.00    M    M 10.5 22 190   M    M   1        33 180
 5 100  69  85   7   0  20 0.02    M    M 15.4 26 170   M    M   1 3      35 160
 6 103  69  86   7   0  21 0.15    M    M 13.2 25 220   M    M   2 3      32 220
 7 101  70  86   7   0  21    T    M    M  7.8 23 160   M    M   0        31 160
 8 105  71  88   9   0  23 0.01    M    M 10.1 23 170   M    M   1 1      30 170
 9 105  75  90  11   0  25    T    M    M  7.4 33 260   M    M   0 38     44 250
10  95  72  84   5   0  19 0.03    M    M 12.5 30 340   M    M   2        38 350
11  98  71  85   6   0  20 0.00    M    M 11.8 21 140   M    M   3        26 140
12 105  74  90  11   0  25 0.00    M    M 13.5 25 190   M    M   1        35 180
13 108  79  94  15   0  29 0.00    M    M 11.5 21 210   M    M   1        29 180
14  88  63  76  -4   0  11 0.00    M    M  9.7 23 150   M    M   2        30 160
15  90  63  77  -3   0  12 0.00    M    M  7.1 25 130   M    M   3        36 120
16  85  65  75  -5   0  10 0.00    M    M 10.6 24 170   M    M   7        31 190
17  91  64  78  -2   0  13 0.00    M    M 10.2 23 210   M    M   2        30 210
18  95  68  82   2   0  17 0.00    M    M 12.5 25 190   M    M   0        38 190
19  99  71  85   5   0  20 0.02    M    M  7.3 28  50   M    M   2 3      35  30
20  93  63  78  -2   0  13    T    M    M  6.8 26  70   M    M   1        33  90
21  92  65  79  -1   0  14    T    M    M  7.5 32  30   M    M   4        41  30
22 101  70  86   6   0  21    T    M    M  8.3 25  10   M    M   0        36  10
23  89  69  79  -1   0  14 0.00    M    M 13.1 26  90   M    M   2        32  80
24  93  62  78  -2   0  13 0.00    M    M  4.8 13 130   M    M   1 18     18 130
25  81  64  73  -7   0   8 2.38    M    M  8.2 31 350   M    M   6 13     37 350
26  84  63  74  -6   0   9 0.00    M    M  8.0 17 360   M    M   1 1      21 360
27  66  56  61 -18   4   0 2.05    M    M  8.7 20 100   M    M   8 13     24  90
28  63  55  59 -20   6   0 0.44    M    M  9.7 14 100   M    M   9 1      17 100
29  75  63  69 -10   0   4 0.02    M    M  7.8 14  90   M    M  10 1      17  70
30  82  64  73  -6   0   8 0.00    M    M  4.1 10 100   M    M   6 1      15 100
31  85  64  75  -4   0  10 0.04    M    M  4.8 18  80   M    M   5 12     22  80
================================================================================
SM 2825 2019        10 426  5.16    M    282.2          M       83
================================================================================
AV 91.1 65.1                               9.1 FASTST   M    M   3    MAX(MPH)
                                 MISC ---->  # 33 260               # 44  250
================================================================================
NOTES:
# LAST OF SEVERAL OCCURRENCES

COLUMN 17 PEAK WIND IN M.P.H.

PRELIMINARY LOCAL CLIMATOLOGICAL DATA (WS FORM: F-6) , PAGE 2

                                          STATION:  HILL CITY KS
                                          MONTH:    JULY
                                          YEAR:     2013
                                          LATITUDE:   39 22 N
                                          LONGITUDE:  99 50 W

[TEMPERATURE DATA]      [PRECIPITATION DATA]       SYMBOLS USED IN COLUMN 16

AVERAGE MONTHLY: 78.1   TOTAL FOR MONTH:   5.16    1 = FOG OR MIST
DPTR FM NORMAL:  -1.0   DPTR FM NORMAL:    1.45    2 = FOG REDUCING VISIBILITY
HIGHEST:   108 ON 13    GRTST 24HR  2.38 ON 25-25      TO 1/4 MILE OR LESS
LOWEST:     50 ON  2                               3 = THUNDER
                        SNOW, ICE PELLETS, HAIL    4 = ICE PELLETS
                        TOTAL MONTH:    M          5 = HAIL
                        GRTST 24HR    M  ON   M    6 = FREEZING RAIN OR DRIZZLE
                        GRTST DEPTH:  M  ON   M    7 = DUSTSTORM OR SANDSTORM:
                                                       VSBY 1/2 MILE OR LESS
                                                   8 = SMOKE OR HAZE
[NO. OF DAYS WITH]      [WEATHER - DAYS WITH]      9 = BLOWING SNOW
                                                   X = TORNADO
MAX 32 OR BELOW:   0    0.01 INCH OR MORE:  10
MAX 90 OR ABOVE:  18    0.10 INCH OR MORE:   4
MIN 32 OR BELOW:   0    0.50 INCH OR MORE:   2
MIN  0 OR BELOW:   0    1.00 INCH OR MORE:   2

[HDD (BASE 65) ]
TOTAL THIS MO.    10    CLEAR  (SCALE 0-3)  21
DPTR FM NORMAL     9    PTCLDY (SCALE 4-7)   8
TOTAL FM JUL 1    10    CLOUDY (SCALE 8-10)  2
DPTR FM NORMAL     9

[CDD (BASE 65) ]
TOTAL THIS MO.   426
DPTR FM NORMAL   -13    [PRESSURE DATA]
TOTAL FM JAN 1   921    HIGHEST SLP M ON M
DPTR FM NORMAL   148    LOWEST  SLP 29.59 ON  5

[REMARKS]
#FINAL-07-13#
