000
CXUS53 KGLD 010800
CF6HLC
PRELIMINARY LOCAL CLIMATOLOGICAL DATA (WS FORM: F-6)

                                          STATION:   HILL CITY KS
                                          MONTH:     APRIL
                                          YEAR:      2013
                                          LATITUDE:   39 22 N
                                          LONGITUDE:  99 50 W

  TEMPERATURE IN F:       :PCPN:    SNOW:  WIND      :SUNSHINE: SKY     :PK WND
================================================================================
1   2   3   4   5  6A  6B    7    8   9   10  11  12  13   14  15   16   17  18
                                     12Z  AVG MX 2MIN
DY MAX MIN AVG DEP HDD CDD  WTR  SNW DPTH SPD SPD DIR MIN PSBL S-S WX    SPD DR
================================================================================

 1  50  29  40  -7  25   0 0.00    M    M 10.4 30  40   M    M   3        40  40
 2  50  31  41  -6  24   0 0.00    M    M  4.7 14 200   M    M   9        18 200
 3  51  33  42  -5  23   0 0.00    M    M  6.4 20 140   M    M   6        26 190
 4  67  27  47  -1  18   0 0.00    M    M  5.2 10 230   M    M   2 12     14 200
 5  79  38  59  11   6   0 0.00    M    M 15.1 35 180   M    M   0        45 180
 6  76  46  61  13   4   0 0.00    M    M 10.8 30 340   M    M   0        37 340
 7  79  46  63  14   2   0    T    M    M  9.6 29 180   M    M   4 3      38 230
 8  75  48  62  13   3   0 0.00    M    M  9.8  M   M   M    M   9 12      M  M
 9  67  22  45  -4  20   0 0.04    M    M 22.2 33 340   M    M  10 16     40 360
10  30  22  26 -24  39   0    T    M    M 17.5 28 340   M    M  10 18     35 320
11  50  20  35 -15  30   0 0.00    M    M 11.8 24 320   M    M   1        31 310
12  61  24  43  -7  22   0    T    M    M  7.8 23 360   M    M   3        29 360
13  72  25  49  -2  16   0 0.00    M    M 12.5 26 190   M    M   1        40 190
14  65  33  49  -2  16   0 0.00    M    M 17.6 37 310   M    M   4        49 300
15  54  32  43  -8  22   0 0.00    M    M 10.4 17  50   M    M   6        24  60
16  47  34  41 -11  24   0 0.00    M    M 15.0 23  80   M    M  10        28  80
17  41  30  36 -16  29   0 0.09    M    M 16.1 32 360   M    M  10 136    39 360
18  38  27  33 -19  32   0 0.02    M    M 21.1 35 350   M    M   8 1      44 340
19  61  24  43 -10  22   0 0.00    M    M 12.4 26 320   M    M   3        37 320
20  64  29  47  -6  18   0 0.00    M    M 12.3 22 130   M    M   3        31 110
21  73  33  53  -1  12   0    T    M    M  6.6 24 270   M    M   2        32 270
22  55  30  43 -11  22   0 0.08    M    M 16.0 37  10   M    M   9 13     45  20
23  41  24  33 -21  32   0 0.01    M    M 12.2 28  10   M    M   7 1      33  10
24  64  22  43 -12  22   0 0.00    M    M  9.1 25 260   M    M   0        33 290
25  73  25  49  -6  16   0 0.00    M    M 11.0 31 190   M    M   0 8      43 190
26  75  42  59   4   6   0    T    M    M  8.2 21 140   M    M   3 1      31 200
27  78  35  57   1   8   0 0.00    M    M  6.2 16 150   M    M   2 12     21 130
28  93  47  70  14   0   5 0.00    M    M  8.1 21 290   M    M   0        29 310
29  86  47  67  11   0   2 0.00    M    M  5.8 15 100   M    M   0        22  90
30  80  53  67  10   0   2 0.00    M    M 15.8 30  30   M    M   0        37  50
================================================================================
SM 1895  978       513   9  0.24    M    347.7          M      125
================================================================================
AV 63.2 32.6                              11.6 FASTST   M    M   4    MAX(MPH)
                                 MISC ---->  # 37 310               # 49  300
================================================================================
NOTES:
# LAST OF SEVERAL OCCURRENCES

COLUMN 17 PEAK WIND IN M.P.H.

PRELIMINARY LOCAL CLIMATOLOGICAL DATA (WS FORM: F-6) , PAGE 2

                                          STATION:  HILL CITY KS
                                          MONTH:    APRIL
                                          YEAR:     2013
                                          LATITUDE:   39 22 N
                                          LONGITUDE:  99 50 W

[TEMPERATURE DATA]      [PRECIPITATION DATA]       SYMBOLS USED IN COLUMN 16

AVERAGE MONTHLY: 47.9   TOTAL FOR MONTH:   0.24    1 = FOG OR MIST
DPTR FM NORMAL:  -3.7   DPTR FM NORMAL:   -1.88    2 = FOG REDUCING VISIBILITY
HIGHEST:    93 ON 28    GRTST 24HR  0.10 ON 17-18      TO 1/4 MILE OR LESS
LOWEST:     20 ON 11                               3 = THUNDER
                        SNOW, ICE PELLETS, HAIL    4 = ICE PELLETS
                        TOTAL MONTH:    M          5 = HAIL
                        GRTST 24HR    M  ON   M    6 = FREEZING RAIN OR DRIZZLE
                        GRTST DEPTH:  M  ON   M    7 = DUSTSTORM OR SANDSTORM:
                                                       VSBY 1/2 MILE OR LESS
                                                   8 = SMOKE OR HAZE
[NO. OF DAYS WITH]      [WEATHER - DAYS WITH]      9 = BLOWING SNOW
                                                   X = TORNADO
MAX 32 OR BELOW:   1    0.01 INCH OR MORE:   5
MAX 90 OR ABOVE:   1    0.10 INCH OR MORE:   0
MIN 32 OR BELOW:  17    0.50 INCH OR MORE:   0
MIN  0 OR BELOW:   0    1.00 INCH OR MORE:   0

[HDD (BASE 65) ]
TOTAL THIS MO.   513    CLEAR  (SCALE 0-3)  15
DPTR FM NORMAL   105    PTCLDY (SCALE 4-7)   8
TOTAL FM JUL 1  5369    CLOUDY (SCALE 8-10)  7
DPTR FM NORMAL    -8

[CDD (BASE 65) ]
TOTAL THIS MO.     9
DPTR FM NORMAL     2    [PRESSURE DATA]
TOTAL FM JAN 1     9    HIGHEST SLP M ON M
DPTR FM NORMAL     2    LOWEST  SLP 29.18 ON 13

[REMARKS]
#FINAL-04-13#
