000
CXUS53 KGLD 010939
CF6HLC
PRELIMINARY LOCAL CLIMATOLOGICAL DATA (WS FORM: F-6)

                                          STATION:   HILL CITY KS
                                          MONTH:     JANUARY
                                          YEAR:      2013
                                          LATITUDE:   39 22 N
                                          LONGITUDE:  99 50 W

  TEMPERATURE IN F:       :PCPN:    SNOW:  WIND      :SUNSHINE: SKY     :PK WND
================================================================================
1   2   3   4   5  6A  6B    7    8   9   10  11  12  13   14  15   16   17  18
                                     12Z  AVG MX 2MIN
DY MAX MIN AVG DEP HDD CDD  WTR  SNW DPTH SPD SPD DIR MIN PSBL S-S WX    SPD DR
================================================================================

 1  27   7  17 -12  48   0    T    M    M  4.6 12 240   M    M   3 18     25 250
 2  36   9  23  -6  42   0    T    M    M  9.7 18 340   M    M   3 1      23 340
 3  31   4  18 -11  47   0 0.00    M    M  5.4 14 340   M    M   4        18 310
 4  36   4  20  -9  45   0 0.00    M    M  5.3 10 290   M    M   0        14 230
 5  40  10  25  -4  40   0 0.00    M    M 10.1 23 320   M    M   0        26 310
 6  42  16  29   0  36   0 0.00    M    M  8.4 17 230   M    M   0        24 210
 7  42  19  31   2  34   0 0.00    M    M  7.0 22 220   M    M   0        28 220
 8  47  14  31   2  34   0 0.00    M    M  5.6 14 330   M    M   0        17 330
 9  52  22  37   8  28   0 0.00    M    M  5.7 12 310   M    M   0        16 280
10  39  29  34   5  31   0 0.01    M    M  3.5 14 220   M    M   9 12     18 190
11  60  24  42  13  23   0 0.00    M    M 13.5 29 330   M    M   5 18     44 220
12  24  11  18 -11  47   0 0.00    M    M 11.2 22 340   M    M   0        32 310
13  26   7  17 -12  48   0 0.00    M    M  7.0 14 320   M    M   1        17 300
14  30   6  18 -11  47   0 0.00    M    M  3.7  9 210   M    M   4        13 240
15  34  13  24  -5  41   0    T    M    M  5.1 14 250   M    M   5 1      17 260
16  53  19  36   7  29   0 0.00    M    M 11.1 23 320   M    M   2        29 320
17  55  23  39  10  26   0 0.00    M    M  6.8 13 300   M    M   0        26 210
18  61  30  46  17  19   0 0.00    M    M  8.1 14 250   M    M   0        18 260
19  60  27  44  15  21   0 0.00    M    M  8.5 20 340   M    M   0        25 340
20  36  20  28  -1  37   0 0.00    M    M  5.5 15  70   M    M   2        18  70
21  43  14  29   0  36   0 0.00    M    M  6.8 16  90   M    M   1        31 210
22  34  10  22  -8  43   0 0.00    M    M  3.0 13 110   M    M   0        16 110
23  45  16  31   1  34   0 0.00    M    M  6.6 16  50   M    M   0        21  40
24  27  10  19 -11  46   0 0.00    M    M  6.8 13 180   M    M   4 1      16 150
25  54  22  38   8  27   0 0.00    M    M  5.4 16 340   M    M   1        20 340
26  57  25  41  11  24   0 0.02    M    M  9.1 22 180   M    M   3 1      29 180
27  52  28  40  10  25   0 0.02    M    M  5.3 16 300   M    M   5 128    21 270
28  56  26  41  11  24   0 0.00    M    M  6.5 21 340   M    M   8 12     28 340
29  39  31  35   5  30   0 0.04    M    M 15.0 26  10   M    M   9 1      32  10
30  34  20  27  -3  38   0    T    M    M 11.9 28 350   M    M   4        35 350
31  34  15  25  -5  40   0 0.00    M    M  7.7 21  20   M    M   6        26  10
================================================================================
SM 1306  531      1090   0  0.09    M    229.9          M       79
================================================================================
AV 42.1 17.1                               7.4 FASTST   M    M   3    MAX(MPH)
                                 MISC ---->  # 29 330               # 44  220
================================================================================
NOTES:
# LAST OF SEVERAL OCCURRENCES

COLUMN 17 PEAK WIND IN M.P.H.

PRELIMINARY LOCAL CLIMATOLOGICAL DATA (WS FORM: F-6) , PAGE 2

                                          STATION:  HILL CITY KS
                                          MONTH:    JANUARY
                                          YEAR:     2013
                                          LATITUDE:   39 22 N
                                          LONGITUDE:  99 50 W

[TEMPERATURE DATA]      [PRECIPITATION DATA]       SYMBOLS USED IN COLUMN 16

AVERAGE MONTHLY: 29.6   TOTAL FOR MONTH:   0.09    1 = FOG OR MIST
DPTR FM NORMAL:   0.3   DPTR FM NORMAL:   -0.36    2 = FOG REDUCING VISIBILITY
HIGHEST:    61 ON 18    GRTST 24HR  0.06 ON 31- 1      TO 1/4 MILE OR LESS
LOWEST:      4 ON  4, 3                            3 = THUNDER
                        SNOW, ICE PELLETS, HAIL    4 = ICE PELLETS
                        TOTAL MONTH:    M          5 = HAIL
                        GRTST 24HR    M  ON   M    6 = FREEZING RAIN OR DRIZZLE
                        GRTST DEPTH:  M  ON   M    7 = DUSTSTORM OR SANDSTORM:
                                                       VSBY 1/2 MILE OR LESS
                                                   8 = SMOKE OR HAZE
[NO. OF DAYS WITH]      [WEATHER - DAYS WITH]      9 = BLOWING SNOW
                                                   X = TORNADO
MAX 32 OR BELOW:   6    0.01 INCH OR MORE:   4
MAX 90 OR ABOVE:   0    0.10 INCH OR MORE:   0
MIN 32 OR BELOW:  31    0.50 INCH OR MORE:   0
MIN  0 OR BELOW:   0    1.00 INCH OR MORE:   0

[HDD (BASE 65) ]
TOTAL THIS MO.  1090    CLEAR  (SCALE 0-3)  19
DPTR FM NORMAL   -17    PTCLDY (SCALE 4-7)  10
TOTAL FM JUL 1  3204    CLOUDY (SCALE 8-10)  2
DPTR FM NORMAL  -147

[CDD (BASE 65) ]
TOTAL THIS MO.     0
DPTR FM NORMAL     0    [PRESSURE DATA]
TOTAL FM JAN 1     0    HIGHEST SLP 30.54 ON 17
DPTR FM NORMAL     0    LOWEST  SLP 29.29 ON 11

[REMARKS]
#FINAL-01-13#
