000
CXUS53 KGLD 310800
CF6HLC
PRELIMINARY LOCAL CLIMATOLOGICAL DATA (WS FORM: F-6)

                                          STATION:   HILL CITY KS
                                          MONTH:     DECEMBER
                                          YEAR:      2012
                                          LATITUDE:   39 22 N
                                          LONGITUDE:  99 50 W

  TEMPERATURE IN F:       :PCPN:    SNOW:  WIND      :SUNSHINE: SKY     :PK WND
================================================================================
1   2   3   4   5  6A  6B    7    8   9   10  11  12  13   14  15   16   17  18
                                     12Z  AVG MX 2MIN
DY MAX MIN AVG DEP HDD CDD  WTR  SNW DPTH SPD SPD DIR MIN PSBL S-S WX    SPD DR
================================================================================

 1  70  29  50  16  15   0 0.00    M    M  3.8 10  10   M    M   4 12     13  10
 2  72  39  56  23   9   0 0.00    M    M  7.4 25 320   M    M   0         M  30
 3  62  27  45  12  20   0 0.00    M    M 10.6 30 350   M    M   0 1      36 350
 4  62  22  42   9  23   0 0.00    M    M  6.2 13 230   M    M   0        16 290
 5  63  36  50  18  15   0 0.00    M    M 11.5 25 200   M    M   0 8      36 210
 6  54  31  43  11  22   0 0.00    M    M 11.1 28  20   M    M   1        35  30
 7  54  24  39   7  26   0 0.00    M    M  3.6 13  10   M    M   6 8      16 360
 8  48  16  32   1  33   0 0.00    M    M  3.5 15 160   M    M   3        20 170
 9  40  10  25  -6  40   0 0.00    M    M 19.8 32 340   M    M   5        40 340
10  44   0  22  -9  43   0 0.00    M    M  8.1 21 250   M    M   0        28 230
11  47  14  31   0  34   0 0.00    M    M  7.7 16 220   M    M   1        21 240
12  53  24  39   9  26   0 0.00    M    M 11.0 21 180   M    M   0        28 180
13  61  21  41  11  24   0 0.00    M    M  4.6 14  80   M    M   0        18  80
14  54  14  34   4  31   0 0.42    M    M  6.5 20 200   M    M   4 1      24 150
15  53  33  43  13  22   0 0.09    M    M  9.2 20 300   M    M   4 1      26 300
16  45  28  37   7  28   0    T    M    M  7.0 15 330   M    M   4        17 340
17  55  25  40  10  25   0 0.00    M    M  8.6 23 230   M    M   1 1      31 230
18  54  30  42  13  23   0 0.00    M    M  9.7 25 340   M    M   0        32 330
19  43  26  35   6  30   0 0.11    M    M 18.0 41  10   M    M   6 129    51 360
20  34  16  25  -4  40   0 0.01    M    M 12.5 35 340   M    M   1 1      44 350
21  44  13  29   0  36   0 0.00    M    M  4.6  9 190   M    M   0        15  30
22  49  13  31   2  34   0 0.00    M    M  5.2 18 330   M    M   0        23 340
23  31  13  22  -7  43   0 0.00    M    M  3.2 13 350   M    M   0 1      17 350
24  24  11  18 -11  47   0 0.00    M    M  7.3 16  30   M    M   1        20  40
25  16   5  11 -18  54   0 0.05    M    M 16.2 31  10   M    M   9 18     37  10
26  24  -2  11 -18  54   0 0.00    M    M  5.7 14 140   M    M   1        17 130
27  23  10  17 -12  48   0    T    M    M  7.4 15 140   M    M   8 8      21 140
28  22   6  14 -15  51   0 0.00    M    M  8.9 18 340   M    M   0        22 350
29  40   7  24  -5  41   0 0.00    M    M  6.3 18 260   M    M   0        40 220
30  38  24  31   2  34   0 0.00    M    M 11.1 23 250   M    M   1         M  M
================================================================================
SM 1379  565       971   0  0.68    M    256.3          M       60
================================================================================
AV 46.0 18.8                               8.5 FASTST   M    M   2    MAX(MPH)
                                 MISC ---->  # 41  10               # 51  360
================================================================================
NOTES:
# LAST OF SEVERAL OCCURRENCES

COLUMN 17 PEAK WIND IN M.P.H.

PRELIMINARY LOCAL CLIMATOLOGICAL DATA (WS FORM: F-6) , PAGE 2

                                          STATION:  HILL CITY KS
                                          MONTH:    DECEMBER
                                          YEAR:     2012
                                          LATITUDE:   39 22 N
                                          LONGITUDE:  99 50 W

[TEMPERATURE DATA]      [PRECIPITATION DATA]       SYMBOLS USED IN COLUMN 16

AVERAGE MONTHLY: 32.4   TOTAL FOR MONTH:   0.68    1 = FOG OR MIST
DPTR FM NORMAL:   2.1   DPTR FM NORMAL:    0.01    2 = FOG REDUCING VISIBILITY
HIGHEST:    72 ON  2    GRTST 24HR  0.51 ON 14-15      TO 1/4 MILE OR LESS
LOWEST:     -2 ON 26                               3 = THUNDER
                        SNOW, ICE PELLETS, HAIL    4 = ICE PELLETS
                        TOTAL MONTH:    M          5 = HAIL
                        GRTST 24HR    M  ON   M    6 = FREEZING RAIN OR DRIZZLE
                        GRTST DEPTH:  M  ON   M    7 = DUSTSTORM OR SANDSTORM:
                                                       VSBY 1/2 MILE OR LESS
                                                   8 = SMOKE OR HAZE
[NO. OF DAYS WITH]      [WEATHER - DAYS WITH]      9 = BLOWING SNOW
                                                   X = TORNADO
MAX 32 OR BELOW:   6    0.01 INCH OR MORE:   5
MAX 90 OR ABOVE:   0    0.10 INCH OR MORE:   2
MIN 32 OR BELOW:  27    0.50 INCH OR MORE:   0
MIN  0 OR BELOW:   2    1.00 INCH OR MORE:   0

[HDD (BASE 65) ]
TOTAL THIS MO.   971    CLEAR  (SCALE 0-3)  21
DPTR FM NORMAL   -69    PTCLDY (SCALE 4-7)   8
TOTAL FM JUL 1  2071    CLOUDY (SCALE 8-10)  1
DPTR FM NORMAL  -136

[CDD (BASE 65) ]
TOTAL THIS MO.     0
DPTR FM NORMAL     0    [PRESSURE DATA]
TOTAL FM JAN 1  1761    HIGHEST SLP M ON M
DPTR FM NORMAL   461    LOWEST  SLP 29.45 ON 14

[REMARKS]
