000
CXUS53 KGLD 030201
CF6HLC
PRELIMINARY LOCAL CLIMATOLOGICAL DATA (WS FORM: F-6)

                                          STATION:   HILL CITY KS
                                          MONTH:     MARCH
                                          YEAR:      2013
                                          LATITUDE:   39 22 N
                                          LONGITUDE:  99 50 W

  TEMPERATURE IN F:       :PCPN:    SNOW:  WIND      :SUNSHINE: SKY     :PK WND
================================================================================
1   2   3   4   5  6A  6B    7    8   9   10  11  12  13   14  15   16   17  18
                                     12Z  AVG MX 2MIN
DY MAX MIN AVG DEP HDD CDD  WTR  SNW DPTH SPD SPD DIR MIN PSBL S-S WX    SPD DR
================================================================================

 1  39  18  29  -8  36   0 0.00    M    M  4.1 15 350   M    M   5 1       M  M
 2  51  16  34  -3  31   0 0.00    M    M  2.3  8 270   M    M   2 1      16  30
 3  56  32  44   6  21   0 0.00    M    M  3.9 13 140   M    M   0 1      16 140
 4  47  29  38   0  27   0 0.01    M    M 14.3 25 340   M    M   4 1      37 340
 5  44  20  32  -6  33   0 0.00    M    M 12.4 28 340   M    M   0        35 340
 6  48  17  33  -6  32   0 0.00    M    M 10.6 23 140   M    M   0        29 140
 7  58  24  41   2  24   0 0.00    M    M  7.5 14 150   M    M   0        17 110
 8  66  30  48   9  17   0    T    M    M 10.6 22 140   M    M   3        29 170
 9  70  33  52  12  13   0 0.01    M    M 21.0 38 360   M    M   6        47 350
10  36  19  28 -12  37   0 0.06    M    M 23.1 43 350   M    M   7 8      51 350
11  58  16  37  -3  28   0 0.00    M    M  7.4 16 330   M    M   3        23  30
12  51  21  36  -5  29   0 0.00    M    M 12.1 26 330   M    M   2        33 320
13  69  20  45   4  20   0 0.00    M    M  5.5 21 180   M    M   2 8      28 200
14  78  35  57  16   8   0 0.00    M    M  8.1 18 330   M    M   0        23 340
15  86  43  65  23   0   0 0.00    M    M 11.0 24  40   M    M   0        30  40
16  54  30  42   0  23   0    T    M    M 13.1 23  40   M    M   8 1      29  20
17  53  29  41  -1  24   0    T    M    M  8.9 23 150   M    M   7 12     31 150
18  56  24  40  -2  25   0 0.00    M    M 10.7 22 330   M    M   3        33 330
19  53  25  39  -4  26   0 0.00    M    M  5.7 18 180   M    M   3        23 180
20  49  14  32 -11  33   0 0.00    M    M  8.0 16 130   M    M   0        25 150
21  53  28  41  -2  24   0    T    M    M 14.1 23  90   M    M   3 1      30 110
22  55  25  40  -4  25   0 0.03    M    M  6.9 20  90   M    M   5 12     24  90
23  34  25  30 -14  35   0 0.21    M    M 17.0 29  10   M    M  10 1      33 360
24  33  15  24 -20  41   0    T    M    M 13.6 23 360   M    M   2 1      30 360
25  34  15  25 -20  40   0 0.00    M    M 11.7 21 330   M    M   3        28 320
26  55  11  33 -12  32   0 0.00    M    M  8.1 21 180   M    M   0         M  M
27  58  30  44  -1  21   0 0.00    M    M  6.8 14  30   M    M   1        23  30
28  67  24  46   0  19   0 0.00    M    M  5.8 15 150   M    M   0 18     20 160
29  73  30  52   6  13   0 0.31    M    M  6.9 22 190   M    M   1 13     30 190
30  70  45  58  12   7   0 0.16    M    M  9.6 38 330   M    M   1 13     47 330
31  68  37  53   7  12   0 0.00    M    M 10.1 37  30   M    M   0        45  40
================================================================================
SM 1722  780       756   0  0.79    M    310.9          M       81
================================================================================
AV 55.5 25.2                              10.0 FASTST   M    M   3    MAX(MPH)
                                 MISC ---->  # 43 350               # 51  350
================================================================================
NOTES:
# LAST OF SEVERAL OCCURRENCES

COLUMN 17 PEAK WIND IN M.P.H.

PRELIMINARY LOCAL CLIMATOLOGICAL DATA (WS FORM: F-6) , PAGE 2

                                          STATION:  HILL CITY KS
                                          MONTH:    MARCH
                                          YEAR:     2013
                                          LATITUDE:   39 22 N
                                          LONGITUDE:  99 50 W

[TEMPERATURE DATA]      [PRECIPITATION DATA]       SYMBOLS USED IN COLUMN 16

AVERAGE MONTHLY: 40.4   TOTAL FOR MONTH:   0.79    1 = FOG OR MIST
DPTR FM NORMAL:  -1.4   DPTR FM NORMAL:   -0.84    2 = FOG REDUCING VISIBILITY
HIGHEST:    86 ON 15    GRTST 24HR  0.31 ON 29-29      TO 1/4 MILE OR LESS
LOWEST:     11 ON 26                               3 = THUNDER
                        SNOW, ICE PELLETS, HAIL    4 = ICE PELLETS
                        TOTAL MONTH:    M          5 = HAIL
                        GRTST 24HR    M  ON   M    6 = FREEZING RAIN OR DRIZZLE
                        GRTST DEPTH:  M  ON   M    7 = DUSTSTORM OR SANDSTORM:
                                                       VSBY 1/2 MILE OR LESS
                                                   8 = SMOKE OR HAZE
[NO. OF DAYS WITH]      [WEATHER - DAYS WITH]      9 = BLOWING SNOW
                                                   X = TORNADO
MAX 32 OR BELOW:   0    0.01 INCH OR MORE:   7
MAX 90 OR ABOVE:   0    0.10 INCH OR MORE:   3
MIN 32 OR BELOW:  26    0.50 INCH OR MORE:   0
MIN  0 OR BELOW:   0    1.00 INCH OR MORE:   0

[HDD (BASE 65) ]
TOTAL THIS MO.   756    CLEAR  (SCALE 0-3)  23
DPTR FM NORMAL    37    PTCLDY (SCALE 4-7)   6
TOTAL FM JUL 1  4856    CLOUDY (SCALE 8-10)  2
DPTR FM NORMAL  -113

[CDD (BASE 65) ]
TOTAL THIS MO.     0
DPTR FM NORMAL     0    [PRESSURE DATA]
TOTAL FM JAN 1     0    HIGHEST SLP 30.46 ON 20
DPTR FM NORMAL     0    LOWEST  SLP 29.43 ON  9

[REMARKS]
#FINAL-03-13#
