000
CXUS53 KGLD 041318
CF6HLC
PRELIMINARY LOCAL CLIMATOLOGICAL DATA (WS FORM: F-6)

                                          STATION:   HILL CITY KS
                                          MONTH:     FEBRUARY
                                          YEAR:      2013
                                          LATITUDE:   39 22 N
                                          LONGITUDE:  99 50 W

  TEMPERATURE IN F:       :PCPN:    SNOW:  WIND      :SUNSHINE: SKY     :PK WND
================================================================================
1   2   3   4   5  6A  6B    7    8   9   10  11  12  13   14  15   16   17  18
                                     12Z  AVG MX 2MIN
DY MAX MIN AVG DEP HDD CDD  WTR  SNW DPTH SPD SPD DIR MIN PSBL S-S WX    SPD DR
================================================================================

 1  45  17  31   1  34   0 0.00    M    M 11.0 25 220   M    M   4        32 220
 2  56  29  43  13  22   0 0.00    M    M 10.7 22 300   M    M   1        30 300
 3  54  21  38   8  27   0 0.00    M    M  6.4 20 180   M    M   0        24 190
 4  55  28  42  11  23   0 0.00    M    M  7.6 20 340   M    M   0        23 350
 5  60  29  45  14  20   0 0.00    M    M  7.7 21 340   M    M   0        23 350
 6  64  29  47  16  18   0 0.00    M    M  8.1 20 190   M    M   0        24 190
 7  57  24  41  10  24   0 0.00    M    M 11.6 28 350   M    M   2        35 350
 8  56  20  38   7  27   0 0.00    M    M 11.4 28 180   M    M   0        37 180
 9  57  32  45  14  20   0 0.05    M    M 15.8 29 170   M    M   4 13     39 160
10  45  24  35   3  30   0    T    M    M 23.1 37 320   M    M   7        49 320
11  40  19  30  -2  35   0 0.00    M    M  5.0 16 330   M    M   1        18 310
12  50  18  34   2  31   0 0.00    M    M  6.2 18 320   M    M   2        22 310
13  57  23  40   8  25   0 0.00    M    M  9.5 20 300   M    M   1        29 320
14  46  16  31  -1  34   0 0.00    M    M 10.4 26 340   M    M   4        33 340
15  41  11  26  -7  39   0 0.00    M    M  7.6 23 320   M    M   4        30 340
16  63  10  37   4  28   0 0.00    M    M  9.0 25 320   M    M   4        33 350
17  69  23  46  13  19   0 0.00    M    M  6.8 25 300   M    M   0        31 300
18  50  18  34   0  31   0 0.00    M    M 19.0 37  10   M    M   2        51  10
19  42  11  27  -7  38   0 0.00    M    M  8.5 17 100   M    M   0        23 110
20  24  18  21 -13  44   0 0.95    M    M 15.1 22 100   M    M   8 12     29 100
21  21  14  18 -16  47   0 0.10    M    M 15.3 23 100   M    M  10 128    28 100
22  26   5  16 -19  49   0 0.00    M    M  6.7 15 310   M    M   1 1      18 310
23  37   4  21 -14  44   0 0.00    M    M  6.0 16 230   M    M   0 1      23 230
24  34  16  25 -10  40   0    T    M    M  9.4 21  10   M    M   9 128    25  20
25  36  23  30  -6  35   0    T    M    M 16.7 24  20   M    M   6 1      30  10
26  34  14  24 -12  41   0 0.00    M    M  7.1 13 340   M    M   0        32 230
27  36  21  29  -7  36   0 0.00    M    M 11.6 25 340   M    M   5         M  M
28  39  20  30  -7  35   0 0.00    M    M  7.1 18 340   M    M   1         M  M
================================================================================
SM 1294  537       896   0  1.10    M    290.4          M       76
================================================================================
AV 46.2 19.2                              10.4 FASTST   M    M   3    MAX(MPH)
                                 MISC ---->  # 37 320               # 51   10
================================================================================
NOTES:
# LAST OF SEVERAL OCCURRENCES

COLUMN 17 PEAK WIND IN M.P.H.

PRELIMINARY LOCAL CLIMATOLOGICAL DATA (WS FORM: F-6) , PAGE 2

                                          STATION:  HILL CITY KS
                                          MONTH:    FEBRUARY
                                          YEAR:     2013
                                          LATITUDE:   39 22 N
                                          LONGITUDE:  99 50 W

[TEMPERATURE DATA]      [PRECIPITATION DATA]       SYMBOLS USED IN COLUMN 16

AVERAGE MONTHLY: 32.7   TOTAL FOR MONTH:   1.10    1 = FOG OR MIST
DPTR FM NORMAL:  -0.2   DPTR FM NORMAL:    0.58    2 = FOG REDUCING VISIBILITY
HIGHEST:    69 ON 17    GRTST 24HR  0.95 ON 20-20      TO 1/4 MILE OR LESS
LOWEST:      4 ON 23                               3 = THUNDER
                        SNOW, ICE PELLETS, HAIL    4 = ICE PELLETS
                        TOTAL MONTH:    M          5 = HAIL
                        GRTST 24HR    M  ON   M    6 = FREEZING RAIN OR DRIZZLE
                        GRTST DEPTH:  M  ON   M    7 = DUSTSTORM OR SANDSTORM:
                                                       VSBY 1/2 MILE OR LESS
                                                   8 = SMOKE OR HAZE
[NO. OF DAYS WITH]      [WEATHER - DAYS WITH]      9 = BLOWING SNOW
                                                   X = TORNADO
MAX 32 OR BELOW:   3    0.01 INCH OR MORE:   3
MAX 90 OR ABOVE:   0    0.10 INCH OR MORE:   2
MIN 32 OR BELOW:  28    0.50 INCH OR MORE:   1
MIN  0 OR BELOW:   0    1.00 INCH OR MORE:   0

[HDD (BASE 65) ]
TOTAL THIS MO.   896    CLEAR  (SCALE 0-3)  17
DPTR FM NORMAL    -3    PTCLDY (SCALE 4-7)   9
TOTAL FM JUL 1  4100    CLOUDY (SCALE 8-10)  2
DPTR FM NORMAL  -150

[CDD (BASE 65) ]
TOTAL THIS MO.     0
DPTR FM NORMAL     0    [PRESSURE DATA]
TOTAL FM JAN 1     0    HIGHEST SLP 30.47 ON 15
DPTR FM NORMAL     0    LOWEST  SLP 29.29 ON 10

[REMARKS]
#FINAL-02-13#
