000
CXUS53 KGLD 010800
CF6HLC
PRELIMINARY LOCAL CLIMATOLOGICAL DATA (WS FORM: F-6)

                                          STATION:   HILL CITY KS
                                          MONTH:     OCTOBER
                                          YEAR:      2012
                                          LATITUDE:   39 22 N
                                          LONGITUDE:  99 50 W

  TEMPERATURE IN F:       :PCPN:    SNOW:  WIND      :SUNSHINE: SKY     :PK WND
================================================================================
1   2   3   4   5  6A  6B    7    8   9   10  11  12  13   14  15   16   17  18
                                     12Z  AVG MX 2MIN
DY MAX MIN AVG DEP HDD CDD  WTR  SNW DPTH SPD SPD DIR MIN PSBL S-S WX    SPD DR
================================================================================

 1  75  44  60   0   5   0 0.00    M    M 15.3 28 360   M    M   2        36 350
 2  77  35  56  -4   9   0 0.00    M    M  6.8 16 220   M    M   0        21 220
 3  87  46  67   7   0   2 0.02    M    M 12.0 33 360   M    M   1 3      44 360
 4  59  40  50  -9  15   0 0.00    M    M 11.7 28 350   M    M   2 8      35 350
 5  46  33  40 -19  25   0 0.14    M    M  6.7 13  50   M    M   5 1      16  50
 6  42  29  36 -22  29   0 0.20    M    M  5.0 13  50   M    M   8 1      16  50
 7  54  25  40 -18  25   0    T    M    M  6.3 16 230   M    M   3        20 220
 8  77  32  55  -2  10   0 0.00    M    M  9.3 20 210   M    M   0        25 200
 9  62  35  49  -8  16   0 0.00    M    M 10.5 30  10   M    M   0        37  10
10  67  28  48  -8  17   0 0.00    M    M  7.8 18 200   M    M   0        24 180
11  70  39  55  -1  10   0 0.00    M    M  8.9 24  30   M    M   0        30  30
12  55  39  47  -9  18   0 0.28    M    M  7.5 16 270   M    M   8 13     21 270
13  76  49  63   8   2   0 0.37    M    M  7.9 29 360   M    M   2 13     37  10
14  76  47  62   7   3   0 0.00    M    M 11.2 24 330   M    M   1        31 350
15  84  44  64  10   1   0 0.00    M    M  5.3 15 180   M    M   0        21 190
16  79  47  63   9   2   0 0.00    M    M  7.5 16 360   M    M   0        23 320
17  67  45  56   2   9   0    T    M    M 17.6 35 330   M    M   2        46 330
18  61  41  51  -2  14   0 0.00    M    M 23.0 43 310   M    M   5 8      58 310
19  69  36  53   0  12   0 0.00    M    M  9.6 23 320   M    M   0        29 320
20  85  31  58   6   7   0 0.00    M    M  4.2 15 230   M    M   0        21 220
21  83  38  61   9   4   0 0.00    M    M  5.7 17  10   M    M   0        22  10
22  62  46  54   2  11   0 0.00    M    M  7.3 23 350   M    M   7 18     28 350
23  70  44  57   6   8   0 0.00    M    M  4.5 12 300   M    M   6 12     14 290
24  52  43  48  -3  17   0 0.02    M    M 11.6 29  20   M    M  10 12     33  20
25  50  27  39 -11  26   0    T    M    M 16.4 30 350   M    M   6 1      39 350
26  43  20  32 -18  33   0 0.00    M    M  6.3 14 350   M    M   5        18  30
27  50  18  34 -16  31   0 0.00    M    M  5.6 16 170   M    M   1        22 220
28  58  21  40  -9  25   0 0.00    M    M  6.3 18 150   M    M   5        25 190
29  72  34  53   4  12   0 0.00    M    M  6.0 14 200   M    M   2        20 230
30  75  37  56   8   9   0 0.00    M    M  7.2 20 360   M    M   0 8      23 360
31  75  33  54   6  11   0 0.00    M    M  4.7 10  30   M    M   0 18     15  20
================================================================================
SM 2058 1126       416   2  1.03    M    275.7          M       81
================================================================================
AV 66.4 36.3                               8.9 FASTST   M    M   3    MAX(MPH)
                                 MISC ---->  # 43 310               # 58  310
================================================================================
NOTES:
# LAST OF SEVERAL OCCURRENCES

COLUMN 17 PEAK WIND IN M.P.H.

PRELIMINARY LOCAL CLIMATOLOGICAL DATA (WS FORM: F-6) , PAGE 2

                                          STATION:  HILL CITY KS
                                          MONTH:    OCTOBER
                                          YEAR:     2012
                                          LATITUDE:   39 22 N
                                          LONGITUDE:  99 50 W

[TEMPERATURE DATA]      [PRECIPITATION DATA]       SYMBOLS USED IN COLUMN 16

AVERAGE MONTHLY: 51.4   TOTAL FOR MONTH:   1.03    1 = FOG OR MIST
DPTR FM NORMAL:  -2.6   DPTR FM NORMAL:   -0.49    2 = FOG REDUCING VISIBILITY
HIGHEST:    87 ON  3    GRTST 24HR  0.65 ON 12-13      TO 1/4 MILE OR LESS
LOWEST:     18 ON 27                               3 = THUNDER
                        SNOW, ICE PELLETS, HAIL    4 = ICE PELLETS
                        TOTAL MONTH:    M          5 = HAIL
                        GRTST 24HR    M  ON   M    6 = FREEZING RAIN OR DRIZZLE
                        GRTST DEPTH:  M  ON   M    7 = DUSTSTORM OR SANDSTORM:
                                                       VSBY 1/2 MILE OR LESS
                                                   8 = SMOKE OR HAZE
[NO. OF DAYS WITH]      [WEATHER - DAYS WITH]      9 = BLOWING SNOW
                                                   X = TORNADO
MAX 32 OR BELOW:   0    0.01 INCH OR MORE:   6
MAX 90 OR ABOVE:   0    0.10 INCH OR MORE:   4
MIN 32 OR BELOW:   9    0.50 INCH OR MORE:   0
MIN  0 OR BELOW:   0    1.00 INCH OR MORE:   0

[HDD (BASE 65) ]
TOTAL THIS MO.   416    CLEAR  (SCALE 0-3)  21
DPTR FM NORMAL    57    PTCLDY (SCALE 4-7)   9
TOTAL FM JUL 1   480    CLOUDY (SCALE 8-10)  1
DPTR FM NORMAL    44

[CDD (BASE 65) ]
TOTAL THIS MO.     2
DPTR FM NORMAL   -16    [PRESSURE DATA]
TOTAL FM JAN 1  1761    HIGHEST SLP M ON M
DPTR FM NORMAL   461    LOWEST  SLP 29.41 ON 16

[REMARKS]
#FINAL-10-12#
