000
CXUS53 KGLD 011746
CF6HLC
PRELIMINARY LOCAL CLIMATOLOGICAL DATA (WS FORM: F-6)

                                          STATION:   HILL CITY KS
                                          MONTH:     MARCH
                                          YEAR:      2014
                                          LATITUDE:   39 22 N
                                          LONGITUDE:  99 50 W

  TEMPERATURE IN F:       :PCPN:    SNOW:  WIND      :SUNSHINE: SKY     :PK WND
================================================================================
1   2   3   4   5  6A  6B    7    8   9   10  11  12  13   14  15   16   17  18
                                     12Z  AVG MX 2MIN
DY MAX MIN AVG DEP HDD CDD  WTR  SNW DPTH SPD SPD DIR MIN PSBL S-S WX    SPD DR
================================================================================

 1  21   3  12 -25  53   0    T    M    M 16.2 23  50   M    M  10 8      28  20
 2   8   1   5 -32  60   0 0.00    M    M 10.4 18  30   M    M   9        22  30
 3  27   0  14 -24  51   0 0.00    M    M  9.8 23 190   M    M   0        31 200
 4  62  15  39   1  26   0 0.00    M    M  5.3 15 180   M    M   0        19 200
 5  41  24  33  -5  32   0 0.03    M    M  9.3 23  20   M    M   4 168    28  10
 6  66  22  44   5  21   0 0.00    M    M 10.0 22 180   M    M   2 1      31 190
 7  48  26  37  -2  28   0    T    M    M 17.4 31  20   M    M   5 1      38  30
 8  50  24  37  -2  28   0 0.02    M    M  8.0 20  10   M    M   3 18     23  10
 9  76  30  53  13  12   0 0.00    M    M 11.6 23 230   M    M   0        32 210
10  79  42  61  21   4   0 0.00    M    M  7.1 16 170   M    M   0        21 170
11  59  34  47   7  18   0 0.07    M    M 19.6 41 360   M    M   5 1      52 350
12  57  29  43   2  22   0 0.00    M    M 11.6 20 290   M    M   0        35 310
13  71  26  49   8  16   0 0.00    M    M  9.8 24 200   M    M   0        33 180
14  65  37  51  10  14   0 0.00    M    M 10.6 21 350   M    M   0        28 320
15  71  32  52  10  13   0 0.00    M    M 15.4 36 360   M    M   0        46 360
16  48  29  39  -3  26   0 0.00    M    M 10.9 28  10   M    M   4        35  10
17  75  32  54  12  11   0 0.00    M    M 12.7 26 180   M    M   0        35 170
18  50  32  41  -1  24   0 0.05    M    M 17.2 33 360   M    M   5 1      41 340
19  58  27  43   0  22   0 0.00    M    M  9.5 22 350   M    M   0        28 360
20  71  26  49   6  16   0 0.00    M    M  7.3 21 330   M    M   0        27 330
21  60  34  47   4  18   0 0.00    M    M 17.1 29 350   M    M   0        36 360
22  37  13  25 -19  40   0    T    M    M 12.9 26  20   M    M   7 1      32  20
23  45   7  26 -18  39   0 0.00    M    M  7.1 21 170   M    M   3        28 200
24  48  25  37  -7  28   0 0.00    M    M 11.5 24 350   M    M   3        32 360
25  49  27  38  -7  27   0 0.00    M    M  8.7 20 160   M    M   5        25 150
26  65  34  50   5  15   0 0.00    M    M 17.6 31 180   M    M   4 8      45 190
27  55  25  40  -5  25   0 0.00    M    M 15.6 32 340   M    M   3 18     41 330
28  66  24  45  -1  20   0 0.02    M    M  9.7 23 330   M    M   4 1      31 340
29  71  17  44  -2  21   0 0.00    M    M 11.6 24 180   M    M   0 1      34 170
30  76  49  63  17   2   0 0.00    M    M 15.5 30 180   M    M   0        42 170
31  65  31  48   2  17   0 0.00    M    M 22.0 41 310   M    M   5 8      55 300
================================================================================
SM 1740  777       749   0  0.19    M    379.0          M       81
================================================================================
AV 56.1 25.1                              12.2 FASTST   M    M   3    MAX(MPH)
                                 MISC ---->  # 41 360               # 55  300
================================================================================
NOTES:
# LAST OF SEVERAL OCCURRENCES

COLUMN 17 PEAK WIND IN M.P.H.

PRELIMINARY LOCAL CLIMATOLOGICAL DATA (WS FORM: F-6) , PAGE 2

                                          STATION:  HILL CITY KS
                                          MONTH:    MARCH
                                          YEAR:     2014
                                          LATITUDE:   39 22 N
                                          LONGITUDE:  99 50 W

[TEMPERATURE DATA]      [PRECIPITATION DATA]       SYMBOLS USED IN COLUMN 16

AVERAGE MONTHLY: 40.6   TOTAL FOR MONTH:   0.19    1 = FOG OR MIST
DPTR FM NORMAL:  -1.2   DPTR FM NORMAL:   -1.44    2 = FOG REDUCING VISIBILITY
HIGHEST:    79 ON 10    GRTST 24HR  0.07 ON 11-11      TO 1/4 MILE OR LESS
LOWEST:      0 ON  3                               3 = THUNDER
                        SNOW, ICE PELLETS, HAIL    4 = ICE PELLETS
                        TOTAL MONTH:    M          5 = HAIL
                        GRTST 24HR    M  ON   M    6 = FREEZING RAIN OR DRIZZLE
                        GRTST DEPTH:  M  ON   M    7 = DUSTSTORM OR SANDSTORM:
                                                       VSBY 1/2 MILE OR LESS
                                                   8 = SMOKE OR HAZE
[NO. OF DAYS WITH]      [WEATHER - DAYS WITH]      9 = BLOWING SNOW
                                                   X = TORNADO
MAX 32 OR BELOW:   3    0.01 INCH OR MORE:   5
MAX 90 OR ABOVE:   0    0.10 INCH OR MORE:   0
MIN 32 OR BELOW:  25    0.50 INCH OR MORE:   0
MIN  0 OR BELOW:   1    1.00 INCH OR MORE:   0

[HDD (BASE 65) ]
TOTAL THIS MO.   749    CLEAR  (SCALE 0-3)  17
DPTR FM NORMAL    30    PTCLDY (SCALE 4-7)  12
TOTAL FM JUL 1  5091    CLOUDY (SCALE 8-10)  2
DPTR FM NORMAL   122

[CDD (BASE 65) ]
TOTAL THIS MO.     0
DPTR FM NORMAL     0    [PRESSURE DATA]
TOTAL FM JAN 1     0    HIGHEST SLP 30.66 ON  2
DPTR FM NORMAL     0    LOWEST  SLP 29.23 ON 27

[REMARKS]
#FINAL-03-14#
