000
CXUS53 KGLD 010800
CF6HLC
PRELIMINARY LOCAL CLIMATOLOGICAL DATA (WS FORM: F-6)

                                          STATION:   HILL CITY KS
                                          MONTH:     JUNE
                                          YEAR:      2014
                                          LATITUDE:   39 22 N
                                          LONGITUDE:  99 50 W

  TEMPERATURE IN F:       :PCPN:    SNOW:  WIND      :SUNSHINE: SKY     :PK WND
================================================================================
1   2   3   4   5  6A  6B    7    8   9   10  11  12  13   14  15   16   17  18
                                     12Z  AVG MX 2MIN
DY MAX MIN AVG DEP HDD CDD  WTR  SNW DPTH SPD SPD DIR MIN PSBL S-S WX    SPD DR
================================================================================

 1  96  65  81  13   0  16 0.03    M    M 11.0 30 220   M    M   3 3      41 230
 2  88  61  75   7   0  10    T    M    M  6.0 15 360   M    M   3 1      19  10
 3  96  65  81  12   0  16 0.00    M    M 17.9 36 210   M    M   0 18     49 210
 4  81  64  73   4   0   8 0.00    M    M 12.4 23  20   M    M   5 18     29  50
 5  86  64  75   6   0  10 0.96    M    M  8.5 38  90   M    M   3 13     49  90
 6  85  61  73   3   0   8 0.03    M    M 11.6 36 320   M    M   1 13     49 320
 7  75  56  66  -4   0   1 0.02    M    M 12.9 29 350   M    M   7 1      35 350
 8  73  56  65  -5   0   0 0.99    M    M  9.7 22 260   M    M   8 13     27 260
 9  61  55  58 -13   7   0 1.99    M    M 15.8 30 350   M    M   9 13     37 350
10  79  52  66  -5   0   1    T    M    M  6.5 15 340   M    M   3 1      18 340
11  94  60  77   5   0  12 0.08    M    M 11.4 41 340   M    M   1 3      52 340
12  76  54  65  -7   0   0 0.00    M    M 10.5 22 350   M    M   1        28 340
13  83  52  68  -4   0   3 0.00    M    M 14.6 26 170   M    M   1        37 170
14  98  59  79   7   0  14 0.45    M    M 17.1 62 340   M    M   0 138    83 360
15  84  54  69  -4   0   4    T    M    M  7.0 15  30   M    M   0        18  50
16 100  67  84  11   0  19 0.00    M    M 18.5 30 190   M    M   3        47 190
17 100  74  87  13   0  22 0.00    M    M 17.0 29 200   M    M   0        41 200
18  95  69  82   8   0  17 0.21    M    M 12.2 37 300   M    M   0 3      50 300
19  87  61  74   0   0   9    T    M    M  9.2 26 360   M    M   1        33 300
20  96  62  79   5   0  14 0.00    M    M 11.1 24 180   M    M   0        34 180
21  93  65  79   4   0  14    T    M    M 13.8 29  50   M    M   0 3      37  60
22  91  65  78   3   0  13 0.03    M    M  9.9 21  30   M    M   2 3      28  30
23  84  64  74  -1   0   9 0.01    M    M  8.5 20 360   M    M   2        24 360
24  74  62  68  -8   0   3 0.51    M    M  4.5 21 350   M    M   4 13     26 350
25  88  59  74  -2   0   9 0.00    M    M  6.2 28 310   M    M   1 13     41 320
26  87  62  75  -1   0  10 1.02    M    M 11.9 45 320   M    M   3 13     62 320
27  87  62  75  -2   0  10 0.33    M    M 13.7 30 160   M    M   7 13     42 160
28  87  62  75  -2   0  10 0.27    M    M  8.9 17 130   M    M   3 3      24 130
29  87  69  78   1   0  13 0.00    M    M  8.1 29 180   M    M   2 1      40 180
30  93  68  81   4   0  16    T    M    M  9.8 23  20   M    M   0 8      28 360
================================================================================
SM 2604 1849         7 291  6.93    M    336.2          M       73
================================================================================
AV 86.8 61.6                              11.2 FASTST   M    M   2    MAX(MPH)
                                 MISC ---->  # 62 340               # 83  360
================================================================================
NOTES:
# LAST OF SEVERAL OCCURRENCES

COLUMN 17 PEAK WIND IN M.P.H.

PRELIMINARY LOCAL CLIMATOLOGICAL DATA (WS FORM: F-6) , PAGE 2

                                          STATION:  HILL CITY KS
                                          MONTH:    JUNE
                                          YEAR:     2014
                                          LATITUDE:   39 22 N
                                          LONGITUDE:  99 50 W

[TEMPERATURE DATA]      [PRECIPITATION DATA]       SYMBOLS USED IN COLUMN 16

AVERAGE MONTHLY: 74.2   TOTAL FOR MONTH:   6.93    1 = FOG OR MIST
DPTR FM NORMAL:   1.3   DPTR FM NORMAL:    4.17    2 = FOG REDUCING VISIBILITY
HIGHEST:   100 ON 17,16 GRTST 24HR  2.98 ON  8- 9      TO 1/4 MILE OR LESS
LOWEST:     52 ON 13,10                            3 = THUNDER
                        SNOW, ICE PELLETS, HAIL    4 = ICE PELLETS
                        TOTAL MONTH:    M          5 = HAIL
                        GRTST 24HR    M  ON   M    6 = FREEZING RAIN OR DRIZZLE
                        GRTST DEPTH:  M  ON   M    7 = DUSTSTORM OR SANDSTORM:
                                                       VSBY 1/2 MILE OR LESS
                                                   8 = SMOKE OR HAZE
[NO. OF DAYS WITH]      [WEATHER - DAYS WITH]      9 = BLOWING SNOW
                                                   X = TORNADO
MAX 32 OR BELOW:   0    0.01 INCH OR MORE:  15
MAX 90 OR ABOVE:  11    0.10 INCH OR MORE:   9
MIN 32 OR BELOW:   0    0.50 INCH OR MORE:   5
MIN  0 OR BELOW:   0    1.00 INCH OR MORE:   2

[HDD (BASE 65) ]
TOTAL THIS MO.     7    CLEAR  (SCALE 0-3)  22
DPTR FM NORMAL   -12    PTCLDY (SCALE 4-7)   7
TOTAL FM JUL 1  5589    CLOUDY (SCALE 8-10)  1
DPTR FM NORMAL    46

[CDD (BASE 65) ]
TOTAL THIS MO.   291
DPTR FM NORMAL    35    [PRESSURE DATA]
TOTAL FM JAN 1   434    HIGHEST SLP M ON M
DPTR FM NORMAL   100    LOWEST  SLP 29.41 ON 14

[REMARKS]
#FINAL-06-14#
