000
CXUS53 KGLD 010800
CF6HLC
PRELIMINARY LOCAL CLIMATOLOGICAL DATA (WS FORM: F-6)

                                          STATION:   HILL CITY KS
                                          MONTH:     NOVEMBER
                                          YEAR:      2016
                                          LATITUDE:   39 22 N
                                          LONGITUDE:  99 50 W

  TEMPERATURE IN F:       :PCPN:    SNOW:  WIND      :SUNSHINE: SKY     :PK WND
================================================================================
1   2   3   4   5  6A  6B    7    8   9   10  11  12  13   14  15   16   17  18
                                     12Z  AVG MX 2MIN
DY MAX MIN AVG DEP HDD CDD  WTR  SNW DPTH SPD SPD DIR MIN PSBL S-S WX    SPD DR
================================================================================

 1  75  50  63  16   2   0 0.00    M    M  9.3 15 350   M    M   0        19 350
 2  73  41  57  10   8   0 0.00    M    M  7.6 16 360   M    M   1        22 350
 3  76  37  57  11   8   0 0.00    M    M  4.7  9 310   M    M   0 8      13 320
 4  77  36  57  11   8   0 0.00    M    M  6.2 14 180   M    M   0 18     19 200
 5  72  35  54   8  11   0 0.00    M    M  6.1 17 160   M    M   0        22 150
 6  67  52  60  15   5   0 0.05    M    M  9.6 20 180   M    M   8 1      26 170
 7  58  50  54   9  11   0 0.25    M    M  5.8 18  30   M    M   9 1      26  20
 8  60  32  46   2  19   0 0.00    M    M  9.0 15  20   M    M   1        20  20
 9  65  29  47   3  18   0 0.00    M    M  6.6 15 240   M    M   0        19 190
10  77  24  51   8  14   0 0.00    M    M  5.6 17  30   M    M   0        24  30
11  60  26  43   0  22   0 0.00    M    M  7.6 17  70   M    M   0        22  60
12  60  20  40  -2  25   0 0.00    M    M  5.9 16 220   M    M   0        20 210
13  73  31  52  10  13   0 0.00    M    M  7.4 17 360   M    M   0        22 350
14  73  37  55  14  10   0 0.00    M    M  6.2 14 250   M    M   0 8      18 250
15  76  36  56  15   9   0 0.00    M    M  5.9 17 360   M    M   0 18     21 360
16  85  33  59  19   6   0 0.00    M    M  7.7 25 200   M    M   0 18     33 200
17  64  38  51  11  14   0 0.06    M    M 11.9 22  30   M    M   4 13     29  10
18  43  23  33  -6  32   0    T    M    M 18.2 35 340   M    M   3 1      43 330
19  48  15  32  -7  33   0 0.00    M    M  8.1 17 170   M    M   0        25 150
20  54  23  39   1  26   0 0.00    M    M  3.0  8  90   M    M   0        12 130
21  58  25  42   4  23   0    T    M    M  7.4 17 100   M    M   3        23 120
22  50  40  45   7  20   0 0.01    M    M 13.9 30 350   M    M   6 1      38 350
23  56  30  43   6  22   0 0.00    M    M  7.2 15 320   M    M   1        21 340
24  52  23  38   1  27   0 0.00    M    M  8.2 22 330   M    M   4 18     28 320
25  58  22  40   4  25   0 0.00    M    M  8.2 17 220   M    M   0 1      23 220
26  63  21  42   6  23   0 0.00    M    M  5.4 14 220   M    M   0        17 220
27  68  30  49  14  16   0 0.08    M    M 12.3 31 290   M    M   3 13     42 300
28  57  32  45  10  20   0 0.00    M    M 12.0 26 310   M    M   1        37 310
29  45  29  37   3  28   0 0.00    M    M 12.7 26 310   M    M   6        36 310
30  48  20  34   0  31   0 0.00    M    M 12.5 30 310   M    M   2        41 310
================================================================================
SM 1891  940       529   0  0.45    M    252.2          M       52
================================================================================
AV 63.0 31.3                               8.4 FASTST   M    M   2    MAX(MPH)
                                 MISC ---->  # 35 340               # 43  330
================================================================================
NOTES:
# LAST OF SEVERAL OCCURRENCES

COLUMN 17 PEAK WIND IN M.P.H.

PRELIMINARY LOCAL CLIMATOLOGICAL DATA (WS FORM: F-6) , PAGE 2

                                          STATION:  HILL CITY KS
                                          MONTH:    NOVEMBER
                                          YEAR:     2016
                                          LATITUDE:   39 22 N
                                          LONGITUDE:  99 50 W

[TEMPERATURE DATA]      [PRECIPITATION DATA]       SYMBOLS USED IN COLUMN 16

AVERAGE MONTHLY: 47.2   TOTAL FOR MONTH:   0.45    1 = FOG OR MIST
DPTR FM NORMAL:   6.5   DPTR FM NORMAL:   -0.50    2 = FOG REDUCING VISIBILITY
HIGHEST:    85 ON 16    GRTST 24HR  0.30 ON  6- 7      TO 1/4 MILE OR LESS
LOWEST:     15 ON 19                               3 = THUNDER
                        SNOW, ICE PELLETS, HAIL    4 = ICE PELLETS
                        TOTAL MONTH:    M          5 = HAIL
                        GRTST 24HR    M  ON   M    6 = FREEZING RAIN OR DRIZZLE
                        GRTST DEPTH:  M  ON   M    7 = DUSTSTORM OR SANDSTORM:
                                                       VSBY 1/2 MILE OR LESS
                                                   8 = SMOKE OR HAZE
[NO. OF DAYS WITH]      [WEATHER - DAYS WITH]      9 = BLOWING SNOW
                                                   X = TORNADO
MAX 32 OR BELOW:   0    0.01 INCH OR MORE:   5
MAX 90 OR ABOVE:   0    0.10 INCH OR MORE:   1
MIN 32 OR BELOW:  18    0.50 INCH OR MORE:   0
MIN  0 OR BELOW:   0    1.00 INCH OR MORE:   0

[HDD (BASE 65) ]
TOTAL THIS MO.   529    CLEAR  (SCALE 0-3)  24
DPTR FM NORMAL  -202    PTCLDY (SCALE 4-7)   4
TOTAL FM JUL 1   762    CLOUDY (SCALE 8-10)  2
DPTR FM NORMAL  -405

[CDD (BASE 65) ]
TOTAL THIS MO.     0
DPTR FM NORMAL     0    [PRESSURE DATA]
TOTAL FM JAN 1  1448    HIGHEST SLP M ON M
DPTR FM NORMAL   148    LOWEST  SLP 29.19 ON 27

[REMARKS]
#FINAL-11-16#
