000
CXUS53 KGLD 010800
CF6HLC
PRELIMINARY LOCAL CLIMATOLOGICAL DATA (WS FORM: F-6)

                                          STATION:   HILL CITY KS
                                          MONTH:     JANUARY
                                          YEAR:      2018
                                          LATITUDE:   39 22 N
                                          LONGITUDE:  99 50 W

  TEMPERATURE IN F:       :PCPN:    SNOW:  WIND      :SUNSHINE: SKY     :PK WND
================================================================================
1   2   3   4   5  6A  6B    7    8   9   10  11  12  13   14  15   16   17  18
                                     12Z  AVG MX 2MIN
DY MAX MIN AVG DEP HDD CDD  WTR  SNW DPTH SPD SPD DIR MIN PSBL S-S WX    SPD DR
================================================================================

 1  14   2   8 -21  57   0    T    M    M  6.5 14 130   M    M   6 8      19 130
 2  30  -2  14 -15  51   0 0.00    M    M  6.9 15 240   M    M   0        22 250
 3  40  16  28  -1  37   0 0.00    M    M  7.4 18 350   M    M   0        23 350
 4  52  10  31   2  34   0 0.00    M    M  5.4 17 220   M    M   0        24 240
 5  33  12  23  -6  42   0 0.00    M    M  7.1 15 100   M    M   0 18     19 120
 6  39   7  23  -6  42   0 0.00    M    M  7.0 17 180   M    M   1 18     25 170
 7  56  22  39  10  26   0 0.00    M    M  9.7 24 340   M    M   2 8      32 340
 8  60  22  41  12  24   0 0.00    M    M  7.1 16 200   M    M   0        22 200
 9  59  30  45  16  20   0 0.00    M    M  4.4 13 190   M    M   0 8      19 180
10  66  20  43  14  22   0    T    M    M  8.9 43 350   M    M   1 18     55  10
11  30   3  17 -12  48   0 0.04    M    M 20.5 40 350   M    M   3 128    51 340
12  16   1   9 -20  56   0    T    M    M  6.8 14  20   M    M   7 8      16  90
13  22   7  15 -14  50   0 0.00    M    M  5.8 13 160   M    M   9 8      17 180
14  51  17  34   5  31   0 0.01    M    M 10.0 23  10   M    M   5 1      30 360
15  34   2  18 -11  47   0    T    M    M 17.2 33 360   M    M   4 1      41 350
16  19  -3   8 -21  57   0 0.00    M    M  5.8 16 340   M    M   0        21 330
17  40   4  22  -7  43   0 0.00    M    M  6.4 14 240   M    M   0        17 210
18  64  15  40  11  25   0 0.00    M    M  6.9 14 240   M    M   0 8      20 240
19  70  26  48  19  17   0 0.00    M    M  5.8 14 200   M    M   0 8      19 210
20  52  20  36   7  29   0 0.00    M    M  6.7 14  30   M    M   0        18 350
21  38  33  36   7  29   0 0.30    M    M 14.0 26 350   M    M  10 1      34 350
22  36  25  31   1  34   0 0.03    M    M 23.0 40 340   M    M   6 128    54 350
23  41  19  30   0  35   0 0.00    M    M  9.3 18 310   M    M   0        24 320
24  57  16  37   7  28   0 0.00    M    M  8.1 22 230   M    M   0        31 220
25  69  17  43  13  22   0 0.00    M    M  9.3 23 190   M    M   0        36 180
26  54  28  41  11  24   0 0.00    M    M 14.6 29 350   M    M   1        40 210
27  52  20  36   6  29   0 0.00    M    M  8.6 22 320   M    M   0 8      30 330
28  36  13  25  -5  40   0 0.00    M    M  6.8 18  10   M    M   3 18     24  10
29  49  13  31   1  34   0 0.00    M    M  6.1 14 170   M    M   7        20 180
30  66  24  45  15  20   0 0.00    M    M  6.9 18 200   M    M   0        24 200
31  50  32  41  11  24   0 0.00    M    M 11.6 26  10   M    M   0        35  20
================================================================================
SM 1395  471      1077   0  0.38    M    280.6          M       65
================================================================================
AV 45.0 15.2                               9.1 FASTST   M    M   2    MAX(MPH)
                                 MISC ---->  # 43 350               # 55   10
================================================================================
NOTES:
# LAST OF SEVERAL OCCURRENCES

COLUMN 17 PEAK WIND IN M.P.H.

PRELIMINARY LOCAL CLIMATOLOGICAL DATA (WS FORM: F-6) , PAGE 2

                                          STATION:  HILL CITY KS
                                          MONTH:    JANUARY
                                          YEAR:     2018
                                          LATITUDE:   39 22 N
                                          LONGITUDE:  99 50 W

[TEMPERATURE DATA]      [PRECIPITATION DATA]       SYMBOLS USED IN COLUMN 16

AVERAGE MONTHLY: 30.1   TOTAL FOR MONTH:   0.38    1 = FOG OR MIST
DPTR FM NORMAL:   0.8   DPTR FM NORMAL:   -0.07    2 = FOG REDUCING VISIBILITY
HIGHEST:    70 ON 19    GRTST 24HR  0.30 ON 21-21      TO 1/4 MILE OR LESS
LOWEST:     -3 ON 16                               3 = THUNDER
                        SNOW, ICE PELLETS, HAIL    4 = ICE PELLETS
                        TOTAL MONTH:    M          5 = HAIL
                        GRTST 24HR    M  ON   M    6 = FREEZING RAIN OR DRIZZLE
                        GRTST DEPTH:  M  ON   M    7 = DUSTSTORM OR SANDSTORM:
                                                       VSBY 1/2 MILE OR LESS
                                                   8 = SMOKE OR HAZE
[NO. OF DAYS WITH]      [WEATHER - DAYS WITH]      9 = BLOWING SNOW
                                                   X = TORNADO
MAX 32 OR BELOW:   6    0.01 INCH OR MORE:   4
MAX 90 OR ABOVE:   0    0.10 INCH OR MORE:   1
MIN 32 OR BELOW:  30    0.50 INCH OR MORE:   0
MIN  0 OR BELOW:   2    1.00 INCH OR MORE:   0

[HDD (BASE 65) ]
TOTAL THIS MO.  1077    CLEAR  (SCALE 0-3)  23
DPTR FM NORMAL   -30    PTCLDY (SCALE 4-7)   6
TOTAL FM JUL 1  3100    CLOUDY (SCALE 8-10)  2
DPTR FM NORMAL  -251

[CDD (BASE 65) ]
TOTAL THIS MO.     0
DPTR FM NORMAL     0    [PRESSURE DATA]
TOTAL FM JAN 1     0    HIGHEST SLP M ON M
DPTR FM NORMAL     0    LOWEST  SLP 29.26 ON 10

[REMARKS]
#FINAL-01-18#
