000
CXUS53 KGLD 011635
CF6HLC
PRELIMINARY LOCAL CLIMATOLOGICAL DATA (WS FORM: F-6)

                                          STATION:   HILL CITY KS
                                          MONTH:     NOVEMBER
                                          YEAR:      2012
                                          LATITUDE:   39 22 N
                                          LONGITUDE:  99 50 W

  TEMPERATURE IN F:       :PCPN:    SNOW:  WIND      :SUNSHINE: SKY     :PK WND
================================================================================
1   2   3   4   5  6A  6B    7    8   9   10  11  12  13   14  15   16   17  18
                                     12Z  AVG MX 2MIN
DY MAX MIN AVG DEP HDD CDD  WTR  SNW DPTH SPD SPD DIR MIN PSBL S-S WX    SPD DR
================================================================================

 1  75  38  57  10   8   0 0.00    M    M  6.4 12  80   M    M   0        21 300
 2  66  32  49   2  16   0 0.00    M    M  9.8 26 360   M    M   0 18     31 360
 3  63  26  45  -1  20   0 0.00    M    M  4.7 10 340   M    M   0 1       M  M
 4  71  32  52   6  13   0 0.00    M    M  7.0 12  10   M    M   2        16 320
 5  58  36  47   1  18   0 0.00    M    M  7.6 18 360   M    M   2 8      24 350
 6  67  32  50   5  15   0 0.00    M    M  8.9 21 350   M    M   1        28 340
 7  69  26  48   3  17   0 0.00    M    M  7.4 18 150   M    M   0 8      23 170
 8  67  29  48   4  17   0 0.00    M    M  3.5 12  40   M    M   0 8      16  30
 9  60  32  46   2  19   0 0.00    M    M  5.9 13  50   M    M   0 1      18  80
10  81  28  55  12  10   0 0.00    M    M 16.0 40 200   M    M   4 18     55 200
11  40  16  28 -15  37   0 0.00    M    M 14.3 29 350   M    M   4        37 350
12  52  13  33  -9  32   0 0.00    M    M  8.4 23 320   M    M   0        30 310
13  59  16  38  -4  27   0 0.00    M    M  4.9 17 180   M    M   0        21 170
14  61  19  40  -1  25   0 0.00    M    M  4.5 12 160   M    M   0        16 150
15  60  25  43   2  22   0 0.00    M    M  4.6 15  70   M    M   1        20  80
16  61  19  40   0  25   0 0.00    M    M  6.5 18 170   M    M   0        25 170
17  66  38  52  12  13   0 0.00    M    M  9.3 21 210   M    M   0 8      25 210
18  65  33  49  10  16   0 0.00    M    M  6.9 20 190   M    M   0        26 170
19  70  29  50  11  15   0 0.00    M    M  7.1 21 330   M    M   0        24 330
20  72  27  50  12  15   0 0.00    M    M  6.1 17 210   M    M   0        22 210
21  75  43  59  21   6   0 0.00    M    M 11.0 24 210   M    M   0        33 210
22  65  32  49  11  16   0 0.00    M    M 11.5 30 340   M    M   0        33 350
23  46  22  34  -3  31   0 0.00    M    M  6.1 20 350   M    M   0 8      23 360
24  69  20  45   8  20   0 0.00    M    M  5.2 10 310   M    M   0        14 300
25  56  29  43   7  22   0 0.00    M    M  8.6 16  40   M    M   0        21  40
26  40  13  27  -9  38   0 0.00    M    M  8.1 21  30   M    M   4 18     24  40
27  54  12  33  -2  32   0 0.00    M    M  5.5 20 220   M    M   0 1      24 210
28  56  14  35   0  30   0 0.00    M    M  3.6 13 190   M    M   0 1      16 210
29  66  20  43   9  22   0 0.00    M    M  4.1 18 350   M    M   0        22 360
30  61  22  42   8  23   0 0.00    M    M  4.6 14 140   M    M   0 8      17 130
================================================================================
SM 1871  773       620   0  0.00    M    218.1          M       18
================================================================================
AV 62.4 25.8                               7.3 FASTST   M    M   1    MAX(MPH)
                                 MISC ---->  # 40 200               # 55  200
================================================================================
NOTES:
# LAST OF SEVERAL OCCURRENCES

COLUMN 17 PEAK WIND IN M.P.H.

PRELIMINARY LOCAL CLIMATOLOGICAL DATA (WS FORM: F-6) , PAGE 2

                                          STATION:  HILL CITY KS
                                          MONTH:    NOVEMBER
                                          YEAR:     2012
                                          LATITUDE:   39 22 N
                                          LONGITUDE:  99 50 W

[TEMPERATURE DATA]      [PRECIPITATION DATA]       SYMBOLS USED IN COLUMN 16

AVERAGE MONTHLY: 44.1   TOTAL FOR MONTH:   0.00    1 = FOG OR MIST
DPTR FM NORMAL:   3.4   DPTR FM NORMAL:   -0.95    2 = FOG REDUCING VISIBILITY
HIGHEST:    81 ON 10    GRTST 24HR  0.00 ON 30-30      TO 1/4 MILE OR LESS
LOWEST:     12 ON 27                               3 = THUNDER
                        SNOW, ICE PELLETS, HAIL    4 = ICE PELLETS
                        TOTAL MONTH:    M          5 = HAIL
                        GRTST 24HR    M  ON   M    6 = FREEZING RAIN OR DRIZZLE
                        GRTST DEPTH:  M  ON   M    7 = DUSTSTORM OR SANDSTORM:
                                                       VSBY 1/2 MILE OR LESS
                                                   8 = SMOKE OR HAZE
[NO. OF DAYS WITH]      [WEATHER - DAYS WITH]      9 = BLOWING SNOW
                                                   X = TORNADO
MAX 32 OR BELOW:   0    0.01 INCH OR MORE:   0
MAX 90 OR ABOVE:   0    0.10 INCH OR MORE:   0
MIN 32 OR BELOW:  25    0.50 INCH OR MORE:   0
MIN  0 OR BELOW:   0    1.00 INCH OR MORE:   0

[HDD (BASE 65) ]
TOTAL THIS MO.   620    CLEAR  (SCALE 0-3)  27
DPTR FM NORMAL  -111    PTCLDY (SCALE 4-7)   3
TOTAL FM JUL 1  1100    CLOUDY (SCALE 8-10)  0
DPTR FM NORMAL   -67

[CDD (BASE 65) ]
TOTAL THIS MO.     0
DPTR FM NORMAL     0    [PRESSURE DATA]
TOTAL FM JAN 1  1761    HIGHEST SLP M ON M
DPTR FM NORMAL   461    LOWEST  SLP 29.33 ON 10

[REMARKS]
#FINAL-11-12#
