000
CXUS53 KGLD 010800
CF6HLC
PRELIMINARY LOCAL CLIMATOLOGICAL DATA (WS FORM: F-6)

                                          STATION:   HILL CITY KS
                                          MONTH:     JULY
                                          YEAR:      2012
                                          LATITUDE:   39 22 N
                                          LONGITUDE:  99 50 W

  TEMPERATURE IN F:       :PCPN:    SNOW:  WIND      :SUNSHINE: SKY     :PK WND
================================================================================
1   2   3   4   5  6A  6B    7    8   9   10  11  12  13   14  15   16   17  18
                                     12Z  AVG MX 2MIN
DY MAX MIN AVG DEP HDD CDD  WTR  SNW DPTH SPD SPD DIR MIN PSBL S-S WX    SPD DR
================================================================================

 1  98  63  81   3   0  16 0.00    M    M  9.7 37 190   M    M   0        49 180
 2 102  74  88  10   0  23 0.00    M    M 10.3 21 150   M    M   0        28 160
 3 102  71  87   9   0  22 0.00    M    M 11.3 22 170   M    M   0        31 170
 4 105  78  92  14   0  27 0.00    M    M 15.1 25 180   M    M   1        36 200
 5 104  80  92  14   0  27 0.00    M    M 12.3 23 170   M    M   1 8      30 180
 6 104  75  90  11   0  25 0.00    M    M 10.8 24 190   M    M   1        32 220
 7  97  68  83   4   0  18 0.00    M    M  9.6 22  10   M    M   1        26  10
 8  84  66  75  -4   0  10 0.38    M    M 11.2 28 290   M    M   4 13     39 300
 9  75  61  68 -11   0   3    T    M    M  8.7 20  60   M    M   8        25  50
10  91  59  75  -4   0  10 0.00    M    M  5.8 17  70   M    M   1        24 120
11  93  54  74  -5   0   9 0.00    M    M  3.1 12 100   M    M   0        20 170
12  99  57  78  -1   0  13 0.00    M    M  5.8 16 130   M    M   0        21 140
13 102  64  83   4   0  18    T    M    M  5.3 15  70   M    M   1 3      18  90
14 103  67  85   5   0  20 0.00    M    M  5.7 17 140   M    M   2        26 120
15 104  71  88   8   0  23 0.00    M    M 12.1 24 180   M    M   0        33 160
16 101  73  87   7   0  22 0.00    M    M 10.9 21 180   M    M   1        28 180
17 106  73  90  10   0  25 0.00    M    M  7.8 16 200   M    M   1        24 200
18 105  69  87   7   0  22 0.00    M    M  7.1 17  10   M    M   0        23  40
19 107  69  88   8   0  23 0.00    M    M  7.5 20  80   M    M   0        25  60
20 107  68  88   8   0  23 0.00    M    M  7.7 17 140   M    M   0        22 130
21 108  77  93  13   0  28 0.00    M    M 10.4 20 160   M    M   0        26 170
22 107  68  88   8   0  23 0.00    M    M  8.4 21 180   M    M   0        25 180
23 107  71  89   9   0  24 0.00    M    M  9.5 22 160   M    M   0        28 150
24 109  78  94  14   0  29 0.00    M    M 11.9 23 190   M    M   0        35 190
25 106  74  90  10   0  25 0.05    M    M  9.9 30  90   M    M   1 3      43 120
26  98  66  82   2   0  17 0.00    M    M  5.4 16  10   M    M   1        22  10
27 101  68  85   6   0  20 0.00    M    M  7.6 20  80   M    M   0        24  80
28 107  73  90  11   0  25 0.20    M    M 11.6 33 350   M    M   1 3      38 340
29 100  75  88   9   0  23 0.01    M    M 10.4 31 340   M    M   0 3      41 330
30  96  70  83   4   0  18    T    M    M  8.9 36  10   M    M   1        46  20
31 100  69  85   6   0  20    T    M    M  6.0 14  90   M    M   0        16  80
================================================================================
SM 3128 2149         0 631  0.64    M    277.8          M       26
================================================================================
AV100.9 69.3                               9.0 FASTST   M    M   1    MAX(MPH)
                                 MISC ---->  # 37 190               # 49  180
================================================================================
NOTES:
# LAST OF SEVERAL OCCURRENCES

COLUMN 17 PEAK WIND IN M.P.H.

PRELIMINARY LOCAL CLIMATOLOGICAL DATA (WS FORM: F-6) , PAGE 2

                                          STATION:  HILL CITY KS
                                          MONTH:    JULY
                                          YEAR:     2012
                                          LATITUDE:   39 22 N
                                          LONGITUDE:  99 50 W

[TEMPERATURE DATA]      [PRECIPITATION DATA]       SYMBOLS USED IN COLUMN 16

AVERAGE MONTHLY: 85.1   TOTAL FOR MONTH:   0.64    1 = FOG OR MIST
DPTR FM NORMAL:   6.0   DPTR FM NORMAL:   -3.07    2 = FOG REDUCING VISIBILITY
HIGHEST:   109 ON 24    GRTST 24HR  0.42 ON 30- 1      TO 1/4 MILE OR LESS
LOWEST:     54 ON 11                               3 = THUNDER
                        SNOW, ICE PELLETS, HAIL    4 = ICE PELLETS
                        TOTAL MONTH:    M          5 = HAIL
                        GRTST 24HR    M  ON   M    6 = FREEZING RAIN OR DRIZZLE
                        GRTST DEPTH:  M  ON   M    7 = DUSTSTORM OR SANDSTORM:
                                                       VSBY 1/2 MILE OR LESS
                                                   8 = SMOKE OR HAZE
[NO. OF DAYS WITH]      [WEATHER - DAYS WITH]      9 = BLOWING SNOW
                                                   X = TORNADO
MAX 32 OR BELOW:   0    0.01 INCH OR MORE:   4
MAX 90 OR ABOVE:  29    0.10 INCH OR MORE:   2
MIN 32 OR BELOW:   0    0.50 INCH OR MORE:   0
MIN  0 OR BELOW:   0    1.00 INCH OR MORE:   0

[HDD (BASE 65) ]
TOTAL THIS MO.     0    CLEAR  (SCALE 0-3)  29
DPTR FM NORMAL    -1    PTCLDY (SCALE 4-7)   2
TOTAL FM JUL 1     0    CLOUDY (SCALE 8-10)  0
DPTR FM NORMAL    -1

[CDD (BASE 65) ]
TOTAL THIS MO.   631
DPTR FM NORMAL   192    [PRESSURE DATA]
TOTAL FM JAN 1  1273    HIGHEST SLP M ON M
DPTR FM NORMAL   500    LOWEST  SLP 29.61 ON 24

[REMARKS]
#FINAL-07-12#
