000
CXUS53 KGLD 042339
CF6HLC
PRELIMINARY LOCAL CLIMATOLOGICAL DATA (WS FORM: F-6)

                                          STATION:   HILL CITY KS
                                          MONTH:     AUGUST
                                          YEAR:      2012
                                          LATITUDE:   39 22 N
                                          LONGITUDE:  99 50 W

  TEMPERATURE IN F:       :PCPN:    SNOW:  WIND      :SUNSHINE: SKY     :PK WND
================================================================================
1   2   3   4   5  6A  6B    7    8   9   10  11  12  13   14  15   16   17  18
                                     12Z  AVG MX 2MIN
DY MAX MIN AVG DEP HDD CDD  WTR  SNW DPTH SPD SPD DIR MIN PSBL S-S WX    SPD DR
================================================================================

 1 104  73  89  10   0  24 0.00    M    M  8.5 14 130   M    M   0 3      31  10
 2  99  70  85   6   0  20 0.01    M    M  7.5 30  10   M    M   0        36  10
 3 101  69  85   6   0  20 0.00    M    M  6.2 16 160   M    M   0        23 160
 4  86  55  71  -8   0   6 0.01    M    M 11.2 35  10   M    M   1 8      43  10
 5  95  50  73  -5   0   8 0.00    M    M  6.3 17 140   M    M   0        22 140
 6 104  65  85   7   0  20 0.00    M    M  7.0 21 190   M    M   0        26 190
 7  93  67  80   2   0  15    T    M    M  7.6 17 110   M    M   0        28  70
 8 105  63  84   6   0  19 0.00    M    M  8.2 17  10   M    M   0        33 340
 9  89  58  74  -4   0   9 0.00    M    M 10.0 18  40   M    M   0        24  30
10  90  56  73  -5   0   8 0.00    M    M  5.3 14  80   M    M   0        17  80
11  95  59  77  -1   0  12    T    M    M 10.4 23 170   M    M   1 3      32 180
12  93  63  78   0   0  13 0.00    M    M 13.2 26 330   M    M   1 3      33 330
13  86  52  69  -8   0   4 0.00    M    M  5.8 14  80   M    M   1        18  80
14  83  61  72  -5   0   7 0.50    M    M 10.8 22 160   M    M   5 1      28 170
15 100  62  81   4   0  16 0.08    M    M 11.5 23  10   M    M   0 13     31 360
16  77  56  67 -10   0   2 0.00    M    M 10.6 24  10   M    M   0 8      31  20
17  80  49  65 -12   0   0 0.00    M    M  4.7 14  80   M    M   2         M  M
18  88  54  71  -5   0   6 0.05    M    M  9.6 24 350   M    M   1 1      33 330
19  83  50  67  -9   0   2 0.00    M    M  6.4 15  40   M    M   0        28  70
20  90  49  70  -6   0   5 0.00    M    M  6.4 15 180   M    M   0        22 200
21  93  65  79   3   0  14 0.00    M    M  9.2 18 170   M    M   1        26 170
22  93  65  79   3   0  14 0.00    M    M 12.6 23 180   M    M   0        32 180
23  94  69  82   6   0  17 0.30    M    M 11.4 26  50   M    M   2 13     35  50
24  83  67  75   0   0  10 0.13    M    M  9.3 20 130   M    M   9 13     25 150
25  84  64  74  -1   0   9 0.19    M    M  4.3 16 220   M    M   6        23 210
26  90  60  75   0   0  10 0.00    M    M  4.8 13  80   M    M   1 12     17  90
27  95  63  79   5   0  14 0.00    M    M  5.8 15 170   M    M   0 1      26 100
28  98  65  82   8   0  17 0.00    M    M 10.2  M   M   M    M   0         M  M
29  99  63  81   7   0  16 0.00    M    M 10.0 20 190   M    M   0        26 220
30 101  63  82   8   0  17 0.00    M    M  7.5 18 230   M    M   0        24 220
31  96  57  77   4   0  12 0.00    M    M  3.3 15  80   M    M   0 8      24  90
================================================================================
SM 2867 1882         0 366  1.27    M    255.6          M       31
================================================================================
AV 92.5 60.7                               8.2 FASTST   M    M   1    MAX(MPH)
                                 MISC ---->   999999M                999999 M
================================================================================
NOTES:
# LAST OF SEVERAL OCCURRENCES

COLUMN 17 PEAK WIND IN M.P.H.

PRELIMINARY LOCAL CLIMATOLOGICAL DATA (WS FORM: F-6) , PAGE 2

                                          STATION:  HILL CITY KS
                                          MONTH:    AUGUST
                                          YEAR:     2012
                                          LATITUDE:   39 22 N
                                          LONGITUDE:  99 50 W

[TEMPERATURE DATA]      [PRECIPITATION DATA]       SYMBOLS USED IN COLUMN 16

AVERAGE MONTHLY: 76.6   TOTAL FOR MONTH:   1.27    1 = FOG OR MIST
DPTR FM NORMAL:  -0.0   DPTR FM NORMAL:   -1.64    2 = FOG REDUCING VISIBILITY
HIGHEST:   105 ON  8    GRTST 24HR  0.50 ON 14-14      TO 1/4 MILE OR LESS
LOWEST:     49 ON 20,17                            3 = THUNDER
                        SNOW, ICE PELLETS, HAIL    4 = ICE PELLETS
                        TOTAL MONTH:    M          5 = HAIL
                        GRTST 24HR    M  ON   M    6 = FREEZING RAIN OR DRIZZLE
                        GRTST DEPTH:  M  ON   M    7 = DUSTSTORM OR SANDSTORM:
                                                       VSBY 1/2 MILE OR LESS
                                                   8 = SMOKE OR HAZE
[NO. OF DAYS WITH]      [WEATHER - DAYS WITH]      9 = BLOWING SNOW
                                                   X = TORNADO
MAX 32 OR BELOW:   0    0.01 INCH OR MORE:   8
MAX 90 OR ABOVE:  21    0.10 INCH OR MORE:   4
MIN 32 OR BELOW:   0    0.50 INCH OR MORE:   1
MIN  0 OR BELOW:   0    1.00 INCH OR MORE:   0

[HDD (BASE 65) ]
TOTAL THIS MO.     0    CLEAR  (SCALE 0-3)  28
DPTR FM NORMAL    -2    PTCLDY (SCALE 4-7)   2
TOTAL FM JUL 1     0    CLOUDY (SCALE 8-10)  1
DPTR FM NORMAL    -3

[CDD (BASE 65) ]
TOTAL THIS MO.   366
DPTR FM NORMAL     3    [PRESSURE DATA]
TOTAL FM JAN 1  1639    HIGHEST SLP 30.25 ON  5
DPTR FM NORMAL   503    LOWEST  SLP 29.65 ON 15

[REMARKS]
#FINAL-08-12#
