000
CXUS53 KGLD 021626
CF6HLC
PRELIMINARY LOCAL CLIMATOLOGICAL DATA (WS FORM: F-6)

                                          STATION:   HILL CITY KS
                                          MONTH:     MARCH
                                          YEAR:      2012
                                          LATITUDE:   39 22 N
                                          LONGITUDE:  99 50 W

  TEMPERATURE IN F:       :PCPN:    SNOW:  WIND      :SUNSHINE: SKY     :PK WND
================================================================================
1   2   3   4   5  6A  6B    7    8   9   10  11  12  13   14  15   16   17  18
                                     12Z  AVG MX 2MIN
DY MAX MIN AVG DEP HDD CDD  WTR  SNW DPTH SPD SPD DIR MIN PSBL S-S WX    SPD DR
================================================================================

 1  57  21  39   2  26   0 0.00    M    M 12.5 24 340   M    M   1        32 330
 2  51  25  38   1  27   0 0.00    M    M 11.7 26 350   M    M   2        36 330
 3  50  19  35  -3  30   0 0.00    M    M 11.2 29 330   M    M   3        38 310
 4  67  33  50  12  15   0 0.00    M    M 14.4 35 330   M    M   4        46 320
 5  76  25  51  13  14   0 0.00    M    M 13.0 29 190   M    M   1        38 190
 6  79  30  55  16  10   0 0.00    M    M 13.3 31 180   M    M   0        40 170
 7  64  33  49  10  16   0 0.00    M    M 14.1 30 190   M    M   4        40 190
 8  52  23  38  -1  27   0 0.00    M    M  7.8 24  20   M    M   0        33 360
 9  63  23  43   3  22   0 0.00    M    M  9.0 20 200   M    M   0        28 170
10  65  31  48   8  17   0 0.00    M    M 13.2 30 220   M    M   1        37 210
11  49  37  43   3  22   0 0.03    M    M  8.1 16 160   M    M   9 1      23 170
12  79  37  58  17   7   0 0.00    M    M 10.1 30 310   M    M   0        40 320
13  82  31  57  16   8   0 0.00    M    M  6.9 24 230   M    M   0 8      32 240
14  81  35  58  17   7   0 0.00    M    M  6.3 20 200   M    M   0        29 210
15  75  43  59  17   6   0 0.00    M    M  3.5 10  70   M    M   3 18     14  50
16  84  38  61  19   4   0 0.00    M    M 11.5 28 170   M    M   0 18     37 170
17  86  53  70  28   0   5 0.00    M    M 16.0 30 180   M    M   0        40 180
18  79  59  69  27   0   4 0.00    M    M 23.3 35 160   M    M   1 1      47 170
19  66  46  56  13   9   0 0.11    M    M 14.7 32 240   M    M   5        44 220
20  58  33  46   3  19   0    T    M    M  8.7 20  30   M    M   5 1      23  20
21  58  44  51   8  14   0 0.89    M    M 14.6 31  10   M    M  10 18     40  10
22  57  39  48   4  17   0 0.01    M    M  5.0 12  90   M    M   8 1      15  80
23  68  34  51   7  14   0 0.00    M    M  2.6 10 280   M    M   0        14 280
24  78  39  59  15   6   0 0.00    M    M  3.6 12 170   M    M   0        25 180
25  77  43  60  15   5   0 0.00    M    M  9.7 23 160   M    M   1 12     30 160
26  82  53  68  23   0   3 0.00    M    M 16.7 38 180   M    M   0 1      48 180
27  75  43  59  14   6   0 0.00    M    M  5.1 23 200   M    M   0 8      31 330
28  74  38  56  10   9   0 0.00    M    M  5.5 15 140   M    M   4 1      20 130
29  71  45  58  12   7   0 0.00    M    M  8.3 21 340   M    M   5 12     24 340
30  79  37  58  12   7   0 0.00    M    M  7.2 17 210   M    M   0        23 230
31  85  54  70  24   0   5 0.00    M    M 10.6 17 200   M    M   0 1      23 180
================================================================================
SM 2167 1144       371  17  1.04    M    318.2          M       67
================================================================================
AV 69.9 36.9                              10.3 FASTST   M    M   2    MAX(MPH)
                                 MISC ---->  # 38 180               # 48  180
================================================================================
NOTES:
# LAST OF SEVERAL OCCURRENCES

COLUMN 17 PEAK WIND IN M.P.H.

PRELIMINARY LOCAL CLIMATOLOGICAL DATA (WS FORM: F-6) , PAGE 2

                                          STATION:  HILL CITY KS
                                          MONTH:    MARCH
                                          YEAR:     2012
                                          LATITUDE:   39 22 N
                                          LONGITUDE:  99 50 W

[TEMPERATURE DATA]      [PRECIPITATION DATA]       SYMBOLS USED IN COLUMN 16

AVERAGE MONTHLY: 53.4   TOTAL FOR MONTH:   1.04    1 = FOG OR MIST
DPTR FM NORMAL:  11.6   DPTR FM NORMAL:   -0.59    2 = FOG REDUCING VISIBILITY
HIGHEST:    86 ON 17    GRTST 24HR  0.90 ON 21-22      TO 1/4 MILE OR LESS
LOWEST:     19 ON  3                               3 = THUNDER
                        SNOW, ICE PELLETS, HAIL    4 = ICE PELLETS
                        TOTAL MONTH:    M          5 = HAIL
                        GRTST 24HR    M  ON   M    6 = FREEZING RAIN OR DRIZZLE
                        GRTST DEPTH:  M  ON   M    7 = DUSTSTORM OR SANDSTORM:
                                                       VSBY 1/2 MILE OR LESS
                                                   8 = SMOKE OR HAZE
[NO. OF DAYS WITH]      [WEATHER - DAYS WITH]      9 = BLOWING SNOW
                                                   X = TORNADO
MAX 32 OR BELOW:   0    0.01 INCH OR MORE:   4
MAX 90 OR ABOVE:   0    0.10 INCH OR MORE:   2
MIN 32 OR BELOW:   9    0.50 INCH OR MORE:   1
MIN  0 OR BELOW:   0    1.00 INCH OR MORE:   0

[HDD (BASE 65) ]
TOTAL THIS MO.   371    CLEAR  (SCALE 0-3)  22
DPTR FM NORMAL  -348    PTCLDY (SCALE 4-7)   7
TOTAL FM JUL 1  4321    CLOUDY (SCALE 8-10)  2
DPTR FM NORMAL  -648

[CDD (BASE 65) ]
TOTAL THIS MO.    17
DPTR FM NORMAL    17    [PRESSURE DATA]
TOTAL FM JAN 1    17    HIGHEST SLP 30.59 ON  9
DPTR FM NORMAL    17    LOWEST  SLP 29.45 ON 19

[REMARKS]
#FINAL-03-12#
