000
CXUS53 KGLD 010800
CF6HLC
PRELIMINARY LOCAL CLIMATOLOGICAL DATA (WS FORM: F-6)

                                          STATION:   HILL CITY KS
                                          MONTH:     MAY
                                          YEAR:      2012
                                          LATITUDE:   39 22 N
                                          LONGITUDE:  99 50 W

  TEMPERATURE IN F:       :PCPN:    SNOW:  WIND      :SUNSHINE: SKY     :PK WND
================================================================================
1   2   3   4   5  6A  6B    7    8   9   10  11  12  13   14  15   16   17  18
                                     12Z  AVG MX 2MIN
DY MAX MIN AVG DEP HDD CDD  WTR  SNW DPTH SPD SPD DIR MIN PSBL S-S WX    SPD DR
================================================================================

 1  88  53  71  14   0   6 0.00    M    M  7.3 22 190   M    M   1 1      30 180
 2  86  56  71  13   0   6 0.00    M    M  6.8 22 150   M    M   1 13     33 160
 3  84  61  73  15   0   8 0.00    M    M  7.8 18 360   M    M   1 1      24 360
 4  93  59  76  18   0  11 0.00    M    M  5.9 18 160   M    M   3 128    23 150
 5  95  56  76  17   0  11 0.00    M    M  7.7 22 160   M    M   0        29 140
 6  74  52  63   4   2   0 0.00    M    M 16.1 30  20   M    M   9 18     44  20
 7  63  49  56  -3   9   0 0.00    M    M 11.4 26 340   M    M   5        36 330
 8  73  42  58  -2   7   0 0.00    M    M  7.6 16 330   M    M   2        28 350
 9  79  33  56  -4   9   0 0.00    M    M  4.4 12 160   M    M   0 8      17 150
10  89  49  69   9   0   4 0.00    M    M 11.2 22 170   M    M   0        29 170
11  70  46  58  -3   7   0 0.00    M    M 11.8 24  40   M    M   2        30  30
12  68  41  55  -6  10   0    T    M    M  9.1 18 350   M    M   6        23 360
13  75  49  62   0   3   0 0.00    M    M  2.9 12 190   M    M   6        15 210
14  83  44  64   2   1   0 0.00    M    M  3.2 15 330   M    M   1 18     20 320
15  91  41  66   4   0   1 0.00    M    M  6.2 16  30   M    M   0        21  50
16  91  42  67   4   0   2 0.00    M    M  8.0 18 160   M    M   0        25 150
17  92  58  75  12   0  10 0.00    M    M 17.0 30 190   M    M   0        40 190
18  93  63  78  15   0  13 0.00    M    M 17.2 28 170   M    M   0        39 160
19  82  53  68   4   0   3 0.00    M    M 16.8 37 330   M    M   1 8      54 310
20  78  47  63  -1   2   0 0.00    M    M  6.9 16  30   M    M   0        20 350
21  85  41  63  -1   2   0 0.00    M    M  8.5 22 170   M    M   0        31 160
22  93  63  78  13   0  13 0.00    M    M 16.8 28 180   M    M   0        38 160
23  91  63  77  12   0  12 0.00    M    M 15.0 30 350   M    M   0 38     43  20
24  81  54  68   3   0   3    T    M    M 12.3 35  40   M    M   4        45  40
25  76  55  66   0   0   1 0.00    M    M 13.5 24  90   M    M   9        32  90
26 102  71  87  21   0  22 0.00    M    M 21.3 33 230   M    M   1 8      48 190
27  97  67  82  16   0  17 0.00    M    M 18.1 33 180   M    M   1 3      46 200
28  85  49  67   0   0   2 0.00    M    M  6.9 21 360   M    M   0        29 350
29  83  44  64  -3   1   0 0.00    M    M  8.1 20  60   M    M   0        26  70
30  87  47  67   0   0   2 0.01    M    M  8.4 28  50   M    M   1 3      33  50
31  75  46  61  -7   4   0 0.00    M    M  8.9 21 350   M    M   3 1      29  20
================================================================================
SM 2602 1594        57 147  0.01    M    323.1          M       57
================================================================================
AV 83.9 51.4                              10.4 FASTST   M    M   2    MAX(MPH)
                                 MISC ---->  # 37 330               # 54  310
================================================================================
NOTES:
# LAST OF SEVERAL OCCURRENCES

COLUMN 17 PEAK WIND IN M.P.H.

PRELIMINARY LOCAL CLIMATOLOGICAL DATA (WS FORM: F-6) , PAGE 2

                                          STATION:  HILL CITY KS
                                          MONTH:    MAY
                                          YEAR:     2012
                                          LATITUDE:   39 22 N
                                          LONGITUDE:  99 50 W

[TEMPERATURE DATA]      [PRECIPITATION DATA]       SYMBOLS USED IN COLUMN 16

AVERAGE MONTHLY: 67.7   TOTAL FOR MONTH:   0.01    1 = FOG OR MIST
DPTR FM NORMAL:   5.2   DPTR FM NORMAL:   -3.77    2 = FOG REDUCING VISIBILITY
HIGHEST:   102 ON 26    GRTST 24HR  0.01 ON 30-30      TO 1/4 MILE OR LESS
LOWEST:     33 ON  9                               3 = THUNDER
                        SNOW, ICE PELLETS, HAIL    4 = ICE PELLETS
                        TOTAL MONTH:    M          5 = HAIL
                        GRTST 24HR    M  ON   M    6 = FREEZING RAIN OR DRIZZLE
                        GRTST DEPTH:  M  ON   M    7 = DUSTSTORM OR SANDSTORM:
                                                       VSBY 1/2 MILE OR LESS
                                                   8 = SMOKE OR HAZE
[NO. OF DAYS WITH]      [WEATHER - DAYS WITH]      9 = BLOWING SNOW
                                                   X = TORNADO
MAX 32 OR BELOW:   0    0.01 INCH OR MORE:   1
MAX 90 OR ABOVE:  10    0.10 INCH OR MORE:   0
MIN 32 OR BELOW:   0    0.50 INCH OR MORE:   0
MIN  0 OR BELOW:   0    1.00 INCH OR MORE:   0

[HDD (BASE 65) ]
TOTAL THIS MO.    57    CLEAR  (SCALE 0-3)  24
DPTR FM NORMAL   -90    PTCLDY (SCALE 4-7)   5
TOTAL FM JUL 1  4656    CLOUDY (SCALE 8-10)  2
DPTR FM NORMAL  -868

[CDD (BASE 65) ]
TOTAL THIS MO.   147
DPTR FM NORMAL    76    [PRESSURE DATA]
TOTAL FM JAN 1   188    HIGHEST SLP M ON M
DPTR FM NORMAL   110    LOWEST  SLP 29.29 ON 23

[REMARKS]
#FINAL-05-12#
