000
CXUS53 KGLD 010800
CF6HLC
PRELIMINARY LOCAL CLIMATOLOGICAL DATA (WS FORM: F-6)

                                          STATION:   HILL CITY KS
                                          MONTH:     APRIL
                                          YEAR:      2012
                                          LATITUDE:   39 22 N
                                          LONGITUDE:  99 50 W

  TEMPERATURE IN F:       :PCPN:    SNOW:  WIND      :SUNSHINE: SKY     :PK WND
================================================================================
1   2   3   4   5  6A  6B    7    8   9   10  11  12  13   14  15   16   17  18
                                     12Z  AVG MX 2MIN
DY MAX MIN AVG DEP HDD CDD  WTR  SNW DPTH SPD SPD DIR MIN PSBL S-S WX    SPD DR
================================================================================

 1  92  55  74  27   0   9 0.00    M    M 11.1 24 170   M    M   1 1      45 180
 2  74  46  60  13   5   0 0.09    M    M 18.0 46 360   M    M   1 13     56 350
 3  51  45  48   1  17   0 0.56    M    M 14.2 24  20   M    M  10 13     32  30
 4  49  47  48   0  17   0 0.41    M    M 10.3 18 360   M    M  10 1      22 350
 5  63  48  56   8   9   0 0.00    M    M  8.7 14 150   M    M   8        20 100
 6  58  50  54   6  11   0 0.00    M    M 13.2 22 160   M    M  10 1      29 180
 7  63  32  48  -1  17   0 0.01    M    M 13.0 29 360   M    M   1 1      37 350
 8  69  29  49   0  16   0 0.00    M    M  8.3 22 220   M    M   0        26 210
 9  69  34  52   3  13   0 0.00    M    M  5.8 15 110   M    M   4        33 270
10  65  34  50   0  15   0 0.00    M    M  8.7 15  90   M    M   4         M  M
11  57  47  52   2  13   0 0.00    M    M 12.3 22 130   M    M  10        33 190
12  65  47  56   6   9   0 0.10    M    M 14.8 28 160   M    M  10 1      41 160
13  72  42  57   6   8   0 0.00    M    M  9.7 26 280   M    M   0        40 270
14  77  41  59   8   6   0 0.19    M    M 12.3 28 170   M    M   5 13     38 200
15  60  44  52   1  13   0    T    M    M 17.8 36 330   M    M   4 1      48 320
16  60  37  49  -3  16   0 0.02    M    M  6.0 18 330   M    M   3        26 330
17  74  41  58   6   7   0 0.00    M    M 11.2 22 180   M    M   0        32 200
18  74  41  58   6   7   0 0.00    M    M  5.7 14  40   M    M   0 1      30  40
19  70  43  57   4   8   0 0.00    M    M 11.8 25 350   M    M   2 1      30 330
20  65  41  53   0  12   0    T    M    M  6.2 17 340   M    M   6        25 320
21  77  42  60   6   5   0 0.00    M    M 10.8 24 330   M    M   0        33  10
22  66  35  51  -3  14   0 0.00    M    M  9.2 20  20   M    M   4        25 360
23  77  31  54   0  11   0 0.00    M    M  6.9 17 180   M    M   0        26 180
24  96  51  74  19   0   9 0.00    M    M  9.1 18 250   M    M   0        26 220
25  88  54  71  16   0   6 0.00    M    M  8.9 18 350   M    M   0        25 230
26  71  53  62   7   3   0 0.06    M    M  6.1 23  90   M    M   4        35  90
27  72  50  61   5   4   0 0.71    M    M 11.3 24 290   M    M   6 13     36 280
28  67  45  56   0   9   0    T    M    M  5.4 16 340   M    M   4        21 330
29  67  45  56   0   9   0 0.00    M    M  6.9 14  80   M    M   5 1      21  60
30  72  50  61   4   4   0 0.00    M    M  6.6 16 180   M    M   7 1      22  M
================================================================================
SM 2080 1300       278  24  2.15    M    300.3          M      119
================================================================================
AV 69.3 43.3                              10.0 FASTST   M    M   4    MAX(MPH)
                                 MISC ---->  # 46 360               # 56  350
================================================================================
NOTES:
# LAST OF SEVERAL OCCURRENCES

COLUMN 17 PEAK WIND IN M.P.H.

PRELIMINARY LOCAL CLIMATOLOGICAL DATA (WS FORM: F-6) , PAGE 2

                                          STATION:  HILL CITY KS
                                          MONTH:    APRIL
                                          YEAR:     2012
                                          LATITUDE:   39 22 N
                                          LONGITUDE:  99 50 W

[TEMPERATURE DATA]      [PRECIPITATION DATA]       SYMBOLS USED IN COLUMN 16

AVERAGE MONTHLY: 56.3   TOTAL FOR MONTH:   2.15    1 = FOG OR MIST
DPTR FM NORMAL:   4.7   DPTR FM NORMAL:    0.03    2 = FOG REDUCING VISIBILITY
HIGHEST:    96 ON 24    GRTST 24HR  0.75 ON 26-27      TO 1/4 MILE OR LESS
LOWEST:     29 ON  8                               3 = THUNDER
                        SNOW, ICE PELLETS, HAIL    4 = ICE PELLETS
                        TOTAL MONTH:    M          5 = HAIL
                        GRTST 24HR    M  ON   M    6 = FREEZING RAIN OR DRIZZLE
                        GRTST DEPTH:  M  ON   M    7 = DUSTSTORM OR SANDSTORM:
                                                       VSBY 1/2 MILE OR LESS
                                                   8 = SMOKE OR HAZE
[NO. OF DAYS WITH]      [WEATHER - DAYS WITH]      9 = BLOWING SNOW
                                                   X = TORNADO
MAX 32 OR BELOW:   0    0.01 INCH OR MORE:   9
MAX 90 OR ABOVE:   2    0.10 INCH OR MORE:   5
MIN 32 OR BELOW:   3    0.50 INCH OR MORE:   2
MIN  0 OR BELOW:   0    1.00 INCH OR MORE:   0

[HDD (BASE 65) ]
TOTAL THIS MO.   278    CLEAR  (SCALE 0-3)  12
DPTR FM NORMAL  -130    PTCLDY (SCALE 4-7)  13
TOTAL FM JUL 1  4599    CLOUDY (SCALE 8-10)  5
DPTR FM NORMAL  -778

[CDD (BASE 65) ]
TOTAL THIS MO.    24
DPTR FM NORMAL    17    [PRESSURE DATA]
TOTAL FM JAN 1    41    HIGHEST SLP M ON M
DPTR FM NORMAL    34    LOWEST  SLP 29.20 ON  1

[REMARKS]
#FINAL-04-12#
