000
CXUS53 KGLD 310800
CF6HLC
PRELIMINARY LOCAL CLIMATOLOGICAL DATA (WS FORM: F-6)

                                          STATION:   HILL CITY KS
                                          MONTH:     DECEMBER
                                          YEAR:      2011
                                          LATITUDE:   39 22 N
                                          LONGITUDE:  99 50 W

  TEMPERATURE IN F:       :PCPN:    SNOW:  WIND      :SUNSHINE: SKY     :PK WND
================================================================================
1   2   3   4   5  6A  6B    7    8   9   10  11  12  13   14  15   16   17  18
                                     12Z  AVG MX 2MIN
DY MAX MIN AVG DEP HDD CDD  WTR  SNW DPTH SPD SPD DIR MIN PSBL S-S WX    SPD DR
================================================================================

 1  37  17  27  -7  38   0 0.00    M    M 17.6 36  20   M    M   5        46  30
 2  37  11  24  -9  41   0 0.00    M    M  8.3 22 180   M    M   1 1      29 170
 3  32  18  25  -8  40   0 0.22    M    M 12.7 30 360   M    M   9 126    36 360
 4  31   9  20 -13  45   0 0.00    M    M  7.4 21 350   M    M   2        26 350
 5  21   8  15 -17  50   0    T    M    M 12.6 26 340   M    M   5 8      32 350
 6  20  -5   8 -24  57   0 0.00    M    M  6.3 14 230   M    M   1        17 230
 7  39   8  24  -8  41   0 0.00    M    M  8.0 16 330   M    M   0        21 310
 8  34  13  24  -7  41   0 0.00    M    M  5.7 14  20   M    M   5 1      16  20
 9  36  14  25  -6  40   0 0.00    M    M  4.1 13 280   M    M   5 12     15 290
10  39  13  26  -5  39   0 0.00    M    M  6.5 13 200   M    M   0 12     17 200
11  41  25  33   2  32   0 0.00    M    M 10.7 20 190   M    M   7 18     28 190
12  38  32  35   5  30   0 0.00    M    M  5.1 12 190   M    M  10 1      16 190
13  43  33  38   8  27   0 0.27    M    M  7.8 18 140   M    M  10 12     23 140
14  50  34  42  12  23   0    T    M    0  7.8 20 320   M    M   5 12     23 310
15  43  22  33   3  32   0 0.00    M    M  4.4 15 360   M    M   0        18  10
16  46  21  34   4  31   0 0.00    M    M  6.1 20 230   M    M   0        26 230
17  54  25  40  10  25   0 0.00    M    M  5.8 13 270   M    M   0        16 270
18  54  24  39  10  26   0 0.00    M    M  3.9 14 210   M    M   0        17 210
19  36  25  31   2  34   0    T    M    M 16.1 32  30   M    M   7        39  30
20  39  21  30   1  35   0    T    M    M 11.4 29  10   M    M   7 1      37  10
21  50  20  35   6  30   0 0.00    M    M  7.7 18  20   M    M   2        23  20
22  35  16  26  -3  39   0    T    M    M 14.3 30  30   M    M   7 1      36  30
23  42  11  27  -2  38   0 0.00    M    M  6.9 15 270   M    M   0        18 270
24  50  22  36   7  29   0 0.00    M    M  7.3 14 330   M    M   0        16 320
25  51  21  36   7  29   0 0.00    M    M  5.4 13 330   M    M   0        16 320
26  48  21  35   6  30   0 0.00    M    M  9.6 20 230   M    M   0        25 250
27  50  24  37   8  28   0 0.00    M    M  8.0 20 350   M    M   0        23 350
28  56  25  41  12  24   0 0.00    M    M  8.1 14 260   M    M   0        20 260
29  61  33  47  18  18   0 0.00    M    M 11.5 36 320   M    M   1        48 310
30  57  31  44  15  21   0 0.00    M    M  9.2 25 310   M    M   0        37 310
================================================================================
SM 1270  592      1013   0  0.49    M    256.3          M       89
================================================================================
AV 42.3 19.7                               8.5 FASTST   M    M   3    MAX(MPH)
                                 MISC ---->  # 36  20               # 48  310
================================================================================
NOTES:
# LAST OF SEVERAL OCCURRENCES

COLUMN 17 PEAK WIND IN M.P.H.

PRELIMINARY LOCAL CLIMATOLOGICAL DATA (WS FORM: F-6) , PAGE 2

                                          STATION:  HILL CITY KS
                                          MONTH:    DECEMBER
                                          YEAR:     2011
                                          LATITUDE:   39 22 N
                                          LONGITUDE:  99 50 W

[TEMPERATURE DATA]      [PRECIPITATION DATA]       SYMBOLS USED IN COLUMN 16

AVERAGE MONTHLY: 31.0   TOTAL FOR MONTH:   0.49    1 = FOG OR MIST
DPTR FM NORMAL:   0.7   DPTR FM NORMAL:   -0.18    2 = FOG REDUCING VISIBILITY
HIGHEST:    61 ON 29    GRTST 24HR  0.27 ON 13-13      TO 1/4 MILE OR LESS
LOWEST:     -5 ON  6                               3 = THUNDER
                        SNOW, ICE PELLETS, HAIL    4 = ICE PELLETS
                        TOTAL MONTH:    M          5 = HAIL
                        GRTST 24HR    M  ON   M    6 = FREEZING RAIN OR DRIZZLE
                        GRTST DEPTH:   0           7 = DUSTSTORM OR SANDSTORM:
                                                       VSBY 1/2 MILE OR LESS
                                                   8 = SMOKE OR HAZE
[NO. OF DAYS WITH]      [WEATHER - DAYS WITH]      9 = BLOWING SNOW
                                                   X = TORNADO
MAX 32 OR BELOW:   4    0.01 INCH OR MORE:   2
MAX 90 OR ABOVE:   0    0.10 INCH OR MORE:   2
MIN 32 OR BELOW:  27    0.50 INCH OR MORE:   0
MIN  0 OR BELOW:   1    1.00 INCH OR MORE:   0

[HDD (BASE 65) ]
TOTAL THIS MO.  1013    CLEAR  (SCALE 0-3)  18
DPTR FM NORMAL   -27    PTCLDY (SCALE 4-7)   9
TOTAL FM JUL 1  2109    CLOUDY (SCALE 8-10)  3
DPTR FM NORMAL   -98

[CDD (BASE 65) ]
TOTAL THIS MO.     0
DPTR FM NORMAL     0    [PRESSURE DATA]
TOTAL FM JAN 1  1621    HIGHEST SLP M ON M
DPTR FM NORMAL   321    LOWEST  SLP 29.57 ON 29

[REMARKS]
